{"id":437,"date":"2021-12-24T15:01:43","date_gmt":"2021-12-24T18:01:43","guid":{"rendered":"https:\/\/www.pmpf.rs.gov.br\/turismo\/?page_id=437"},"modified":"2021-12-24T15:01:43","modified_gmt":"2021-12-24T18:01:43","slug":"capela-de-sao-miguel","status":"publish","type":"page","link":"https:\/\/www.pmpf.rs.gov.br\/turismo\/capela-de-sao-miguel\/","title":{"rendered":"Capela de S\u00e3o Miguel"},"content":{"rendered":"\n<h2 class=\"wp-block-heading\">Patrim\u00f4nio Hist\u00f3rico do Munic\u00edpio<\/h2>\n\n\n\n<p>Hist\u00f3rica capela, patrim\u00f4nio tombado pelo munic\u00edpio de Passo Fundo, \u00e9 considerada uma das igrejas mais antigas do Estado. A Capela S\u00e3o Miguel Arcanjo foi constru\u00edda em 1835, para abrigar uma imagem esculpida em madeira pelos \u00edndios da regi\u00e3o de Santo \u00c2ngelo e trazida por dois irm\u00e3os que voltavam da guerra do Paraguai.<\/p>\n\n\n\n<p>A Capela tornou-se s\u00edmbolo da liberta\u00e7\u00e3o dos escravos e as romarias iniciaram h\u00e1 mais de 140 anos, reunindo pessoas que apoiavam o fim da escravatura. Ainda hoje, a romaria que acontece tradicionalmente no fim de setembro, parte da Igreja S\u00e3o Vicente de Paulo, no Bairro Boqueir\u00e3o, e ap\u00f3s cerca de 5km chegam a Capela de S\u00e3o Miguel onde h\u00e1 uma grande celebra\u00e7\u00e3o de f\u00e9.<\/p>\n\n\n\n<p><strong>Fone:<\/strong>&nbsp;(54) 3045-1654 e 3045-1754<\/p>\n\n\n\n<p><strong>Local Pr\u00f3ximo:<\/strong>&nbsp;Reserva Maragato<\/p>\n","protected":false},"excerpt":{"rendered":"<p>Patrim\u00f4nio Hist\u00f3rico do Munic\u00edpio Hist\u00f3rica capela, patrim\u00f4nio tombado pelo munic\u00edpio de Passo Fundo, \u00e9 considerada uma das igrejas mais antigas do Estado. A Capela S\u00e3o Miguel Arcanjo foi constru\u00edda em 1835, para [&hellip;]<\/p>\n","protected":false},"author":1,"featured_media":0,"parent":0,"menu_order":0,"comment_status":"closed","ping_status":"closed","template":"","meta":{"footnotes":""},"class_list":["post-437","page","type-page","status-publish","hentry"],"yoast_head":"<!-- This site is optimized with the Yoast SEO plugin v23.8 - https:\/\/yoast.com\/wordpress\/plugins\/seo\/ -->\n<title>Capela de S\u00e3o Miguel - Turismo<\/title>\n<meta name=\"robots\" content=\"index, follow, max-snippet:-1, max-image-preview:large, max-video-preview:-1\" \/>\n<link rel=\"canonical\" href=\"https:\/\/www.pmpf.rs.gov.br\/turismo\/capela-de-sao-miguel\/\" \/>\n<meta property=\"og:locale\" content=\"pt_BR\" \/>\n<meta property=\"og:type\" content=\"article\" \/>\n<meta property=\"og:title\" content=\"Capela de S\u00e3o Miguel - Turismo\" \/>\n<meta property=\"og:description\" content=\"Patrim\u00f4nio Hist\u00f3rico do Munic\u00edpio Hist\u00f3rica capela, patrim\u00f4nio tombado pelo munic\u00edpio de Passo Fundo, \u00e9 considerada uma das igrejas mais antigas do Estado. A Capela S\u00e3o Miguel Arcanjo foi constru\u00edda em 1835, para [&hellip;]\" \/>\n<meta property=\"og:url\" content=\"https:\/\/www.pmpf.rs.gov.br\/turismo\/capela-de-sao-miguel\/\" \/>\n<meta property=\"og:site_name\" content=\"Turismo\" \/>\n<meta name=\"twitter:card\" content=\"summary_large_image\" \/>\n<meta name=\"twitter:label1\" content=\"Est. tempo de leitura\" \/>\n\t<meta name=\"twitter:data1\" content=\"1 minuto\" \/>\n<script type=\"application\/ld+json\" class=\"yoast-schema-graph\">{\"@context\":\"https:\/\/schema.org\",\"@graph\":[{\"@type\":\"WebPage\",\"@id\":\"https:\/\/www.pmpf.rs.gov.br\/turismo\/capela-de-sao-miguel\/\",\"url\":\"https:\/\/www.pmpf.rs.gov.br\/turismo\/capela-de-sao-miguel\/\",\"name\":\"Capela de S\u00e3o Miguel - Turismo\",\"isPartOf\":{\"@id\":\"https:\/\/www.pmpf.rs.gov.br\/turismo\/#website\"},\"datePublished\":\"2021-12-24T18:01:43+00:00\",\"dateModified\":\"2021-12-24T18:01:43+00:00\",\"breadcrumb\":{\"@id\":\"https:\/\/www.pmpf.rs.gov.br\/turismo\/capela-de-sao-miguel\/#breadcrumb\"},\"inLanguage\":\"pt-BR\",\"potentialAction\":[{\"@type\":\"ReadAction\",\"target\":[\"https:\/\/www.pmpf.rs.gov.br\/turismo\/capela-de-sao-miguel\/\"]}]},{\"@type\":\"BreadcrumbList\",\"@id\":\"https:\/\/www.pmpf.rs.gov.br\/turismo\/capela-de-sao-miguel\/#breadcrumb\",\"itemListElement\":[{\"@type\":\"ListItem\",\"position\":1,\"name\":\"In\u00edcio\",\"item\":\"https:\/\/www.pmpf.rs.gov.br\/turismo\/\"},{\"@type\":\"ListItem\",\"position\":2,\"name\":\"Capela de S\u00e3o Miguel\"}]},{\"@type\":\"WebSite\",\"@id\":\"https:\/\/www.pmpf.rs.gov.br\/turismo\/#website\",\"url\":\"https:\/\/www.pmpf.rs.gov.br\/turismo\/\",\"name\":\"Turismo\",\"description\":\"Descubra Passo Fundo\",\"potentialAction\":[{\"@type\":\"SearchAction\",\"target\":{\"@type\":\"EntryPoint\",\"urlTemplate\":\"https:\/\/www.pmpf.rs.gov.br\/turismo\/?s={search_term_string}\"},\"query-input\":{\"@type\":\"PropertyValueSpecification\",\"valueRequired\":true,\"valueName\":\"search_term_string\"}}],\"inLanguage\":\"pt-BR\"}]}<\/script>\n<!-- \/ Yoast SEO plugin. -->","yoast_head_json":{"title":"Capela de S\u00e3o Miguel - Turismo","robots":{"index":"index","follow":"follow","max-snippet":"max-snippet:-1","max-image-preview":"max-image-preview:large","max-video-preview":"max-video-preview:-1"},"canonical":"https:\/\/www.pmpf.rs.gov.br\/turismo\/capela-de-sao-miguel\/","og_locale":"pt_BR","og_type":"article","og_title":"Capela de S\u00e3o Miguel - Turismo","og_description":"Patrim\u00f4nio Hist\u00f3rico do Munic\u00edpio Hist\u00f3rica capela, patrim\u00f4nio tombado pelo munic\u00edpio de Passo Fundo, \u00e9 considerada uma das igrejas mais antigas do Estado. A Capela S\u00e3o Miguel Arcanjo foi constru\u00edda em 1835, para [&hellip;]","og_url":"https:\/\/www.pmpf.rs.gov.br\/turismo\/capela-de-sao-miguel\/","og_site_name":"Turismo","twitter_card":"summary_large_image","twitter_misc":{"Est. tempo de leitura":"1 minuto"},"schema":{"@context":"https:\/\/schema.org","@graph":[{"@type":"WebPage","@id":"https:\/\/www.pmpf.rs.gov.br\/turismo\/capela-de-sao-miguel\/","url":"https:\/\/www.pmpf.rs.gov.br\/turismo\/capela-de-sao-miguel\/","name":"Capela de S\u00e3o Miguel - Turismo","isPartOf":{"@id":"https:\/\/www.pmpf.rs.gov.br\/turismo\/#website"},"datePublished":"2021-12-24T18:01:43+00:00","dateModified":"2021-12-24T18:01:43+00:00","breadcrumb":{"@id":"https:\/\/www.pmpf.rs.gov.br\/turismo\/capela-de-sao-miguel\/#breadcrumb"},"inLanguage":"pt-BR","potentialAction":[{"@type":"ReadAction","target":["https:\/\/www.pmpf.rs.gov.br\/turismo\/capela-de-sao-miguel\/"]}]},{"@type":"BreadcrumbList","@id":"https:\/\/www.pmpf.rs.gov.br\/turismo\/capela-de-sao-miguel\/#breadcrumb","itemListElement":[{"@type":"ListItem","position":1,"name":"In\u00edcio","item":"https:\/\/www.pmpf.rs.gov.br\/turismo\/"},{"@type":"ListItem","position":2,"name":"Capela de S\u00e3o Miguel"}]},{"@type":"WebSite","@id":"https:\/\/www.pmpf.rs.gov.br\/turismo\/#website","url":"https:\/\/www.pmpf.rs.gov.br\/turismo\/","name":"Turismo","description":"Descubra Passo Fundo","potentialAction":[{"@type":"SearchAction","target":{"@type":"EntryPoint","urlTemplate":"https:\/\/www.pmpf.rs.gov.br\/turismo\/?s={search_term_string}"},"query-input":{"@type":"PropertyValueSpecification","valueRequired":true,"valueName":"search_term_string"}}],"inLanguage":"pt-BR"}]}},"_links":{"self":[{"href":"https:\/\/www.pmpf.rs.gov.br\/turismo\/wp-json\/wp\/v2\/pages\/437"}],"collection":[{"href":"https:\/\/www.pmpf.rs.gov.br\/turismo\/wp-json\/wp\/v2\/pages"}],"about":[{"href":"https:\/\/www.pmpf.rs.gov.br\/turismo\/wp-json\/wp\/v2\/types\/page"}],"author":[{"embeddable":true,"href":"https:\/\/www.pmpf.rs.gov.br\/turismo\/wp-json\/wp\/v2\/users\/1"}],"replies":[{"embeddable":true,"href":"https:\/\/www.pmpf.rs.gov.br\/turismo\/wp-json\/wp\/v2\/comments?post=437"}],"version-history":[{"count":1,"href":"https:\/\/www.pmpf.rs.gov.br\/turismo\/wp-json\/wp\/v2\/pages\/437\/revisions"}],"predecessor-version":[{"id":438,"href":"https:\/\/www.pmpf.rs.gov.br\/turismo\/wp-json\/wp\/v2\/pages\/437\/revisions\/438"}],"wp:attachment":[{"href":"https:\/\/www.pmpf.rs.gov.br\/turismo\/wp-json\/wp\/v2\/media?parent=437"}],"curies":[{"name":"wp","href":"https:\/\/api.w.org\/{rel}","templated":true}]}}