{"id":326,"date":"2021-12-22T14:59:39","date_gmt":"2021-12-22T17:59:39","guid":{"rendered":"https:\/\/www.pmpf.rs.gov.br\/turismo\/?page_id=326"},"modified":"2021-12-22T14:59:39","modified_gmt":"2021-12-22T17:59:39","slug":"religiosos","status":"publish","type":"page","link":"https:\/\/www.pmpf.rs.gov.br\/turismo\/religiosos\/","title":{"rendered":"Religiosos"},"content":{"rendered":"\n<h2 class=\"wp-block-heading\"><em>Confira os principais encontros movidos pela f\u00e9<\/em><\/h2>\n\n\n\n<p><strong><em>Maria Elizabeth<\/em><\/strong><br>Centenas de devotos de diversas regi\u00f5es do Estado, e at\u00e9 mesmo do Uruguai, visitam diariamente o t\u00famulo de&nbsp; Maria Elizabeth de Oliveira, considerada santa pela cren\u00e7a popular. A visita ocorre no no cemit\u00e9rio Municipal&nbsp; da vila Vera Cruz, onde o corpo da menina est\u00e1 sepultado.<\/p>\n\n\n\n<p>Visitantes agradecem pelas gra\u00e7as alcan\u00e7adas e depositam rosas vermelhas, as preferidas de Maria Elizabeth. A menina, que se tornaria conhecida por atender pedidos de seus fi\u00e9is, morreu atropelada em 1965, aos 14 anos. Antes da trag\u00e9dia, ela j\u00e1 havia comentado sobre a pr\u00f3pria morte, inclusive, escolhido a roupa que vestiria no dia do enterro, e o caix\u00e3o onde seria sepultada. Disse aos pais, j\u00e1 falecidos, que passaria a festa de 15 anos no c\u00e9u, e que seria uma rainha.<\/p>\n\n\n\n<p>As gra\u00e7as atribu\u00eddas \u00e0 Maria Elizabeth ganharam fama e atravessaram fronteiras. Um estudo realizado por uma aluna da Universidade de Passo Fundo, comprovou que a capela recebe mensalmente cerca de sete mil visitantes.<\/p>\n\n\n\n<p><em><strong>Romaria de Nossa Senhora Aparecida<\/strong><\/em><br>Festejar e celebrar a padroeira do Brasil \u00e9 tradi\u00e7\u00e3o em Passo Fundo . Desde 1980 os fi\u00e9is participam da romaria em homenagem a Nossa Senhora Aparecida, a celebra\u00e7\u00e3o, que come\u00e7ou com uma pequena prociss\u00e3o, hoje \u00e9 considerada uma das maiores festas religiosas do Rio Grande do Sul.<\/p>\n\n\n\n<p>Anualmente a Romaria de Nossa Senhora Aparecida re\u00fane milhares de pessoas. De acordo com a Diocese de Passo Fundo, cerca de 130 mil romeiros participaram anualmente do encontro,que acontece sempre ao segundo domingo de outubro. Devido ao Santu\u00e1rio ser um marco de ora\u00e7\u00e3o, e por receber peregrinos de todo pa\u00eds.&nbsp;<\/p>\n\n\n\n<p><strong><em>Marcha para Jesus<\/em><\/strong><br>Os evang\u00e9licos de Passo Fundo realizam no m\u00eas de de julho a Marcha para Jesus. Milhares de evang\u00e9licos percorrem as ruas de Passo Fundo mostrando o seu amor a Jesus. O grande momento de encontro e alegria que culmina em festa no parque da Gare.&nbsp;<\/p>\n\n\n\n<p><strong><em><br>Festa do S\u00e3o Cristov\u00e3o<\/em><\/strong><br>A Festa de S\u00e3o Crist\u00f3v\u00e3o em Passo Fundo re\u00fane milhares de motoristas que seguem em prociss\u00e3o at\u00e9 a Igreja Matriz S\u00e3o Crist\u00f3v\u00e3o, pedindo a prote\u00e7\u00e3o do Padroeiro. A prociss\u00e3o motorizada come\u00e7a \u00e0s 7h do bairro Boqueir\u00e3o, seguindo pelas Avenidas Brasil, Sete de Setembro e Presidente Vargas at\u00e9 a chegada \u00e0 Matriz S\u00e3o Crist\u00f3v\u00e3o, onde \u00e9 dada a b\u00ean\u00e7\u00e3o aos ve\u00edculos. Muitos caminhoneiros chegam a cidade no dia anterior para participar\u00a0da prociss\u00e3o.<\/p>\n","protected":false},"excerpt":{"rendered":"<p>Confira os principais encontros movidos pela f\u00e9 Maria ElizabethCentenas de devotos de diversas regi\u00f5es do Estado, e at\u00e9 mesmo do Uruguai, visitam diariamente o t\u00famulo de&nbsp; Maria Elizabeth de Oliveira, considerada santa [&hellip;]<\/p>\n","protected":false},"author":1,"featured_media":0,"parent":0,"menu_order":0,"comment_status":"closed","ping_status":"closed","template":"","meta":{"footnotes":""},"class_list":["post-326","page","type-page","status-publish","hentry"],"yoast_head":"<!-- This site is optimized with the Yoast SEO plugin v23.8 - https:\/\/yoast.com\/wordpress\/plugins\/seo\/ -->\n<title>Religiosos - Turismo<\/title>\n<meta name=\"robots\" content=\"index, follow, max-snippet:-1, max-image-preview:large, max-video-preview:-1\" \/>\n<link rel=\"canonical\" href=\"https:\/\/www.pmpf.rs.gov.br\/turismo\/religiosos\/\" \/>\n<meta property=\"og:locale\" content=\"pt_BR\" \/>\n<meta property=\"og:type\" content=\"article\" \/>\n<meta property=\"og:title\" content=\"Religiosos - Turismo\" \/>\n<meta property=\"og:description\" content=\"Confira os principais encontros movidos pela f\u00e9 Maria ElizabethCentenas de devotos de diversas regi\u00f5es do Estado, e at\u00e9 mesmo do Uruguai, visitam diariamente o t\u00famulo de&nbsp; Maria Elizabeth de Oliveira, considerada santa [&hellip;]\" \/>\n<meta property=\"og:url\" content=\"https:\/\/www.pmpf.rs.gov.br\/turismo\/religiosos\/\" \/>\n<meta property=\"og:site_name\" content=\"Turismo\" \/>\n<meta name=\"twitter:card\" content=\"summary_large_image\" \/>\n<meta name=\"twitter:label1\" content=\"Est. tempo de leitura\" \/>\n\t<meta name=\"twitter:data1\" content=\"3 minutos\" \/>\n<script type=\"application\/ld+json\" class=\"yoast-schema-graph\">{\"@context\":\"https:\/\/schema.org\",\"@graph\":[{\"@type\":\"WebPage\",\"@id\":\"https:\/\/www.pmpf.rs.gov.br\/turismo\/religiosos\/\",\"url\":\"https:\/\/www.pmpf.rs.gov.br\/turismo\/religiosos\/\",\"name\":\"Religiosos - Turismo\",\"isPartOf\":{\"@id\":\"https:\/\/www.pmpf.rs.gov.br\/turismo\/#website\"},\"datePublished\":\"2021-12-22T17:59:39+00:00\",\"dateModified\":\"2021-12-22T17:59:39+00:00\",\"breadcrumb\":{\"@id\":\"https:\/\/www.pmpf.rs.gov.br\/turismo\/religiosos\/#breadcrumb\"},\"inLanguage\":\"pt-BR\",\"potentialAction\":[{\"@type\":\"ReadAction\",\"target\":[\"https:\/\/www.pmpf.rs.gov.br\/turismo\/religiosos\/\"]}]},{\"@type\":\"BreadcrumbList\",\"@id\":\"https:\/\/www.pmpf.rs.gov.br\/turismo\/religiosos\/#breadcrumb\",\"itemListElement\":[{\"@type\":\"ListItem\",\"position\":1,\"name\":\"In\u00edcio\",\"item\":\"https:\/\/www.pmpf.rs.gov.br\/turismo\/\"},{\"@type\":\"ListItem\",\"position\":2,\"name\":\"Religiosos\"}]},{\"@type\":\"WebSite\",\"@id\":\"https:\/\/www.pmpf.rs.gov.br\/turismo\/#website\",\"url\":\"https:\/\/www.pmpf.rs.gov.br\/turismo\/\",\"name\":\"Turismo\",\"description\":\"Descubra Passo Fundo\",\"potentialAction\":[{\"@type\":\"SearchAction\",\"target\":{\"@type\":\"EntryPoint\",\"urlTemplate\":\"https:\/\/www.pmpf.rs.gov.br\/turismo\/?s={search_term_string}\"},\"query-input\":{\"@type\":\"PropertyValueSpecification\",\"valueRequired\":true,\"valueName\":\"search_term_string\"}}],\"inLanguage\":\"pt-BR\"}]}<\/script>\n<!-- \/ Yoast SEO plugin. -->","yoast_head_json":{"title":"Religiosos - Turismo","robots":{"index":"index","follow":"follow","max-snippet":"max-snippet:-1","max-image-preview":"max-image-preview:large","max-video-preview":"max-video-preview:-1"},"canonical":"https:\/\/www.pmpf.rs.gov.br\/turismo\/religiosos\/","og_locale":"pt_BR","og_type":"article","og_title":"Religiosos - Turismo","og_description":"Confira os principais encontros movidos pela f\u00e9 Maria ElizabethCentenas de devotos de diversas regi\u00f5es do Estado, e at\u00e9 mesmo do Uruguai, visitam diariamente o t\u00famulo de&nbsp; Maria Elizabeth de Oliveira, considerada santa [&hellip;]","og_url":"https:\/\/www.pmpf.rs.gov.br\/turismo\/religiosos\/","og_site_name":"Turismo","twitter_card":"summary_large_image","twitter_misc":{"Est. tempo de leitura":"3 minutos"},"schema":{"@context":"https:\/\/schema.org","@graph":[{"@type":"WebPage","@id":"https:\/\/www.pmpf.rs.gov.br\/turismo\/religiosos\/","url":"https:\/\/www.pmpf.rs.gov.br\/turismo\/religiosos\/","name":"Religiosos - Turismo","isPartOf":{"@id":"https:\/\/www.pmpf.rs.gov.br\/turismo\/#website"},"datePublished":"2021-12-22T17:59:39+00:00","dateModified":"2021-12-22T17:59:39+00:00","breadcrumb":{"@id":"https:\/\/www.pmpf.rs.gov.br\/turismo\/religiosos\/#breadcrumb"},"inLanguage":"pt-BR","potentialAction":[{"@type":"ReadAction","target":["https:\/\/www.pmpf.rs.gov.br\/turismo\/religiosos\/"]}]},{"@type":"BreadcrumbList","@id":"https:\/\/www.pmpf.rs.gov.br\/turismo\/religiosos\/#breadcrumb","itemListElement":[{"@type":"ListItem","position":1,"name":"In\u00edcio","item":"https:\/\/www.pmpf.rs.gov.br\/turismo\/"},{"@type":"ListItem","position":2,"name":"Religiosos"}]},{"@type":"WebSite","@id":"https:\/\/www.pmpf.rs.gov.br\/turismo\/#website","url":"https:\/\/www.pmpf.rs.gov.br\/turismo\/","name":"Turismo","description":"Descubra Passo Fundo","potentialAction":[{"@type":"SearchAction","target":{"@type":"EntryPoint","urlTemplate":"https:\/\/www.pmpf.rs.gov.br\/turismo\/?s={search_term_string}"},"query-input":{"@type":"PropertyValueSpecification","valueRequired":true,"valueName":"search_term_string"}}],"inLanguage":"pt-BR"}]}},"_links":{"self":[{"href":"https:\/\/www.pmpf.rs.gov.br\/turismo\/wp-json\/wp\/v2\/pages\/326"}],"collection":[{"href":"https:\/\/www.pmpf.rs.gov.br\/turismo\/wp-json\/wp\/v2\/pages"}],"about":[{"href":"https:\/\/www.pmpf.rs.gov.br\/turismo\/wp-json\/wp\/v2\/types\/page"}],"author":[{"embeddable":true,"href":"https:\/\/www.pmpf.rs.gov.br\/turismo\/wp-json\/wp\/v2\/users\/1"}],"replies":[{"embeddable":true,"href":"https:\/\/www.pmpf.rs.gov.br\/turismo\/wp-json\/wp\/v2\/comments?post=326"}],"version-history":[{"count":1,"href":"https:\/\/www.pmpf.rs.gov.br\/turismo\/wp-json\/wp\/v2\/pages\/326\/revisions"}],"predecessor-version":[{"id":327,"href":"https:\/\/www.pmpf.rs.gov.br\/turismo\/wp-json\/wp\/v2\/pages\/326\/revisions\/327"}],"wp:attachment":[{"href":"https:\/\/www.pmpf.rs.gov.br\/turismo\/wp-json\/wp\/v2\/media?parent=326"}],"curies":[{"name":"wp","href":"https:\/\/api.w.org\/{rel}","templated":true}]}}