{"id":294,"date":"2021-12-22T14:51:42","date_gmt":"2021-12-22T17:51:42","guid":{"rendered":"https:\/\/www.pmpf.rs.gov.br\/turismo\/?page_id=294"},"modified":"2023-04-18T17:52:14","modified_gmt":"2023-04-18T20:52:14","slug":"caracteristicas-fisicas","status":"publish","type":"page","link":"https:\/\/www.pmpf.rs.gov.br\/turismo\/caracteristicas-fisicas\/","title":{"rendered":"Caracter\u00edsticas F\u00edsicas"},"content":{"rendered":"\n<h2 class=\"wp-block-heading\">Dados Gerais<\/h2>\n\n\n\n<ul class=\"wp-block-list\">\n<li>Latitude: 28\u00ba 15&#8242; 46&#8221;<\/li>\n\n\n\n<li>Longitude: 52\u00ba 24&#8242; 24&#8221;<\/li>\n\n\n\n<li>\u00c1rea aproximada: 784,407 km\u00b2 (IBGE 2022)<\/li>\n\n\n\n<li>Popula\u00e7\u00e3o aproximada: 206.103 habitantes (IBGE 2021)<\/li>\n\n\n\n<li>Densidade demogr\u00e1fica: 235,92 habitantes por Km\u00b2 (IBGE 2010)<\/li>\n\n\n\n<li>Altitude: 687m acima do n\u00edvel do mar<\/li>\n\n\n\n<li>Clima: temperado com caracter\u00edstica subtropical \u00famido, com chuvas bem distribu\u00eddas durante o ano &#8211; clima tipo Cfal na classifica\u00e7\u00e3o de Koeppen.<\/li>\n\n\n\n<li>Temperatura m\u00e9dia anual: 17,5\u00baC<\/li>\n\n\n\n<li>Umidade relativa do ar: 72% (m\u00e9dia anual)<\/li>\n\n\n\n<li>Vegeta\u00e7\u00e3o: predominam campos abertos com matas nativas do tipo Floresta Subtropical com arauc\u00e1ria.<\/li>\n\n\n\n<li>Relevo: solos derivados de derrame bas\u00e1ltico, profundos e bem drenados, pertencentes ao grupo Latossolo Vermelho, argiloso. O relevo \u00e9 ondulado e suave ondulado, formado por eleva\u00e7\u00f5es com longos pendentes que criam depress\u00f5es fechadas (coxilhas). Possui terras facilmente corrig\u00edveis com adubos e fertilizantes.<\/li>\n\n\n\n<li>Hidrografia: a hidrografia do munic\u00edpio constitui-se dos seguintes cursos d\u00b4\u00e1gua: Rio Passo Fundo, Rio Taquari, Rio Jacui, Rio da V\u00e1rzea, Arroio Mirar, Arroio Pinheiro Torto, Arroio Passo Herval, Arroio Chifroso, Arroio Concei\u00e7\u00e3o, Arroio Engenho Velho, Arroio Ant\u00f4nio e as barragens de Caping\u00fci e Ernestina.<\/li>\n\n\n\n<li>Fuso Hor\u00e1rio: -3 horas em rela\u00e7\u00e3o ao meridiano de Greenwich<\/li>\n\n\n\n<li>\u00c1rea F\u00e9rtil: 241 Km\u00b2<\/li>\n\n\n\n<li>\u00c1rea Alagada: 3 Km\u00b2<\/li>\n\n\n\n<li>\u00c1rea Total: 244 Km\u00b2<\/li>\n<\/ul>\n\n\n\n<p><strong>Vias de acesso<\/strong><\/p>\n\n\n\n<ul class=\"wp-block-list\">\n<li>BR 285 &#8211; Lagoa Vermelha\/Carazinho (interliga os principais centros do eixo econ\u00f4mico Buenos Aires-Montevid\u00e9u\/S\u00e3o Paulo-Rio de Janeiro.<\/li>\n\n\n\n<li>RS 135 &#8211; Erechim<\/li>\n\n\n\n<li>RS 153 &#8211; Soledade\/Porto Alegre<\/li>\n\n\n\n<li>RS 324 &#8211; Marau\/Bento Gon\u00e7alves<\/li>\n\n\n\n<li>BR 153 &#8211; Erechim (estrada de ch\u00e3o) BR 386 &#8211; Porto Alegre Radiais Sul, Leste, Oeste<\/li>\n<\/ul>\n\n\n\n<figure class=\"wp-block-table is-style-stripes\"><table><tbody><tr><td>Cidade<\/td><td>Dist\u00e2ncia<\/td><\/tr><tr><td>Caxias do Sul (RS)<\/td><td>218Km<\/td><\/tr><tr><td>Gramado (RS)<\/td><td>288Km<\/td><\/tr><tr><td>Porto Alegre (RS)<\/td><td>293Km<\/td><\/tr><tr><td>Tramanda\u00ed (RS)<\/td><td>416Km<\/td><\/tr><tr><td>Cap\u00e3o da Canoa (RS)<\/td><td>432Km<\/td><\/tr><tr><td>Blumenau (SC)<\/td><td>471Km<\/td><\/tr><tr><td>Torres (RS)<\/td><td>501Km<\/td><\/tr><tr><td>Pelotas (RS)<\/td><td>560Km<\/td><\/tr><tr><td>Curitiba (PR)<\/td><td>588Km<\/td><\/tr><tr><td>Montevid\u00e9u (URU)<\/td><td>840Km<\/td><\/tr><\/tbody><\/table><\/figure>\n","protected":false},"excerpt":{"rendered":"<p>Dados Gerais Vias de acesso Cidade Dist\u00e2ncia Caxias do Sul (RS) 218Km Gramado (RS) 288Km Porto Alegre (RS) 293Km Tramanda\u00ed (RS) 416Km Cap\u00e3o da Canoa (RS) 432Km Blumenau (SC) 471Km Torres (RS) [&hellip;]<\/p>\n","protected":false},"author":1,"featured_media":0,"parent":0,"menu_order":0,"comment_status":"closed","ping_status":"closed","template":"","meta":{"footnotes":""},"class_list":["post-294","page","type-page","status-publish","hentry"],"yoast_head":"<!-- This site is optimized with the Yoast SEO plugin v23.8 - https:\/\/yoast.com\/wordpress\/plugins\/seo\/ -->\n<title>Caracter\u00edsticas F\u00edsicas - Turismo<\/title>\n<meta name=\"robots\" content=\"index, follow, max-snippet:-1, max-image-preview:large, max-video-preview:-1\" \/>\n<link rel=\"canonical\" href=\"https:\/\/www.pmpf.rs.gov.br\/turismo\/caracteristicas-fisicas\/\" \/>\n<meta property=\"og:locale\" content=\"pt_BR\" \/>\n<meta property=\"og:type\" content=\"article\" \/>\n<meta property=\"og:title\" content=\"Caracter\u00edsticas F\u00edsicas - Turismo\" \/>\n<meta property=\"og:description\" content=\"Dados Gerais Vias de acesso Cidade Dist\u00e2ncia Caxias do Sul (RS) 218Km Gramado (RS) 288Km Porto Alegre (RS) 293Km Tramanda\u00ed (RS) 416Km Cap\u00e3o da Canoa (RS) 432Km Blumenau (SC) 471Km Torres (RS) [&hellip;]\" \/>\n<meta property=\"og:url\" content=\"https:\/\/www.pmpf.rs.gov.br\/turismo\/caracteristicas-fisicas\/\" \/>\n<meta property=\"og:site_name\" content=\"Turismo\" \/>\n<meta property=\"article:modified_time\" content=\"2023-04-18T20:52:14+00:00\" \/>\n<meta name=\"twitter:card\" content=\"summary_large_image\" \/>\n<meta name=\"twitter:label1\" content=\"Est. tempo de leitura\" \/>\n\t<meta name=\"twitter:data1\" content=\"2 minutos\" \/>\n<script type=\"application\/ld+json\" class=\"yoast-schema-graph\">{\"@context\":\"https:\/\/schema.org\",\"@graph\":[{\"@type\":\"WebPage\",\"@id\":\"https:\/\/www.pmpf.rs.gov.br\/turismo\/caracteristicas-fisicas\/\",\"url\":\"https:\/\/www.pmpf.rs.gov.br\/turismo\/caracteristicas-fisicas\/\",\"name\":\"Caracter\u00edsticas F\u00edsicas - Turismo\",\"isPartOf\":{\"@id\":\"https:\/\/www.pmpf.rs.gov.br\/turismo\/#website\"},\"datePublished\":\"2021-12-22T17:51:42+00:00\",\"dateModified\":\"2023-04-18T20:52:14+00:00\",\"breadcrumb\":{\"@id\":\"https:\/\/www.pmpf.rs.gov.br\/turismo\/caracteristicas-fisicas\/#breadcrumb\"},\"inLanguage\":\"pt-BR\",\"potentialAction\":[{\"@type\":\"ReadAction\",\"target\":[\"https:\/\/www.pmpf.rs.gov.br\/turismo\/caracteristicas-fisicas\/\"]}]},{\"@type\":\"BreadcrumbList\",\"@id\":\"https:\/\/www.pmpf.rs.gov.br\/turismo\/caracteristicas-fisicas\/#breadcrumb\",\"itemListElement\":[{\"@type\":\"ListItem\",\"position\":1,\"name\":\"In\u00edcio\",\"item\":\"https:\/\/www.pmpf.rs.gov.br\/turismo\/\"},{\"@type\":\"ListItem\",\"position\":2,\"name\":\"Caracter\u00edsticas F\u00edsicas\"}]},{\"@type\":\"WebSite\",\"@id\":\"https:\/\/www.pmpf.rs.gov.br\/turismo\/#website\",\"url\":\"https:\/\/www.pmpf.rs.gov.br\/turismo\/\",\"name\":\"Turismo\",\"description\":\"Descubra Passo Fundo\",\"potentialAction\":[{\"@type\":\"SearchAction\",\"target\":{\"@type\":\"EntryPoint\",\"urlTemplate\":\"https:\/\/www.pmpf.rs.gov.br\/turismo\/?s={search_term_string}\"},\"query-input\":{\"@type\":\"PropertyValueSpecification\",\"valueRequired\":true,\"valueName\":\"search_term_string\"}}],\"inLanguage\":\"pt-BR\"}]}<\/script>\n<!-- \/ Yoast SEO plugin. -->","yoast_head_json":{"title":"Caracter\u00edsticas F\u00edsicas - Turismo","robots":{"index":"index","follow":"follow","max-snippet":"max-snippet:-1","max-image-preview":"max-image-preview:large","max-video-preview":"max-video-preview:-1"},"canonical":"https:\/\/www.pmpf.rs.gov.br\/turismo\/caracteristicas-fisicas\/","og_locale":"pt_BR","og_type":"article","og_title":"Caracter\u00edsticas F\u00edsicas - Turismo","og_description":"Dados Gerais Vias de acesso Cidade Dist\u00e2ncia Caxias do Sul (RS) 218Km Gramado (RS) 288Km Porto Alegre (RS) 293Km Tramanda\u00ed (RS) 416Km Cap\u00e3o da Canoa (RS) 432Km Blumenau (SC) 471Km Torres (RS) [&hellip;]","og_url":"https:\/\/www.pmpf.rs.gov.br\/turismo\/caracteristicas-fisicas\/","og_site_name":"Turismo","article_modified_time":"2023-04-18T20:52:14+00:00","twitter_card":"summary_large_image","twitter_misc":{"Est. tempo de leitura":"2 minutos"},"schema":{"@context":"https:\/\/schema.org","@graph":[{"@type":"WebPage","@id":"https:\/\/www.pmpf.rs.gov.br\/turismo\/caracteristicas-fisicas\/","url":"https:\/\/www.pmpf.rs.gov.br\/turismo\/caracteristicas-fisicas\/","name":"Caracter\u00edsticas F\u00edsicas - Turismo","isPartOf":{"@id":"https:\/\/www.pmpf.rs.gov.br\/turismo\/#website"},"datePublished":"2021-12-22T17:51:42+00:00","dateModified":"2023-04-18T20:52:14+00:00","breadcrumb":{"@id":"https:\/\/www.pmpf.rs.gov.br\/turismo\/caracteristicas-fisicas\/#breadcrumb"},"inLanguage":"pt-BR","potentialAction":[{"@type":"ReadAction","target":["https:\/\/www.pmpf.rs.gov.br\/turismo\/caracteristicas-fisicas\/"]}]},{"@type":"BreadcrumbList","@id":"https:\/\/www.pmpf.rs.gov.br\/turismo\/caracteristicas-fisicas\/#breadcrumb","itemListElement":[{"@type":"ListItem","position":1,"name":"In\u00edcio","item":"https:\/\/www.pmpf.rs.gov.br\/turismo\/"},{"@type":"ListItem","position":2,"name":"Caracter\u00edsticas F\u00edsicas"}]},{"@type":"WebSite","@id":"https:\/\/www.pmpf.rs.gov.br\/turismo\/#website","url":"https:\/\/www.pmpf.rs.gov.br\/turismo\/","name":"Turismo","description":"Descubra Passo Fundo","potentialAction":[{"@type":"SearchAction","target":{"@type":"EntryPoint","urlTemplate":"https:\/\/www.pmpf.rs.gov.br\/turismo\/?s={search_term_string}"},"query-input":{"@type":"PropertyValueSpecification","valueRequired":true,"valueName":"search_term_string"}}],"inLanguage":"pt-BR"}]}},"_links":{"self":[{"href":"https:\/\/www.pmpf.rs.gov.br\/turismo\/wp-json\/wp\/v2\/pages\/294"}],"collection":[{"href":"https:\/\/www.pmpf.rs.gov.br\/turismo\/wp-json\/wp\/v2\/pages"}],"about":[{"href":"https:\/\/www.pmpf.rs.gov.br\/turismo\/wp-json\/wp\/v2\/types\/page"}],"author":[{"embeddable":true,"href":"https:\/\/www.pmpf.rs.gov.br\/turismo\/wp-json\/wp\/v2\/users\/1"}],"replies":[{"embeddable":true,"href":"https:\/\/www.pmpf.rs.gov.br\/turismo\/wp-json\/wp\/v2\/comments?post=294"}],"version-history":[{"count":5,"href":"https:\/\/www.pmpf.rs.gov.br\/turismo\/wp-json\/wp\/v2\/pages\/294\/revisions"}],"predecessor-version":[{"id":489,"href":"https:\/\/www.pmpf.rs.gov.br\/turismo\/wp-json\/wp\/v2\/pages\/294\/revisions\/489"}],"wp:attachment":[{"href":"https:\/\/www.pmpf.rs.gov.br\/turismo\/wp-json\/wp\/v2\/media?parent=294"}],"curies":[{"name":"wp","href":"https:\/\/api.w.org\/{rel}","templated":true}]}}