{"id":750,"date":"2021-12-16T16:40:16","date_gmt":"2021-12-16T19:40:16","guid":{"rendered":"https:\/\/www.pmpf.rs.gov.br\/transparencia\/?page_id=750"},"modified":"2021-12-16T16:41:06","modified_gmt":"2021-12-16T19:41:06","slug":"ano-2018","status":"publish","type":"page","link":"https:\/\/www.pmpf.rs.gov.br\/transparencia\/concurso-publico\/ano-2018\/","title":{"rendered":"Ano 2018"},"content":{"rendered":"\n<h2 class=\"wp-block-heading\">Ano 2018<\/h2>\n\n\n\n<figure class=\"wp-block-table\"><table><tbody><tr><td>Data<\/td><td>Edital<\/td><\/tr><tr><td>18 de Dezembro<\/td><td><a href=\"https:\/\/www.pmpf.rs.gov.br\/transparencia\/wp-content\/uploads\/sites\/31\/2021\/12\/concPublico2018_18122018.pdf\">Edital n\u00ba 74\/18 \u2013 Chama candidatos aprovados em Processo Seletivo P\u00fablico Simplificado para contrata\u00e7\u00e3o por tempo determinado de profissionais para o SAMU.<\/a><\/td><\/tr><tr><td>23 de Novembro<\/td><td><a href=\"https:\/\/www.pmpf.rs.gov.br\/transparencia\/wp-content\/uploads\/sites\/31\/2021\/12\/concPublico2018_23112018.pdf\">Edital n\u00ba 69\/18 \u2013 Nomear o(a) cidad\u00e3(o) abaixo relacionado(a) para o cargo indicado.<\/a><\/td><\/tr><tr><td>14 de Novembro<\/td><td><a href=\"https:\/\/www.pmpf.rs.gov.br\/transparencia\/wp-content\/uploads\/sites\/31\/2021\/12\/concPublico2018_14112018.pdf\">Edital n\u00ba 68\/18 \u2013 Classifica\u00e7\u00e3o final ap\u00f3s sorteio desempate do processo seletivo p\u00fablico simplificado para contrata\u00e7\u00e3o por tempo determinado de profissionais m\u00e9dicos.<\/a><\/td><\/tr><tr><td>12 de Novembro<\/td><td><a href=\"https:\/\/www.pmpf.rs.gov.br\/transparencia\/wp-content\/uploads\/sites\/31\/2021\/12\/concPublico2018_12112018.pdf\">Edital n\u00ba 67\/18 \u2013 Classifica\u00e7\u00e3o preliminar ap\u00f3s recursos do processo seletivo p\u00fablico simplificado para a contrata\u00e7\u00e3o por tempo determinado de profissionais M\u00e9dicos.<\/a><\/td><\/tr><tr><td>07 de Novembro<\/td><td><a href=\"https:\/\/www.pmpf.rs.gov.br\/transparencia\/wp-content\/uploads\/sites\/31\/2021\/12\/concPublico2018_07112018.pdf\">Edital n\u00ba 66\/18 \u2013 Classifica\u00e7\u00e3o ap\u00f3s sorteio p\u00fablico de desempate do Processo Seletivo Simplificado para a contrata\u00e7\u00e3o por tempo determinado de profissionais para o Samu<\/a><\/td><\/tr><tr><td>06 de Novembro<\/td><td><a href=\"https:\/\/www.pmpf.rs.gov.br\/transparencia\/wp-content\/uploads\/sites\/31\/2021\/12\/concPublico2018_06112018_65.pdf\">Edital n\u00ba 65\/18 \u2013 Divulga classifica\u00e7\u00e3o preliminar do processo seletivo p\u00fablico simplificado para contrata\u00e7\u00e3o por tempo determinado de profissionais M\u00e9dicos.<\/a><\/td><\/tr><tr><td>06 de Novembro<\/td><td><a href=\"https:\/\/www.pmpf.rs.gov.br\/transparencia\/wp-content\/uploads\/sites\/31\/2021\/12\/concPublico2018_06112018_64.pdf\">Edital n\u00ba 64\/18 \u2013 Classifica\u00e7\u00e3o preliminar ap\u00f3s recursos do Processo Seletivo P\u00fablico Simplificado para contrata\u00e7\u00e3o por tempo determinado de profissionais para o Samu.<\/a><\/td><\/tr><tr><td>31 de Outubro<\/td><td><a href=\"https:\/\/www.pmpf.rs.gov.br\/transparencia\/wp-content\/uploads\/sites\/31\/2021\/12\/concPublico2018_30102018.pdf\">Edital n\u00ba 63\/18 \u2013 Homologa inscri\u00e7\u00f5es do processo seletivo p\u00fablico simplificado para contrata\u00e7\u00e3o por tempo determinado de profissionais m\u00e9dicos.<\/a><\/td><\/tr><tr><td>29 de Outubro<\/td><td><a href=\"https:\/\/www.pmpf.rs.gov.br\/transparencia\/wp-content\/uploads\/sites\/31\/2021\/12\/concPublico2018_29102018.pdf\">Edital n\u00ba 61\/18 \u2013 Homologa\u00e7\u00e3o final das inscri\u00e7\u00f5es e classifica\u00e7\u00e3o preliminar do processo seletivo p\u00fablico simplificado para contrata\u00e7\u00e3o por tempo determinado de profissionais para o Samu.<\/a><\/td><\/tr><tr><td>26 de Outubro<\/td><td><a href=\"https:\/\/www.pmpf.rs.gov.br\/transparencia\/wp-content\/uploads\/sites\/31\/2021\/12\/concPublico2018_26102018.pdf\">Edital n\u00ba 59\/18 \u2013 Chama candidatos aprovados em Processo Seletivo P\u00fablico Simplificado para contrata\u00e7\u00e3o por tempo determinado de M\u00e9dicos para atender no Pronto Atendimento Pedi\u00e1trico &#8211; PAP<\/a><\/td><\/tr><tr><td>23 de Outubro<\/td><td><a href=\"https:\/\/www.pmpf.rs.gov.br\/transparencia\/wp-content\/uploads\/sites\/31\/2021\/12\/concPublico2018_23102018.pdf\">Edital n\u00ba 58\/18 \u2013 Retifica o edital n\u00ba 57\/2018 que homologa inscri\u00e7\u00f5es do Processo Seletivo P\u00fablico Simplificado para contrata\u00e7\u00e3o por tempo determinado de profissionais para o Samu e altera o cronograma de atividades.<\/a><\/td><\/tr><tr><td>18 de Outubro<\/td><td><a href=\"https:\/\/www.pmpf.rs.gov.br\/transparencia\/wp-content\/uploads\/sites\/31\/2021\/12\/concpublico2018_18102018.pdf\">Edital n\u00ba 55\/18 \u2013 Processo Seletivo P\u00fablico Simplificado para contrata\u00e7\u00e3o por tempo determinado de M\u00e9dicos.<\/a><\/td><\/tr><tr><td>17 de Outubro<\/td><td><a href=\"https:\/\/www.pmpf.rs.gov.br\/transparencia\/wp-content\/uploads\/sites\/31\/2021\/12\/concpublico2018_17102018.pdf\">Edital n\u00ba 57\/18 \u2013 Homologa inscri\u00e7\u00f5es do Processo Seletivo P\u00fablico Simplificado para contrata\u00e7\u00e3o por tempo determinado de profissionais para o SAMU.<\/a><\/td><\/tr><tr><td>09 de Outubro<\/td><td><a href=\"https:\/\/www.pmpf.rs.gov.br\/transparencia\/wp-content\/uploads\/sites\/31\/2021\/12\/concpublico2018_09102018_1.pdf\">Edital n\u00ba 54\/18 \u2013 Processo Seletivo P\u00fablico Simplificado para contrata\u00e7\u00e3o por tempo determinado de profissional para o SAMU<\/a><\/td><\/tr><tr><td>05 de Outubro<\/td><td><a href=\"https:\/\/www.pmpf.rs.gov.br\/transparencia\/wp-content\/uploads\/sites\/31\/2021\/12\/concpublico2018_05102018.pdf\">Edital n\u00ba 53\/18 \u2013 Edital de Nomea\u00e7\u00e3o para o Cargo de Cozinheira.<\/a><\/td><\/tr><tr><td>18 de Setembro<\/td><td><a href=\"https:\/\/www.pmpf.rs.gov.br\/transparencia\/wp-content\/uploads\/sites\/31\/2021\/12\/concpublico2018_18092018.pdf\">Edital n\u00ba 51\/18 \u2013 Revoga Edital N\u00ba 49\/2018 do Processo Seletivo para o SAMU.<\/a><\/td><\/tr><tr><td>14 de Setembro<\/td><td><a href=\"https:\/\/www.pmpf.rs.gov.br\/transparencia\/wp-content\/uploads\/sites\/31\/2021\/12\/concpublico2018_14092018.pdf\">Edital n\u00ba 49\/18 \u2013 Processo Seletivo P\u00fablico Simplificado para Contrata\u00e7\u00e3o por Tempo Determinado de Profissionais para o Servi\u00e7o de Atendimento M\u00f3vel de Urg\u00eancia \u2013 SAMU.<\/a><\/td><\/tr><tr><td>03 de Setembro<\/td><td><a href=\"https:\/\/www.pmpf.rs.gov.br\/transparencia\/wp-content\/uploads\/sites\/31\/2021\/12\/concpublico2018_03092018_1.pdf\">Edital n\u00ba 47\/18 \u2013 Chama candidatos aprovados em Processo Seletivo P\u00fablico simplificado para contrata\u00e7\u00e3o por tempo determinado de M\u00e9dicos.<\/a><\/td><\/tr><tr><td>03 de Setembro<\/td><td><a href=\"https:\/\/www.pmpf.rs.gov.br\/transparencia\/wp-content\/uploads\/sites\/31\/2021\/12\/concpublico2018_03092018.pdf\">Edital n\u00ba 46\/18 \u2013 Processo Seletivo P\u00fablico para Contrata\u00e7\u00e3o de Estagi\u00e1rios.<\/a><\/td><\/tr><tr><td>21 de Agosto<\/td><td><a href=\"https:\/\/www.pmpf.rs.gov.br\/transparencia\/wp-content\/uploads\/sites\/31\/2021\/12\/concpublico2018_21082018.pdf\">Edital n\u00ba 45\/18 \u2013 Nomeia para o cargo de Assistente de Educa\u00e7\u00e3o Infantil.<\/a><\/td><\/tr><tr><td>11 de Agosto<\/td><td><a href=\"https:\/\/www.pmpf.rs.gov.br\/transparencia\/wp-content\/uploads\/sites\/31\/2021\/12\/concpublico2018_11082018.pdf\">Edital n\u00ba 44\/18 \u2013 Chama candidatos aprovados em processo seletivo p\u00fablico simplificado para contrata\u00e7\u00e3o por tempo determinado de M\u00e9dicos.<\/a><\/td><\/tr><tr><td>09 de Agosto<\/td><td><a href=\"https:\/\/www.pmpf.rs.gov.br\/transparencia\/wp-content\/uploads\/sites\/31\/2021\/12\/concpublico2018_09082018.pdf\">Edital n\u00ba 43\/18 \u2013 NOMEIA o(a)(s) cidad\u00e3(o)(s) abaixo relacionado(a)(s), por meio da Portaria n\u00ba 1.342\/2018, para o(s) cargo(s) indicado(s) do Quadro de Servidores.<\/a><\/td><\/tr><tr><td>26 de Julho<\/td><td><a href=\"https:\/\/www.pmpf.rs.gov.br\/transparencia\/wp-content\/uploads\/sites\/31\/2021\/12\/concpublico2018_26072018.pdf\">Edital n\u00ba 42\/18 \u2013 Chama candidatos aprovados em processo seletivo p\u00fablico simplificado para contrata\u00e7\u00e3o por tempo determinado de M\u00e9dicos para atender no Pronto Atendimento Pedi\u00e1trico \u2013 PAP.<\/a><\/td><\/tr><tr><td>19 de Julho<\/td><td><a href=\"https:\/\/www.pmpf.rs.gov.br\/transparencia\/wp-content\/uploads\/sites\/31\/2021\/12\/concpublico2018_19072018.pdf\">Edital n\u00ba 38\/18 \u2013 Nomea\u00e7\u00e3o para o cargo de Assistente de Educa\u00e7\u00e3o Infantil.<\/a><\/td><\/tr><tr><td>14 de Julho<\/td><td><a href=\"https:\/\/www.pmpf.rs.gov.br\/transparencia\/wp-content\/uploads\/sites\/31\/2021\/12\/concpublico2018_14072018.pdf\">Edital n\u00ba 41\/18 \u2013 Retifica o Edital n\u00ba 40\/18, que chama candidatos aprovados em Processo Seletivo P\u00fablico para contrata\u00e7\u00e3o de M\u00e9dicos por tempo determinado.<\/a><\/td><\/tr><tr><td>13 de Julho<\/td><td><a href=\"https:\/\/www.pmpf.rs.gov.br\/transparencia\/wp-content\/uploads\/sites\/31\/2021\/12\/concpublico2018_13072018.pdf\">Edital n\u00ba 40\/18 \u2013 Chama candidatos aprovados em Processo Seletivo P\u00fablico Simplificado para contrata\u00e7\u00e3o por tempo determinado de M\u00e9dicos.<\/a><\/td><\/tr><tr><td>06 de Julho<\/td><td><a href=\"https:\/\/www.pmpf.rs.gov.br\/transparencia\/wp-content\/uploads\/sites\/31\/2021\/12\/concpublico2018_06072018.pdf\">Edital n\u00ba 39\/18 \u2013 Divulga classifica\u00e7\u00e3o final ap\u00f3s sorteio p\u00fablico para desempate do Processo Seletivo P\u00fablico Simplificado para a contrata\u00e7\u00e3o de M\u00e9dicos.<\/a><\/td><\/tr><tr><td>04 de Julho<\/td><td><a href=\"https:\/\/www.pmpf.rs.gov.br\/transparencia\/wp-content\/uploads\/sites\/31\/2021\/12\/concpublico2018_04072018.pdf\">Edital n\u00ba 37\/18 \u2013 Divulga classifica\u00e7\u00e3o preliminar ap\u00f3s recursos do Processo Seletivo P\u00fablico Simplificado para a contrata\u00e7\u00e3o de M\u00e9dicos.<\/a><\/td><\/tr><tr><td>28 de Junho<\/td><td><a href=\"https:\/\/www.pmpf.rs.gov.br\/transparencia\/wp-content\/uploads\/sites\/31\/2021\/12\/concpublico2018_28062018.pdf\">EDITAL n\u00ba 32\/18 \u2013 Chama candidatos aprovados em Processo Seletivo Simplificado para contrata\u00e7\u00e3o por tempo determinado de m\u00e9dicos para atender no Pronto Atendimento Pedi\u00e1trico \u2013 PAP.<\/a><\/td><\/tr><tr><td>27 de Junho<\/td><td><a href=\"https:\/\/www.pmpf.rs.gov.br\/transparencia\/wp-content\/uploads\/sites\/31\/2021\/12\/concpublico2018_27062018.pdf\">EDITAL n\u00ba 36\/18 \u2013 Divulga classifica\u00e7\u00e3o preliminar ap\u00f3s recursos do Processo Seletivo P\u00fablico Simplificado para a contrata\u00e7\u00e3o de M\u00e9dicos.<\/a><\/td><\/tr><tr><td>20 de Junho<\/td><td><a href=\"https:\/\/www.pmpf.rs.gov.br\/transparencia\/wp-content\/uploads\/sites\/31\/2021\/12\/concpublico2018_20062018.pdf\">EDITAL n\u00ba 34\/18 \u2013 Divulga homologa\u00e7\u00e3o das inscri\u00e7\u00f5es e classifica\u00e7\u00e3o preliminar do Processo Seletivo P\u00fablico simplificado para a contrata\u00e7\u00e3o de M\u00e9dicos.<\/a><\/td><\/tr><tr><td>09 de Junho<\/td><td><a href=\"https:\/\/www.pmpf.rs.gov.br\/transparencia\/wp-content\/uploads\/sites\/31\/2021\/12\/concPublico2018_09062018.pdf\">EDITAL N\u00ba 31\/18 \u2013 Processo Seletivo P\u00fablico Simplificado para contrata\u00e7\u00e3o por tempo determinado de M\u00e9dicos .<\/a><\/td><\/tr><tr><td>25 de Maio<\/td><td><a href=\"https:\/\/www.pmpf.rs.gov.br\/transparencia\/wp-content\/uploads\/sites\/31\/2021\/12\/concPublico2018_25052018.pdf\">EDITAL N\u00ba 30\/18 \u2013 Chama candidatos aprovados em processo seletivo p\u00fablico para contrata\u00e7\u00e3o por tempo determinado de m\u00e9dico para atender no Pronto Atendimento Pedi\u00e1trico &#8211; PAP.<\/a><\/td><\/tr><tr><td>12 de Abril<\/td><td><a href=\"https:\/\/www.pmpf.rs.gov.br\/transparencia\/wp-content\/uploads\/sites\/31\/2021\/12\/concPublico2018_12042018.pdf\">EDITAL N\u00ba 27\/18 \u2013 Chama candidatos aprovados em processo seletivo p\u00fablico para contrata\u00e7\u00e3o por tempo determinado de profissionais para o SAMU.<\/a><\/td><\/tr><tr><td>04 de Abril<\/td><td><a href=\"https:\/\/www.pmpf.rs.gov.br\/transparencia\/wp-content\/uploads\/sites\/31\/2021\/12\/concPublico2018_04042018.pdf\">EDITAL N\u00ba 25\/18 \u2013 NOMEIA o(a) cidad\u00e3(o) abaixo relacionado(a) para o cargo indicado do Quadro de Servidores Municipais.<\/a><\/td><\/tr><tr><td>29 de Mar\u00e7o<\/td><td><a href=\"https:\/\/www.pmpf.rs.gov.br\/transparencia\/wp-content\/uploads\/sites\/31\/2021\/12\/concPublico2018_29032018.pdf\">EDITAL N\u00ba 22\/18 \u2013 Chama candidatos aprovados em processo seletivo p\u00fablico para contrata\u00e7\u00e3o por tempo determinado de m\u00e9dicos para o Pronto Atendimento Pedi\u00e1trico &#8211; PAP.<\/a><\/td><\/tr><tr><td>15 de Mar\u00e7o<\/td><td><a href=\"https:\/\/www.pmpf.rs.gov.br\/transparencia\/wp-content\/uploads\/sites\/31\/2021\/12\/concPublico2018_15032018.pdf\">EDITAL N\u00ba 21\/18 \u2013 Chama candidatos aprovados em processo seletivo p\u00fablico para contrata\u00e7\u00e3o por tempo determinado de profisionais para a SAMU.<\/a><\/td><\/tr><tr><td>28 de Fevereiro<\/td><td><a href=\"https:\/\/www.pmpf.rs.gov.br\/transparencia\/wp-content\/uploads\/sites\/31\/2021\/12\/concPublico2018_28022018.pdf\">EDITAL N\u00ba 20\/18 \u2013 Chama candidatos aprovados em processo seletivo p\u00fablico para contrata\u00e7\u00e3o por tempo determinado de m\u00e9dicos para o Pronto Atendimento Pedi\u00e1trico &#8211; PAP.<\/a><\/td><\/tr><tr><td>22 de Fevereiro<\/td><td><a href=\"https:\/\/www.pmpf.rs.gov.br\/transparencia\/wp-content\/uploads\/sites\/31\/2021\/12\/concPublico2018_22022018.pdf\">EDITAL N\u00ba 14\/18 \u2013 Nomeia os cidad\u00e3os relacionados, por meio da Portaria n\u00ba 239\/2018, para os cargos indicados do Quadro de Servidores Municipais.<\/a><\/td><\/tr><tr><td>31 de Janeiro<\/td><td><a href=\"https:\/\/www.pmpf.rs.gov.br\/transparencia\/wp-content\/uploads\/sites\/31\/2021\/12\/concPublico2018_31012018.pdf\">EDITAL N\u00ba 07\/18 \u2013 Chama candidatos aprovados em processo seletivo p\u00fablico para contrata\u00e7\u00e3o por tempo determinado de m\u00e9dicos para o Pronto Atendimento Pedi\u00e1trico &#8211; PAP.<\/a><\/td><\/tr><tr><td>17 de Janeiro<\/td><td><a href=\"https:\/\/www.pmpf.rs.gov.br\/transparencia\/wp-content\/uploads\/sites\/31\/2021\/12\/concPublico2018_17012018.pdf\">EDITAL N\u00ba 04\/18 \u2013 NOMEIA, para o cargo de procurador, atrav\u00e9s da Portaria n\u00ba 56\/2018, conforme Concurso P\u00fablico Edital n\u00ba 01\/2009 e Homologa Edital 006.01\/2009.<\/a><\/td><\/tr><tr><td>12 de Janeiro<\/td><td><a href=\"https:\/\/www.pmpf.rs.gov.br\/transparencia\/wp-content\/uploads\/sites\/31\/2021\/12\/concPublico2018_12012018.pdf\">EDITAL N\u00ba 03\/18 \u2013 NOMEIA, por meio da Portaria n\u00ba 54\/2018, para o Quadro de Servidores Municipais, conforme Concurso P\u00fablico Edital n\u00ba 48\/2016 e homologa o Edital 07\/2017.<\/a><\/td><\/tr><tr><td>06 de Janeiro<\/td><td><a href=\"https:\/\/www.pmpf.rs.gov.br\/transparencia\/wp-content\/uploads\/sites\/31\/2021\/12\/concPublico2018_06012018_2.pdf\">EDITAL N\u00ba 02\/18 \u2013 Chama candidatos aprovados em processo seletivo p\u00fablico para contrata\u00e7\u00e3o por tempo determinado de m\u00e9dicos para o Pronto Atendimento Pedi\u00e1trico &#8211; PAP.<\/a><\/td><\/tr><tr><td>06 de Janeiro<\/td><td><a href=\"https:\/\/www.pmpf.rs.gov.br\/transparencia\/wp-content\/uploads\/sites\/31\/2021\/12\/concPublico2018_06012018.pdf\">EDITAL N\u00ba 01\/18 \u2013 Chama candidatos aprovados em processo seletivo p\u00fablico para contrata\u00e7\u00e3o por tempo determinado de profissionais para o SAMU.<\/a><\/td><\/tr><\/tbody><\/table><\/figure>\n","protected":false},"excerpt":{"rendered":"<p>Ano 2018 Data Edital 18 de Dezembro Edital n\u00ba 74\/18 \u2013 Chama candidatos aprovados em Processo Seletivo P\u00fablico Simplificado para contrata\u00e7\u00e3o por tempo determinado de profissionais para o SAMU. 23 de Novembro [&hellip;]<\/p>\n","protected":false},"author":1,"featured_media":0,"parent":125,"menu_order":113,"comment_status":"closed","ping_status":"closed","template":"","meta":{"footnotes":""},"class_list":["post-750","page","type-page","status-publish","hentry"],"yoast_head":"<!-- This site is optimized with the Yoast SEO plugin v23.8 - https:\/\/yoast.com\/wordpress\/plugins\/seo\/ -->\n<title>Ano 2018 - Transpar\u00eancia<\/title>\n<meta name=\"robots\" content=\"index, follow, max-snippet:-1, max-image-preview:large, max-video-preview:-1\" \/>\n<link rel=\"canonical\" href=\"https:\/\/www.pmpf.rs.gov.br\/transparencia\/concurso-publico\/ano-2018\/\" \/>\n<meta property=\"og:locale\" content=\"pt_BR\" \/>\n<meta property=\"og:type\" content=\"article\" \/>\n<meta property=\"og:title\" content=\"Ano 2018 - Transpar\u00eancia\" \/>\n<meta property=\"og:description\" content=\"Ano 2018 Data Edital 18 de Dezembro Edital n\u00ba 74\/18 \u2013 Chama candidatos aprovados em Processo Seletivo P\u00fablico Simplificado para contrata\u00e7\u00e3o por tempo determinado de profissionais para o SAMU. 23 de Novembro [&hellip;]\" \/>\n<meta property=\"og:url\" content=\"https:\/\/www.pmpf.rs.gov.br\/transparencia\/concurso-publico\/ano-2018\/\" \/>\n<meta property=\"og:site_name\" content=\"Transpar\u00eancia\" \/>\n<meta property=\"article:modified_time\" content=\"2021-12-16T19:41:06+00:00\" \/>\n<meta name=\"twitter:card\" content=\"summary_large_image\" \/>\n<meta name=\"twitter:label1\" content=\"Est. tempo de leitura\" \/>\n\t<meta name=\"twitter:data1\" content=\"6 minutos\" \/>\n<script type=\"application\/ld+json\" class=\"yoast-schema-graph\">{\"@context\":\"https:\/\/schema.org\",\"@graph\":[{\"@type\":\"WebPage\",\"@id\":\"https:\/\/www.pmpf.rs.gov.br\/transparencia\/concurso-publico\/ano-2018\/\",\"url\":\"https:\/\/www.pmpf.rs.gov.br\/transparencia\/concurso-publico\/ano-2018\/\",\"name\":\"Ano 2018 - Transpar\u00eancia\",\"isPartOf\":{\"@id\":\"https:\/\/www.pmpf.rs.gov.br\/transparencia\/#website\"},\"datePublished\":\"2021-12-16T19:40:16+00:00\",\"dateModified\":\"2021-12-16T19:41:06+00:00\",\"breadcrumb\":{\"@id\":\"https:\/\/www.pmpf.rs.gov.br\/transparencia\/concurso-publico\/ano-2018\/#breadcrumb\"},\"inLanguage\":\"pt-BR\",\"potentialAction\":[{\"@type\":\"ReadAction\",\"target\":[\"https:\/\/www.pmpf.rs.gov.br\/transparencia\/concurso-publico\/ano-2018\/\"]}]},{\"@type\":\"BreadcrumbList\",\"@id\":\"https:\/\/www.pmpf.rs.gov.br\/transparencia\/concurso-publico\/ano-2018\/#breadcrumb\",\"itemListElement\":[{\"@type\":\"ListItem\",\"position\":1,\"name\":\"Concurso P\u00fablico e Processo Seletivo\",\"item\":\"https:\/\/www.pmpf.rs.gov.br\/transparencia\/concurso-publico\/\"},{\"@type\":\"ListItem\",\"position\":2,\"name\":\"Ano 2018\"}]},{\"@type\":\"WebSite\",\"@id\":\"https:\/\/www.pmpf.rs.gov.br\/transparencia\/#website\",\"url\":\"https:\/\/www.pmpf.rs.gov.br\/transparencia\/\",\"name\":\"Transpar\u00eancia\",\"description\":\"S\u00f3 mais um site Prefeitura de Passo Fundo\",\"potentialAction\":[{\"@type\":\"SearchAction\",\"target\":{\"@type\":\"EntryPoint\",\"urlTemplate\":\"https:\/\/www.pmpf.rs.gov.br\/transparencia\/?s={search_term_string}\"},\"query-input\":{\"@type\":\"PropertyValueSpecification\",\"valueRequired\":true,\"valueName\":\"search_term_string\"}}],\"inLanguage\":\"pt-BR\"}]}<\/script>\n<!-- \/ Yoast SEO plugin. -->","yoast_head_json":{"title":"Ano 2018 - Transpar\u00eancia","robots":{"index":"index","follow":"follow","max-snippet":"max-snippet:-1","max-image-preview":"max-image-preview:large","max-video-preview":"max-video-preview:-1"},"canonical":"https:\/\/www.pmpf.rs.gov.br\/transparencia\/concurso-publico\/ano-2018\/","og_locale":"pt_BR","og_type":"article","og_title":"Ano 2018 - Transpar\u00eancia","og_description":"Ano 2018 Data Edital 18 de Dezembro Edital n\u00ba 74\/18 \u2013 Chama candidatos aprovados em Processo Seletivo P\u00fablico Simplificado para contrata\u00e7\u00e3o por tempo determinado de profissionais para o SAMU. 23 de Novembro [&hellip;]","og_url":"https:\/\/www.pmpf.rs.gov.br\/transparencia\/concurso-publico\/ano-2018\/","og_site_name":"Transpar\u00eancia","article_modified_time":"2021-12-16T19:41:06+00:00","twitter_card":"summary_large_image","twitter_misc":{"Est. tempo de leitura":"6 minutos"},"schema":{"@context":"https:\/\/schema.org","@graph":[{"@type":"WebPage","@id":"https:\/\/www.pmpf.rs.gov.br\/transparencia\/concurso-publico\/ano-2018\/","url":"https:\/\/www.pmpf.rs.gov.br\/transparencia\/concurso-publico\/ano-2018\/","name":"Ano 2018 - Transpar\u00eancia","isPartOf":{"@id":"https:\/\/www.pmpf.rs.gov.br\/transparencia\/#website"},"datePublished":"2021-12-16T19:40:16+00:00","dateModified":"2021-12-16T19:41:06+00:00","breadcrumb":{"@id":"https:\/\/www.pmpf.rs.gov.br\/transparencia\/concurso-publico\/ano-2018\/#breadcrumb"},"inLanguage":"pt-BR","potentialAction":[{"@type":"ReadAction","target":["https:\/\/www.pmpf.rs.gov.br\/transparencia\/concurso-publico\/ano-2018\/"]}]},{"@type":"BreadcrumbList","@id":"https:\/\/www.pmpf.rs.gov.br\/transparencia\/concurso-publico\/ano-2018\/#breadcrumb","itemListElement":[{"@type":"ListItem","position":1,"name":"Concurso P\u00fablico e Processo Seletivo","item":"https:\/\/www.pmpf.rs.gov.br\/transparencia\/concurso-publico\/"},{"@type":"ListItem","position":2,"name":"Ano 2018"}]},{"@type":"WebSite","@id":"https:\/\/www.pmpf.rs.gov.br\/transparencia\/#website","url":"https:\/\/www.pmpf.rs.gov.br\/transparencia\/","name":"Transpar\u00eancia","description":"S\u00f3 mais um site Prefeitura de Passo Fundo","potentialAction":[{"@type":"SearchAction","target":{"@type":"EntryPoint","urlTemplate":"https:\/\/www.pmpf.rs.gov.br\/transparencia\/?s={search_term_string}"},"query-input":{"@type":"PropertyValueSpecification","valueRequired":true,"valueName":"search_term_string"}}],"inLanguage":"pt-BR"}]}},"_links":{"self":[{"href":"https:\/\/www.pmpf.rs.gov.br\/transparencia\/wp-json\/wp\/v2\/pages\/750"}],"collection":[{"href":"https:\/\/www.pmpf.rs.gov.br\/transparencia\/wp-json\/wp\/v2\/pages"}],"about":[{"href":"https:\/\/www.pmpf.rs.gov.br\/transparencia\/wp-json\/wp\/v2\/types\/page"}],"author":[{"embeddable":true,"href":"https:\/\/www.pmpf.rs.gov.br\/transparencia\/wp-json\/wp\/v2\/users\/1"}],"replies":[{"embeddable":true,"href":"https:\/\/www.pmpf.rs.gov.br\/transparencia\/wp-json\/wp\/v2\/comments?post=750"}],"version-history":[{"count":2,"href":"https:\/\/www.pmpf.rs.gov.br\/transparencia\/wp-json\/wp\/v2\/pages\/750\/revisions"}],"predecessor-version":[{"id":753,"href":"https:\/\/www.pmpf.rs.gov.br\/transparencia\/wp-json\/wp\/v2\/pages\/750\/revisions\/753"}],"up":[{"embeddable":true,"href":"https:\/\/www.pmpf.rs.gov.br\/transparencia\/wp-json\/wp\/v2\/pages\/125"}],"wp:attachment":[{"href":"https:\/\/www.pmpf.rs.gov.br\/transparencia\/wp-json\/wp\/v2\/media?parent=750"}],"curies":[{"name":"wp","href":"https:\/\/api.w.org\/{rel}","templated":true}]}}