{"id":6338,"date":"2023-07-17T08:52:17","date_gmt":"2023-07-17T11:52:17","guid":{"rendered":"https:\/\/www.pmpf.rs.gov.br\/transparencia\/?page_id=6338"},"modified":"2024-07-29T16:42:31","modified_gmt":"2024-07-29T19:42:31","slug":"subsidiostransportecoletivo","status":"publish","type":"page","link":"https:\/\/www.pmpf.rs.gov.br\/transparencia\/subsidiostransportecoletivo\/","title":{"rendered":"Subs\u00eddios do Transporte Coletivo"},"content":{"rendered":"\n<ul class=\"wp-block-list\">\n<li><a href=\"https:\/\/www.pmpf.rs.gov.br\/transparencia\/wp-content\/uploads\/sites\/31\/2023\/07\/subsidio-transporte-ata-cmmu-1.pdf\" target=\"_blank\" rel=\"noreferrer noopener\">Ata do Conselho Municipal de Mobilidade Urbana &#8211; CMMU<\/a><\/li>\n\n\n\n<li><a href=\"https:\/\/www.pmpf.rs.gov.br\/transparencia\/wp-content\/uploads\/sites\/31\/2023\/07\/lei-ord-5739-2023.pdf\" target=\"_blank\" rel=\"noreferrer noopener\">Lei 5.739\/2023<\/a> &#8211; Autoriza a concess\u00e3o de subs\u00eddio tarif\u00e1rio ao transporte coletivo urbano de passageiros no Munic\u00edpio de Passo Fundo em raz\u00e3o da pandemia da covid-19 e da crise no setor de transportes e d\u00e1 outras provid\u00eancias.<\/li>\n\n\n\n<li><a href=\"https:\/\/www.pmpf.rs.gov.br\/transparencia\/wp-content\/uploads\/sites\/31\/2023\/07\/subsidio-tranporte-decreto-99-2022.pdf\" target=\"_blank\" rel=\"noreferrer noopener\">Decreto 99\/2022<\/a> &#8211; Disp\u00f5e sobre o repasse do aporte da Assist\u00eancia Financeira Federal destinado a auxiliar no custeio da gratuidade das pessoas idosas no transporte coletivo urbano de passageiros que trata a emenda constitucional n\u00ba 123, de 14 de julho de 2022.<\/li>\n\n\n\n<li><a href=\"https:\/\/www.pmpf.rs.gov.br\/transparencia\/wp-content\/uploads\/sites\/31\/2023\/07\/decreto-53-2023.pdf\" target=\"_blank\" rel=\"noreferrer noopener\">Decreto 53\/2023<\/a> &#8211; Disp\u00f5e sobre o subs\u00eddio para o transporte coletivo urbano de passageiros, que trata a Lei n.\u00ba 5.739, de 30 de maio de 2023.<\/li>\n\n\n\n<li><a href=\"https:\/\/www.pmpf.rs.gov.br\/transparencia\/wp-content\/uploads\/sites\/31\/2023\/07\/decreto-54-2023.pdf\" target=\"_blank\" rel=\"noreferrer noopener\">Decreto 54\/2023<\/a> &#8211; Estabelece o valor das Tarifas P\u00fablica e T\u00e9cnica do transporte coletivo urbano no Munic\u00edpio de Passo Fundo.<\/li>\n\n\n\n<li><a href=\"https:\/\/www.pmpf.rs.gov.br\/transparencia\/wp-content\/uploads\/sites\/31\/2023\/07\/subsidio-transporte-oficio-coleurb-codepas-contrapartida.pdf\" target=\"_blank\" rel=\"noreferrer noopener\">Of\u00edcio Empresas COLEURB e CODEPAS<\/a> &#8211; Contrapartida<\/li>\n\n\n\n<li><a href=\"https:\/\/www.pmpf.rs.gov.br\/transparencia\/wp-content\/uploads\/sites\/31\/2023\/07\/subsidio-transporte-oficio-coleurb-codepas-dados-sistema.pdf\" target=\"_blank\" rel=\"noreferrer noopener\">Of\u00edcio Empresas COLEURB e CODEPAS<\/a> &#8211; Solicita\u00e7\u00e3o de dados e Informa\u00e7\u00f5es<\/li>\n\n\n\n<li><a href=\"https:\/\/www.pmpf.rs.gov.br\/transparencia\/wp-content\/uploads\/sites\/31\/2023\/07\/subsidio-transporte-tabela-horario-27.pdf\" target=\"_blank\" rel=\"noreferrer noopener\">Tabela Hor\u00e1rios Linha 27<\/a> &#8211; Leonardo Ilha &#8211; Vera Cruz<\/li>\n\n\n\n<li><a href=\"https:\/\/www.pmpf.rs.gov.br\/transparencia\/wp-content\/uploads\/sites\/31\/2023\/07\/subsidio-transporte-tabela-horarios.pdf\" target=\"_blank\" rel=\"noreferrer noopener\">Tabela Hor\u00e1rios Linha 07 e Linha 12<\/a> &#8211; H\u00edpica &#8211; Planaltina e Santa Marta &#8211; Entre Rios<\/li>\n\n\n\n<li><a href=\"https:\/\/www.pmpf.rs.gov.br\/transparencia\/wp-content\/uploads\/sites\/31\/2023\/09\/transporte-nota-tecnica-subsidio.pdf\" target=\"_blank\" rel=\"noreferrer noopener\">Nota T\u00e9cnica Subs\u00eddio<\/a>\n<ul class=\"wp-block-list\">\n<li><a href=\"https:\/\/www.pmpf.rs.gov.br\/transparencia\/wp-content\/uploads\/sites\/31\/2023\/09\/transporte-notas-tecnicas-tarifa-tecnica.pdf\" target=\"_blank\" rel=\"noreferrer noopener\">Notas T\u00e9cnicas &#8211; Tarifa T\u00e9cnica<\/a><\/li>\n\n\n\n<li><a href=\"https:\/\/www.pmpf.rs.gov.br\/transparencia\/wp-content\/uploads\/sites\/31\/2023\/09\/transporte-planilha-tarifa-tecnica.pdf\" target=\"_blank\" rel=\"noreferrer noopener\">Planilha Tarifa T\u00e9cnica<\/a><\/li>\n<\/ul>\n<\/li>\n\n\n\n<li><a href=\"https:\/\/www.pmpf.rs.gov.br\/transparencia\/wp-content\/uploads\/sites\/31\/2024\/04\/subsidio-transporte-termo-de-sessao-1.pdf\" target=\"_blank\" rel=\"noreferrer noopener\">Termo da Sess\u00e3o<\/a><\/li>\n\n\n\n<li><a href=\"https:\/\/www.pmpf.rs.gov.br\/transparencia\/wp-content\/uploads\/sites\/31\/2024\/04\/subsidio-transporte-homologacao-acordo.pdf\" target=\"_blank\" rel=\"noreferrer noopener\">Homologa\u00e7\u00e3o do Acordo<\/a><\/li>\n\n\n\n<li><a href=\"https:\/\/www.pmpf.rs.gov.br\/transparencia\/wp-content\/uploads\/sites\/31\/2024\/07\/subsidio-transporte-ata-cmmu.pdf\" target=\"_blank\" rel=\"noreferrer noopener\">Ata Conselho Municipal de Mobilidade Urbana &#8211; CMMU<\/a><\/li>\n<\/ul>\n","protected":false},"excerpt":{"rendered":"","protected":false},"author":4,"featured_media":0,"parent":0,"menu_order":6,"comment_status":"closed","ping_status":"closed","template":"","meta":{"footnotes":""},"class_list":["post-6338","page","type-page","status-publish","hentry"],"yoast_head":"<!-- This site is optimized with the Yoast SEO plugin v23.8 - https:\/\/yoast.com\/wordpress\/plugins\/seo\/ -->\n<title>Subs\u00eddios do Transporte Coletivo - Transpar\u00eancia<\/title>\n<meta name=\"robots\" content=\"index, follow, max-snippet:-1, max-image-preview:large, max-video-preview:-1\" \/>\n<link rel=\"canonical\" href=\"https:\/\/www.pmpf.rs.gov.br\/transparencia\/subsidiostransportecoletivo\/\" \/>\n<meta property=\"og:locale\" content=\"pt_BR\" \/>\n<meta property=\"og:type\" content=\"article\" \/>\n<meta property=\"og:title\" content=\"Subs\u00eddios do Transporte Coletivo - Transpar\u00eancia\" \/>\n<meta property=\"og:url\" content=\"https:\/\/www.pmpf.rs.gov.br\/transparencia\/subsidiostransportecoletivo\/\" \/>\n<meta property=\"og:site_name\" content=\"Transpar\u00eancia\" \/>\n<meta property=\"article:modified_time\" content=\"2024-07-29T19:42:31+00:00\" \/>\n<meta name=\"twitter:card\" content=\"summary_large_image\" \/>\n<meta name=\"twitter:label1\" content=\"Est. tempo de leitura\" \/>\n\t<meta name=\"twitter:data1\" content=\"1 minuto\" \/>\n<script type=\"application\/ld+json\" class=\"yoast-schema-graph\">{\"@context\":\"https:\/\/schema.org\",\"@graph\":[{\"@type\":\"WebPage\",\"@id\":\"https:\/\/www.pmpf.rs.gov.br\/transparencia\/subsidiostransportecoletivo\/\",\"url\":\"https:\/\/www.pmpf.rs.gov.br\/transparencia\/subsidiostransportecoletivo\/\",\"name\":\"Subs\u00eddios do Transporte Coletivo - Transpar\u00eancia\",\"isPartOf\":{\"@id\":\"https:\/\/www.pmpf.rs.gov.br\/transparencia\/#website\"},\"datePublished\":\"2023-07-17T11:52:17+00:00\",\"dateModified\":\"2024-07-29T19:42:31+00:00\",\"inLanguage\":\"pt-BR\",\"potentialAction\":[{\"@type\":\"ReadAction\",\"target\":[\"https:\/\/www.pmpf.rs.gov.br\/transparencia\/subsidiostransportecoletivo\/\"]}]},{\"@type\":\"WebSite\",\"@id\":\"https:\/\/www.pmpf.rs.gov.br\/transparencia\/#website\",\"url\":\"https:\/\/www.pmpf.rs.gov.br\/transparencia\/\",\"name\":\"Transpar\u00eancia\",\"description\":\"S\u00f3 mais um site Prefeitura de Passo Fundo\",\"potentialAction\":[{\"@type\":\"SearchAction\",\"target\":{\"@type\":\"EntryPoint\",\"urlTemplate\":\"https:\/\/www.pmpf.rs.gov.br\/transparencia\/?s={search_term_string}\"},\"query-input\":{\"@type\":\"PropertyValueSpecification\",\"valueRequired\":true,\"valueName\":\"search_term_string\"}}],\"inLanguage\":\"pt-BR\"}]}<\/script>\n<!-- \/ Yoast SEO plugin. -->","yoast_head_json":{"title":"Subs\u00eddios do Transporte Coletivo - Transpar\u00eancia","robots":{"index":"index","follow":"follow","max-snippet":"max-snippet:-1","max-image-preview":"max-image-preview:large","max-video-preview":"max-video-preview:-1"},"canonical":"https:\/\/www.pmpf.rs.gov.br\/transparencia\/subsidiostransportecoletivo\/","og_locale":"pt_BR","og_type":"article","og_title":"Subs\u00eddios do Transporte Coletivo - Transpar\u00eancia","og_url":"https:\/\/www.pmpf.rs.gov.br\/transparencia\/subsidiostransportecoletivo\/","og_site_name":"Transpar\u00eancia","article_modified_time":"2024-07-29T19:42:31+00:00","twitter_card":"summary_large_image","twitter_misc":{"Est. tempo de leitura":"1 minuto"},"schema":{"@context":"https:\/\/schema.org","@graph":[{"@type":"WebPage","@id":"https:\/\/www.pmpf.rs.gov.br\/transparencia\/subsidiostransportecoletivo\/","url":"https:\/\/www.pmpf.rs.gov.br\/transparencia\/subsidiostransportecoletivo\/","name":"Subs\u00eddios do Transporte Coletivo - Transpar\u00eancia","isPartOf":{"@id":"https:\/\/www.pmpf.rs.gov.br\/transparencia\/#website"},"datePublished":"2023-07-17T11:52:17+00:00","dateModified":"2024-07-29T19:42:31+00:00","inLanguage":"pt-BR","potentialAction":[{"@type":"ReadAction","target":["https:\/\/www.pmpf.rs.gov.br\/transparencia\/subsidiostransportecoletivo\/"]}]},{"@type":"WebSite","@id":"https:\/\/www.pmpf.rs.gov.br\/transparencia\/#website","url":"https:\/\/www.pmpf.rs.gov.br\/transparencia\/","name":"Transpar\u00eancia","description":"S\u00f3 mais um site Prefeitura de Passo Fundo","potentialAction":[{"@type":"SearchAction","target":{"@type":"EntryPoint","urlTemplate":"https:\/\/www.pmpf.rs.gov.br\/transparencia\/?s={search_term_string}"},"query-input":{"@type":"PropertyValueSpecification","valueRequired":true,"valueName":"search_term_string"}}],"inLanguage":"pt-BR"}]}},"_links":{"self":[{"href":"https:\/\/www.pmpf.rs.gov.br\/transparencia\/wp-json\/wp\/v2\/pages\/6338"}],"collection":[{"href":"https:\/\/www.pmpf.rs.gov.br\/transparencia\/wp-json\/wp\/v2\/pages"}],"about":[{"href":"https:\/\/www.pmpf.rs.gov.br\/transparencia\/wp-json\/wp\/v2\/types\/page"}],"author":[{"embeddable":true,"href":"https:\/\/www.pmpf.rs.gov.br\/transparencia\/wp-json\/wp\/v2\/users\/4"}],"replies":[{"embeddable":true,"href":"https:\/\/www.pmpf.rs.gov.br\/transparencia\/wp-json\/wp\/v2\/comments?post=6338"}],"version-history":[{"count":14,"href":"https:\/\/www.pmpf.rs.gov.br\/transparencia\/wp-json\/wp\/v2\/pages\/6338\/revisions"}],"predecessor-version":[{"id":7890,"href":"https:\/\/www.pmpf.rs.gov.br\/transparencia\/wp-json\/wp\/v2\/pages\/6338\/revisions\/7890"}],"wp:attachment":[{"href":"https:\/\/www.pmpf.rs.gov.br\/transparencia\/wp-json\/wp\/v2\/media?parent=6338"}],"curies":[{"name":"wp","href":"https:\/\/api.w.org\/{rel}","templated":true}]}}

Subsídios do Transporte Coletivo

<ul class="wp-block-list">
<li><a href="https://www.pmpf.rs.gov.br/transparencia/wp-content/uploads/sites/31/2023/07/subsidio-transporte-ata-cmmu-1.pdf" target="_blank" rel="noreferrer noopener">Ata do Conselho Municipal de Mobilidade Urbana &#8211; CMMU</a></li>



<li><a href="https://www.pmpf.rs.gov.br/transparencia/wp-content/uploads/sites/31/2023/07/lei-ord-5739-2023.pdf" target="_blank" rel="noreferrer noopener">Lei 5.739/2023</a> &#8211; Autoriza a concessão de subsídio tarifário ao transporte coletivo urbano de passageiros no Município de Passo Fundo em razão da pandemia da covid-19 e da crise no setor de transportes e dá outras providências.</li>



<li><a href="https://www.pmpf.rs.gov.br/transparencia/wp-content/uploads/sites/31/2023/07/subsidio-tranporte-decreto-99-2022.pdf" target="_blank" rel="noreferrer noopener">Decreto 99/2022</a> &#8211; Dispõe sobre o repasse do aporte da Assistência Financeira Federal destinado a auxiliar no custeio da gratuidade das pessoas idosas no transporte coletivo urbano de passageiros que trata a emenda constitucional nº 123, de 14 de julho de 2022.</li>



<li><a href="https://www.pmpf.rs.gov.br/transparencia/wp-content/uploads/sites/31/2023/07/decreto-53-2023.pdf" target="_blank" rel="noreferrer noopener">Decreto 53/2023</a> &#8211; Dispõe sobre o subsídio para o transporte coletivo urbano de passageiros, que trata a Lei n.º 5.739, de 30 de maio de 2023.</li>



<li><a href="https://www.pmpf.rs.gov.br/transparencia/wp-content/uploads/sites/31/2023/07/decreto-54-2023.pdf" target="_blank" rel="noreferrer noopener">Decreto 54/2023</a> &#8211; Estabelece o valor das Tarifas Pública e Técnica do transporte coletivo urbano no Município de Passo Fundo.</li>



<li><a href="https://www.pmpf.rs.gov.br/transparencia/wp-content/uploads/sites/31/2023/07/subsidio-transporte-oficio-coleurb-codepas-contrapartida.pdf" target="_blank" rel="noreferrer noopener">Ofício Empresas COLEURB e CODEPAS</a> &#8211; Contrapartida</li>



<li><a href="https://www.pmpf.rs.gov.br/transparencia/wp-content/uploads/sites/31/2023/07/subsidio-transporte-oficio-coleurb-codepas-dados-sistema.pdf" target="_blank" rel="noreferrer noopener">Ofício Empresas COLEURB e CODEPAS</a> &#8211; Solicitação de dados e Informações</li>



<li><a href="https://www.pmpf.rs.gov.br/transparencia/wp-content/uploads/sites/31/2023/07/subsidio-transporte-tabela-horario-27.pdf" target="_blank" rel="noreferrer noopener">Tabela Horários Linha 27</a> &#8211; Leonardo Ilha &#8211; Vera Cruz</li>



<li><a href="https://www.pmpf.rs.gov.br/transparencia/wp-content/uploads/sites/31/2023/07/subsidio-transporte-tabela-horarios.pdf" target="_blank" rel="noreferrer noopener">Tabela Horários Linha 07 e Linha 12</a> &#8211; Hípica &#8211; Planaltina e Santa Marta &#8211; Entre Rios</li>



<li><a href="https://www.pmpf.rs.gov.br/transparencia/wp-content/uploads/sites/31/2023/09/transporte-nota-tecnica-subsidio.pdf" target="_blank" rel="noreferrer noopener">Nota Técnica Subsídio</a>
<ul class="wp-block-list">
<li><a href="https://www.pmpf.rs.gov.br/transparencia/wp-content/uploads/sites/31/2023/09/transporte-notas-tecnicas-tarifa-tecnica.pdf" target="_blank" rel="noreferrer noopener">Notas Técnicas &#8211; Tarifa Técnica</a></li>



<li><a href="https://www.pmpf.rs.gov.br/transparencia/wp-content/uploads/sites/31/2023/09/transporte-planilha-tarifa-tecnica.pdf" target="_blank" rel="noreferrer noopener">Planilha Tarifa Técnica</a></li>
</ul>
</li>



<li><a href="https://www.pmpf.rs.gov.br/transparencia/wp-content/uploads/sites/31/2024/04/subsidio-transporte-termo-de-sessao-1.pdf" target="_blank" rel="noreferrer noopener">Termo da Sessão</a></li>



<li><a href="https://www.pmpf.rs.gov.br/transparencia/wp-content/uploads/sites/31/2024/04/subsidio-transporte-homologacao-acordo.pdf" target="_blank" rel="noreferrer noopener">Homologação do Acordo</a></li>



<li><a href="https://www.pmpf.rs.gov.br/transparencia/wp-content/uploads/sites/31/2024/07/subsidio-transporte-ata-cmmu.pdf" target="_blank" rel="noreferrer noopener">Ata Conselho Municipal de Mobilidade Urbana &#8211; CMMU</a></li>
</ul>

<!-- This site is optimized with the Yoast SEO plugin v23.8 - https://yoast.com/wordpress/plugins/seo/ -->
<title>Subsídios do Transporte Coletivo - Transparência</title>
<meta name="robots" content="index, follow, max-snippet:-1, max-image-preview:large, max-video-preview:-1" />
<link rel="canonical" href="https://www.pmpf.rs.gov.br/transparencia/subsidiostransportecoletivo/" />
<meta property="og:locale" content="pt_BR" />
<meta property="og:type" content="article" />
<meta property="og:title" content="Subsídios do Transporte Coletivo - Transparência" />
<meta property="og:url" content="https://www.pmpf.rs.gov.br/transparencia/subsidiostransportecoletivo/" />
<meta property="og:site_name" content="Transparência" />
<meta property="article:modified_time" content="2024-07-29T19:42:31+00:00" />
<meta name="twitter:card" content="summary_large_image" />
<meta name="twitter:label1" content="Est. tempo de leitura" />
	<meta name="twitter:data1" content="1 minuto" />
<script type="application/ld+json" class="yoast-schema-graph">{"@context":"https://schema.org","@graph":[{"@type":"WebPage","@id":"https://www.pmpf.rs.gov.br/transparencia/subsidiostransportecoletivo/","url":"https://www.pmpf.rs.gov.br/transparencia/subsidiostransportecoletivo/","name":"Subsídios do Transporte Coletivo - Transparência","isPartOf":{"@id":"https://www.pmpf.rs.gov.br/transparencia/#website"},"datePublished":"2023-07-17T11:52:17+00:00","dateModified":"2024-07-29T19:42:31+00:00","inLanguage":"pt-BR","potentialAction":[{"@type":"ReadAction","target":["https://www.pmpf.rs.gov.br/transparencia/subsidiostransportecoletivo/"]}]},{"@type":"WebSite","@id":"https://www.pmpf.rs.gov.br/transparencia/#website","url":"https://www.pmpf.rs.gov.br/transparencia/","name":"Transparência","description":"Só mais um site Prefeitura de Passo Fundo","potentialAction":[{"@type":"SearchAction","target":{"@type":"EntryPoint","urlTemplate":"https://www.pmpf.rs.gov.br/transparencia/?s={search_term_string}"},"query-input":{"@type":"PropertyValueSpecification","valueRequired":true,"valueName":"search_term_string"}}],"inLanguage":"pt-BR"}]}</script>
<!-- / Yoast SEO plugin. -->

Subsídios do Transporte Coletivo - Transparência

Transparência

Só mais um site Prefeitura de Passo Fundo
