{"id":59,"date":"2021-12-16T11:16:52","date_gmt":"2021-12-16T14:16:52","guid":{"rendered":"https:\/\/www.pmpf.rs.gov.br\/transparencia\/?page_id=59"},"modified":"2022-03-08T07:54:12","modified_gmt":"2022-03-08T10:54:12","slug":"leis-do-portal-da-transparencia","status":"publish","type":"page","link":"https:\/\/www.pmpf.rs.gov.br\/transparencia\/leis-do-portal-da-transparencia\/","title":{"rendered":"Legisla\u00e7\u00f5es"},"content":{"rendered":"\n<div class=\"wp-block-image\"><figure class=\"alignleft size-full\"><img loading=\"lazy\" decoding=\"async\" width=\"280\" height=\"186\" src=\"https:\/\/www.pmpf.rs.gov.br\/transparencia\/wp-content\/uploads\/sites\/31\/2021\/12\/I2018-10-15_10_31_22_106220.png\" alt=\"\" class=\"wp-image-60\"\/><\/figure><\/div>\n\n\n\n<p><a href=\"https:\/\/leismunicipais.com.br\/a1\/rs\/p\/passo-fundo\/lei-ordinaria\/2012\/488\/4876\/lei-ordinaria-n-4876-2012-dispoe-sobre-a-transparencia-na-administracao-publica-passo-fundense-e-da-outras-providencias?q=4876%2F2012\" target=\"_blank\" rel=\"noreferrer noopener\">Lei N\u00ba 4876 de 13 de janeiro de 2012<\/a>&nbsp;&#8211; Disp\u00f5e sobre a transpar\u00eancia na administra\u00e7\u00e3o p\u00fablica passo-fundense e d\u00e1 outras provid\u00eancias.<\/p>\n\n\n\n<p><a href=\"https:\/\/leismunicipais.com.br\/a1\/rs\/p\/passo-fundo\/lei-ordinaria\/2013\/504\/5031\/lei-ordinaria-n-5031-2013-regulamenta-a-lei-federal-n-12527-de-18-de-novembro-de-2011-no-ambito-do-poder-executivo-municipal-estabelecendo-procedimentos-e-outras-providencias-correlatas-para-garantir-o-direito-de-acesso-a-informacao?q=5031%2F2013\" target=\"_blank\" rel=\"noreferrer noopener\">Lei N\u00ba 5031 de 11 de novembro de 2013<\/a>&nbsp;&#8211; Regulamenta a Lei Federal n\u00ba 12.527, de 18 de novembro de 2011, no \u00e2mbito do poder executivo municipal, estabelecendo procedimentos e outras provid\u00eancias correlatas para garantir o direito de acesso \u00e0 informa\u00e7\u00e3o.<\/p>\n\n\n\n<p><a href=\"http:\/\/www.planalto.gov.br\/ccivil_03\/_ato2011-2014\/2011\/lei\/l12527.htm\" target=\"_blank\" rel=\"noreferrer noopener\">Lei Federal 12.527\/201<\/a>1 &#8211; Lei de Acesso \u00e0 Informa\u00e7\u00e3o &#8211; LAI<\/p>\n\n\n\n<p><a href=\"http:\/\/www.planalto.gov.br\/ccivil_03\/leis\/lcp\/Lcp131.htm\" target=\"_blank\" rel=\"noreferrer noopener\">\ufeffLei Complementar 131\/2009<\/a>&nbsp;&#8211; Execu\u00e7\u00e3o or\u00e7ament\u00e1ria e financeira da receita e despesa em tempo real<\/p>\n","protected":false},"excerpt":{"rendered":"<p>Lei N\u00ba 4876 de 13 de janeiro de 2012&nbsp;&#8211; Disp\u00f5e sobre a transpar\u00eancia na administra\u00e7\u00e3o p\u00fablica passo-fundense e d\u00e1 outras provid\u00eancias. Lei N\u00ba 5031 de 11 de novembro de 2013&nbsp;&#8211; Regulamenta a [&hellip;]<\/p>\n","protected":false},"author":1,"featured_media":0,"parent":0,"menu_order":127,"comment_status":"closed","ping_status":"closed","template":"","meta":{"footnotes":""},"class_list":["post-59","page","type-page","status-publish","hentry"],"yoast_head":"<!-- This site is optimized with the Yoast SEO plugin v23.8 - https:\/\/yoast.com\/wordpress\/plugins\/seo\/ -->\n<title>Legisla\u00e7\u00f5es - Transpar\u00eancia<\/title>\n<meta name=\"robots\" content=\"index, follow, max-snippet:-1, max-image-preview:large, max-video-preview:-1\" \/>\n<link rel=\"canonical\" href=\"https:\/\/www.pmpf.rs.gov.br\/transparencia\/leis-do-portal-da-transparencia\/\" \/>\n<meta property=\"og:locale\" content=\"pt_BR\" \/>\n<meta property=\"og:type\" content=\"article\" \/>\n<meta property=\"og:title\" content=\"Legisla\u00e7\u00f5es - Transpar\u00eancia\" \/>\n<meta property=\"og:description\" content=\"Lei N\u00ba 4876 de 13 de janeiro de 2012&nbsp;&#8211; Disp\u00f5e sobre a transpar\u00eancia na administra\u00e7\u00e3o p\u00fablica passo-fundense e d\u00e1 outras provid\u00eancias. Lei N\u00ba 5031 de 11 de novembro de 2013&nbsp;&#8211; Regulamenta a [&hellip;]\" \/>\n<meta property=\"og:url\" content=\"https:\/\/www.pmpf.rs.gov.br\/transparencia\/leis-do-portal-da-transparencia\/\" \/>\n<meta property=\"og:site_name\" content=\"Transpar\u00eancia\" \/>\n<meta property=\"article:modified_time\" content=\"2022-03-08T10:54:12+00:00\" \/>\n<meta property=\"og:image\" content=\"https:\/\/www.pmpf.rs.gov.br\/transparencia\/wp-content\/uploads\/sites\/31\/2021\/12\/I2018-10-15_10_31_22_106220.png\" \/>\n<meta name=\"twitter:card\" content=\"summary_large_image\" \/>\n<meta name=\"twitter:label1\" content=\"Est. tempo de leitura\" \/>\n\t<meta name=\"twitter:data1\" content=\"1 minuto\" \/>\n<script type=\"application\/ld+json\" class=\"yoast-schema-graph\">{\"@context\":\"https:\/\/schema.org\",\"@graph\":[{\"@type\":\"WebPage\",\"@id\":\"https:\/\/www.pmpf.rs.gov.br\/transparencia\/leis-do-portal-da-transparencia\/\",\"url\":\"https:\/\/www.pmpf.rs.gov.br\/transparencia\/leis-do-portal-da-transparencia\/\",\"name\":\"Legisla\u00e7\u00f5es - Transpar\u00eancia\",\"isPartOf\":{\"@id\":\"https:\/\/www.pmpf.rs.gov.br\/transparencia\/#website\"},\"primaryImageOfPage\":{\"@id\":\"https:\/\/www.pmpf.rs.gov.br\/transparencia\/leis-do-portal-da-transparencia\/#primaryimage\"},\"image\":{\"@id\":\"https:\/\/www.pmpf.rs.gov.br\/transparencia\/leis-do-portal-da-transparencia\/#primaryimage\"},\"thumbnailUrl\":\"https:\/\/www.pmpf.rs.gov.br\/transparencia\/wp-content\/uploads\/sites\/31\/2021\/12\/I2018-10-15_10_31_22_106220.png\",\"datePublished\":\"2021-12-16T14:16:52+00:00\",\"dateModified\":\"2022-03-08T10:54:12+00:00\",\"inLanguage\":\"pt-BR\",\"potentialAction\":[{\"@type\":\"ReadAction\",\"target\":[\"https:\/\/www.pmpf.rs.gov.br\/transparencia\/leis-do-portal-da-transparencia\/\"]}]},{\"@type\":\"ImageObject\",\"inLanguage\":\"pt-BR\",\"@id\":\"https:\/\/www.pmpf.rs.gov.br\/transparencia\/leis-do-portal-da-transparencia\/#primaryimage\",\"url\":\"https:\/\/www.pmpf.rs.gov.br\/transparencia\/wp-content\/uploads\/sites\/31\/2021\/12\/I2018-10-15_10_31_22_106220.png\",\"contentUrl\":\"https:\/\/www.pmpf.rs.gov.br\/transparencia\/wp-content\/uploads\/sites\/31\/2021\/12\/I2018-10-15_10_31_22_106220.png\",\"width\":280,\"height\":186},{\"@type\":\"WebSite\",\"@id\":\"https:\/\/www.pmpf.rs.gov.br\/transparencia\/#website\",\"url\":\"https:\/\/www.pmpf.rs.gov.br\/transparencia\/\",\"name\":\"Transpar\u00eancia\",\"description\":\"S\u00f3 mais um site Prefeitura de Passo Fundo\",\"potentialAction\":[{\"@type\":\"SearchAction\",\"target\":{\"@type\":\"EntryPoint\",\"urlTemplate\":\"https:\/\/www.pmpf.rs.gov.br\/transparencia\/?s={search_term_string}\"},\"query-input\":{\"@type\":\"PropertyValueSpecification\",\"valueRequired\":true,\"valueName\":\"search_term_string\"}}],\"inLanguage\":\"pt-BR\"}]}<\/script>\n<!-- \/ Yoast SEO plugin. -->","yoast_head_json":{"title":"Legisla\u00e7\u00f5es - Transpar\u00eancia","robots":{"index":"index","follow":"follow","max-snippet":"max-snippet:-1","max-image-preview":"max-image-preview:large","max-video-preview":"max-video-preview:-1"},"canonical":"https:\/\/www.pmpf.rs.gov.br\/transparencia\/leis-do-portal-da-transparencia\/","og_locale":"pt_BR","og_type":"article","og_title":"Legisla\u00e7\u00f5es - Transpar\u00eancia","og_description":"Lei N\u00ba 4876 de 13 de janeiro de 2012&nbsp;&#8211; Disp\u00f5e sobre a transpar\u00eancia na administra\u00e7\u00e3o p\u00fablica passo-fundense e d\u00e1 outras provid\u00eancias. Lei N\u00ba 5031 de 11 de novembro de 2013&nbsp;&#8211; Regulamenta a [&hellip;]","og_url":"https:\/\/www.pmpf.rs.gov.br\/transparencia\/leis-do-portal-da-transparencia\/","og_site_name":"Transpar\u00eancia","article_modified_time":"2022-03-08T10:54:12+00:00","og_image":[{"url":"https:\/\/www.pmpf.rs.gov.br\/transparencia\/wp-content\/uploads\/sites\/31\/2021\/12\/I2018-10-15_10_31_22_106220.png"}],"twitter_card":"summary_large_image","twitter_misc":{"Est. tempo de leitura":"1 minuto"},"schema":{"@context":"https:\/\/schema.org","@graph":[{"@type":"WebPage","@id":"https:\/\/www.pmpf.rs.gov.br\/transparencia\/leis-do-portal-da-transparencia\/","url":"https:\/\/www.pmpf.rs.gov.br\/transparencia\/leis-do-portal-da-transparencia\/","name":"Legisla\u00e7\u00f5es - Transpar\u00eancia","isPartOf":{"@id":"https:\/\/www.pmpf.rs.gov.br\/transparencia\/#website"},"primaryImageOfPage":{"@id":"https:\/\/www.pmpf.rs.gov.br\/transparencia\/leis-do-portal-da-transparencia\/#primaryimage"},"image":{"@id":"https:\/\/www.pmpf.rs.gov.br\/transparencia\/leis-do-portal-da-transparencia\/#primaryimage"},"thumbnailUrl":"https:\/\/www.pmpf.rs.gov.br\/transparencia\/wp-content\/uploads\/sites\/31\/2021\/12\/I2018-10-15_10_31_22_106220.png","datePublished":"2021-12-16T14:16:52+00:00","dateModified":"2022-03-08T10:54:12+00:00","inLanguage":"pt-BR","potentialAction":[{"@type":"ReadAction","target":["https:\/\/www.pmpf.rs.gov.br\/transparencia\/leis-do-portal-da-transparencia\/"]}]},{"@type":"ImageObject","inLanguage":"pt-BR","@id":"https:\/\/www.pmpf.rs.gov.br\/transparencia\/leis-do-portal-da-transparencia\/#primaryimage","url":"https:\/\/www.pmpf.rs.gov.br\/transparencia\/wp-content\/uploads\/sites\/31\/2021\/12\/I2018-10-15_10_31_22_106220.png","contentUrl":"https:\/\/www.pmpf.rs.gov.br\/transparencia\/wp-content\/uploads\/sites\/31\/2021\/12\/I2018-10-15_10_31_22_106220.png","width":280,"height":186},{"@type":"WebSite","@id":"https:\/\/www.pmpf.rs.gov.br\/transparencia\/#website","url":"https:\/\/www.pmpf.rs.gov.br\/transparencia\/","name":"Transpar\u00eancia","description":"S\u00f3 mais um site Prefeitura de Passo Fundo","potentialAction":[{"@type":"SearchAction","target":{"@type":"EntryPoint","urlTemplate":"https:\/\/www.pmpf.rs.gov.br\/transparencia\/?s={search_term_string}"},"query-input":{"@type":"PropertyValueSpecification","valueRequired":true,"valueName":"search_term_string"}}],"inLanguage":"pt-BR"}]}},"_links":{"self":[{"href":"https:\/\/www.pmpf.rs.gov.br\/transparencia\/wp-json\/wp\/v2\/pages\/59"}],"collection":[{"href":"https:\/\/www.pmpf.rs.gov.br\/transparencia\/wp-json\/wp\/v2\/pages"}],"about":[{"href":"https:\/\/www.pmpf.rs.gov.br\/transparencia\/wp-json\/wp\/v2\/types\/page"}],"author":[{"embeddable":true,"href":"https:\/\/www.pmpf.rs.gov.br\/transparencia\/wp-json\/wp\/v2\/users\/1"}],"replies":[{"embeddable":true,"href":"https:\/\/www.pmpf.rs.gov.br\/transparencia\/wp-json\/wp\/v2\/comments?post=59"}],"version-history":[{"count":5,"href":"https:\/\/www.pmpf.rs.gov.br\/transparencia\/wp-json\/wp\/v2\/pages\/59\/revisions"}],"predecessor-version":[{"id":4292,"href":"https:\/\/www.pmpf.rs.gov.br\/transparencia\/wp-json\/wp\/v2\/pages\/59\/revisions\/4292"}],"wp:attachment":[{"href":"https:\/\/www.pmpf.rs.gov.br\/transparencia\/wp-json\/wp\/v2\/media?parent=59"}],"curies":[{"name":"wp","href":"https:\/\/api.w.org\/{rel}","templated":true}]}}