{"id":1642,"date":"2021-12-16T22:04:42","date_gmt":"2021-12-17T01:04:42","guid":{"rendered":"https:\/\/www.pmpf.rs.gov.br\/transparencia\/?page_id=1642"},"modified":"2023-06-20T15:07:37","modified_gmt":"2023-06-20T18:07:37","slug":"quadrienio-2018-2021","status":"publish","type":"page","link":"https:\/\/www.pmpf.rs.gov.br\/transparencia\/plano-plurianual-ppa\/quadrienio-2018-2021\/","title":{"rendered":"Quadri\u00eanio 2018\/2021"},"content":{"rendered":"\n<figure class=\"wp-block-table\"><table><tbody><tr><td>Nome<\/td><td>Arquivo<\/td><\/tr><tr><td>Consolida\u00e7\u00e3o Geral &#8211; Plano Plurianual 2018\/2021<\/td><td><a href=\"https:\/\/www.pmpf.rs.gov.br\/transparencia\/wp-content\/uploads\/sites\/31\/2021\/12\/ppa20182021_consolidacao.pdf\" target=\"_blank\" rel=\"noreferrer noopener\"><img decoding=\"async\" src=\"https:\/\/www.pmpf.rs.gov.br\/transparencia\/wp-content\/uploads\/sites\/31\/2021\/12\/IcBaselineDownloadForOffline.svg\" alt=\"Baixar\" width=\"24px\" height=\"24px\"><\/a><\/td><\/tr><tr><td>Lei n\u00ba 5.275\/2017 Disp\u00f5e sobre o Plano Plurianual para o quadri\u00eanio 2018\/2021<\/td><td><a href=\"https:\/\/www.pmpf.rs.gov.br\/transparencia\/wp-content\/uploads\/sites\/31\/2021\/12\/ppa20182021_lei52752017.pdf\" target=\"_blank\" rel=\"noreferrer noopener\"><img decoding=\"async\" src=\"https:\/\/www.pmpf.rs.gov.br\/transparencia\/wp-content\/uploads\/sites\/31\/2021\/12\/IcBaselineDownloadForOffline.svg\" alt=\"Baixar\" width=\"24px\" height=\"24px\"><\/a><\/td><\/tr><\/tbody><\/table><\/figure>\n","protected":false},"excerpt":{"rendered":"<p>Nome Arquivo Consolida\u00e7\u00e3o Geral &#8211; Plano Plurianual 2018\/2021 Lei n\u00ba 5.275\/2017 Disp\u00f5e sobre o Plano Plurianual para o quadri\u00eanio 2018\/2021<\/p>\n","protected":false},"author":1,"featured_media":0,"parent":1637,"menu_order":106,"comment_status":"closed","ping_status":"closed","template":"","meta":{"footnotes":""},"class_list":["post-1642","page","type-page","status-publish","hentry"],"yoast_head":"<!-- This site is optimized with the Yoast SEO plugin v23.8 - https:\/\/yoast.com\/wordpress\/plugins\/seo\/ -->\n<title>Quadri\u00eanio 2018\/2021 - Transpar\u00eancia<\/title>\n<meta name=\"robots\" content=\"index, follow, max-snippet:-1, max-image-preview:large, max-video-preview:-1\" \/>\n<link rel=\"canonical\" href=\"https:\/\/www.pmpf.rs.gov.br\/transparencia\/plano-plurianual-ppa\/quadrienio-2018-2021\/\" \/>\n<meta property=\"og:locale\" content=\"pt_BR\" \/>\n<meta property=\"og:type\" content=\"article\" \/>\n<meta property=\"og:title\" content=\"Quadri\u00eanio 2018\/2021 - Transpar\u00eancia\" \/>\n<meta property=\"og:description\" content=\"Nome Arquivo Consolida\u00e7\u00e3o Geral &#8211; Plano Plurianual 2018\/2021 Lei n\u00ba 5.275\/2017 Disp\u00f5e sobre o Plano Plurianual para o quadri\u00eanio 2018\/2021\" \/>\n<meta property=\"og:url\" content=\"https:\/\/www.pmpf.rs.gov.br\/transparencia\/plano-plurianual-ppa\/quadrienio-2018-2021\/\" \/>\n<meta property=\"og:site_name\" content=\"Transpar\u00eancia\" \/>\n<meta property=\"article:modified_time\" content=\"2023-06-20T18:07:37+00:00\" \/>\n<meta property=\"og:image\" content=\"https:\/\/www.pmpf.rs.gov.br\/transparencia\/wp-content\/uploads\/sites\/31\/2021\/12\/IcBaselineDownloadForOffline.svg\" \/>\n<meta name=\"twitter:card\" content=\"summary_large_image\" \/>\n<meta name=\"twitter:label1\" content=\"Est. tempo de leitura\" \/>\n\t<meta name=\"twitter:data1\" content=\"1 minuto\" \/>\n<script type=\"application\/ld+json\" class=\"yoast-schema-graph\">{\"@context\":\"https:\/\/schema.org\",\"@graph\":[{\"@type\":\"WebPage\",\"@id\":\"https:\/\/www.pmpf.rs.gov.br\/transparencia\/plano-plurianual-ppa\/quadrienio-2018-2021\/\",\"url\":\"https:\/\/www.pmpf.rs.gov.br\/transparencia\/plano-plurianual-ppa\/quadrienio-2018-2021\/\",\"name\":\"Quadri\u00eanio 2018\/2021 - Transpar\u00eancia\",\"isPartOf\":{\"@id\":\"https:\/\/www.pmpf.rs.gov.br\/transparencia\/#website\"},\"primaryImageOfPage\":{\"@id\":\"https:\/\/www.pmpf.rs.gov.br\/transparencia\/plano-plurianual-ppa\/quadrienio-2018-2021\/#primaryimage\"},\"image\":{\"@id\":\"https:\/\/www.pmpf.rs.gov.br\/transparencia\/plano-plurianual-ppa\/quadrienio-2018-2021\/#primaryimage\"},\"thumbnailUrl\":\"https:\/\/www.pmpf.rs.gov.br\/transparencia\/wp-content\/uploads\/sites\/31\/2021\/12\/IcBaselineDownloadForOffline.svg\",\"datePublished\":\"2021-12-17T01:04:42+00:00\",\"dateModified\":\"2023-06-20T18:07:37+00:00\",\"breadcrumb\":{\"@id\":\"https:\/\/www.pmpf.rs.gov.br\/transparencia\/plano-plurianual-ppa\/quadrienio-2018-2021\/#breadcrumb\"},\"inLanguage\":\"pt-BR\",\"potentialAction\":[{\"@type\":\"ReadAction\",\"target\":[\"https:\/\/www.pmpf.rs.gov.br\/transparencia\/plano-plurianual-ppa\/quadrienio-2018-2021\/\"]}]},{\"@type\":\"ImageObject\",\"inLanguage\":\"pt-BR\",\"@id\":\"https:\/\/www.pmpf.rs.gov.br\/transparencia\/plano-plurianual-ppa\/quadrienio-2018-2021\/#primaryimage\",\"url\":\"https:\/\/www.pmpf.rs.gov.br\/transparencia\/wp-content\/uploads\/sites\/31\/2021\/12\/IcBaselineDownloadForOffline.svg\",\"contentUrl\":\"https:\/\/www.pmpf.rs.gov.br\/transparencia\/wp-content\/uploads\/sites\/31\/2021\/12\/IcBaselineDownloadForOffline.svg\",\"width\":24,\"height\":24},{\"@type\":\"BreadcrumbList\",\"@id\":\"https:\/\/www.pmpf.rs.gov.br\/transparencia\/plano-plurianual-ppa\/quadrienio-2018-2021\/#breadcrumb\",\"itemListElement\":[{\"@type\":\"ListItem\",\"position\":1,\"name\":\"Plano Plurianual (PPA)\",\"item\":\"https:\/\/www.pmpf.rs.gov.br\/transparencia\/plano-plurianual-ppa\/\"},{\"@type\":\"ListItem\",\"position\":2,\"name\":\"Quadri\u00eanio 2018\/2021\"}]},{\"@type\":\"WebSite\",\"@id\":\"https:\/\/www.pmpf.rs.gov.br\/transparencia\/#website\",\"url\":\"https:\/\/www.pmpf.rs.gov.br\/transparencia\/\",\"name\":\"Transpar\u00eancia\",\"description\":\"S\u00f3 mais um site Prefeitura de Passo Fundo\",\"potentialAction\":[{\"@type\":\"SearchAction\",\"target\":{\"@type\":\"EntryPoint\",\"urlTemplate\":\"https:\/\/www.pmpf.rs.gov.br\/transparencia\/?s={search_term_string}\"},\"query-input\":{\"@type\":\"PropertyValueSpecification\",\"valueRequired\":true,\"valueName\":\"search_term_string\"}}],\"inLanguage\":\"pt-BR\"}]}<\/script>\n<!-- \/ Yoast SEO plugin. -->","yoast_head_json":{"title":"Quadri\u00eanio 2018\/2021 - Transpar\u00eancia","robots":{"index":"index","follow":"follow","max-snippet":"max-snippet:-1","max-image-preview":"max-image-preview:large","max-video-preview":"max-video-preview:-1"},"canonical":"https:\/\/www.pmpf.rs.gov.br\/transparencia\/plano-plurianual-ppa\/quadrienio-2018-2021\/","og_locale":"pt_BR","og_type":"article","og_title":"Quadri\u00eanio 2018\/2021 - Transpar\u00eancia","og_description":"Nome Arquivo Consolida\u00e7\u00e3o Geral &#8211; Plano Plurianual 2018\/2021 Lei n\u00ba 5.275\/2017 Disp\u00f5e sobre o Plano Plurianual para o quadri\u00eanio 2018\/2021","og_url":"https:\/\/www.pmpf.rs.gov.br\/transparencia\/plano-plurianual-ppa\/quadrienio-2018-2021\/","og_site_name":"Transpar\u00eancia","article_modified_time":"2023-06-20T18:07:37+00:00","og_image":[{"url":"https:\/\/www.pmpf.rs.gov.br\/transparencia\/wp-content\/uploads\/sites\/31\/2021\/12\/IcBaselineDownloadForOffline.svg"}],"twitter_card":"summary_large_image","twitter_misc":{"Est. tempo de leitura":"1 minuto"},"schema":{"@context":"https:\/\/schema.org","@graph":[{"@type":"WebPage","@id":"https:\/\/www.pmpf.rs.gov.br\/transparencia\/plano-plurianual-ppa\/quadrienio-2018-2021\/","url":"https:\/\/www.pmpf.rs.gov.br\/transparencia\/plano-plurianual-ppa\/quadrienio-2018-2021\/","name":"Quadri\u00eanio 2018\/2021 - Transpar\u00eancia","isPartOf":{"@id":"https:\/\/www.pmpf.rs.gov.br\/transparencia\/#website"},"primaryImageOfPage":{"@id":"https:\/\/www.pmpf.rs.gov.br\/transparencia\/plano-plurianual-ppa\/quadrienio-2018-2021\/#primaryimage"},"image":{"@id":"https:\/\/www.pmpf.rs.gov.br\/transparencia\/plano-plurianual-ppa\/quadrienio-2018-2021\/#primaryimage"},"thumbnailUrl":"https:\/\/www.pmpf.rs.gov.br\/transparencia\/wp-content\/uploads\/sites\/31\/2021\/12\/IcBaselineDownloadForOffline.svg","datePublished":"2021-12-17T01:04:42+00:00","dateModified":"2023-06-20T18:07:37+00:00","breadcrumb":{"@id":"https:\/\/www.pmpf.rs.gov.br\/transparencia\/plano-plurianual-ppa\/quadrienio-2018-2021\/#breadcrumb"},"inLanguage":"pt-BR","potentialAction":[{"@type":"ReadAction","target":["https:\/\/www.pmpf.rs.gov.br\/transparencia\/plano-plurianual-ppa\/quadrienio-2018-2021\/"]}]},{"@type":"ImageObject","inLanguage":"pt-BR","@id":"https:\/\/www.pmpf.rs.gov.br\/transparencia\/plano-plurianual-ppa\/quadrienio-2018-2021\/#primaryimage","url":"https:\/\/www.pmpf.rs.gov.br\/transparencia\/wp-content\/uploads\/sites\/31\/2021\/12\/IcBaselineDownloadForOffline.svg","contentUrl":"https:\/\/www.pmpf.rs.gov.br\/transparencia\/wp-content\/uploads\/sites\/31\/2021\/12\/IcBaselineDownloadForOffline.svg","width":24,"height":24},{"@type":"BreadcrumbList","@id":"https:\/\/www.pmpf.rs.gov.br\/transparencia\/plano-plurianual-ppa\/quadrienio-2018-2021\/#breadcrumb","itemListElement":[{"@type":"ListItem","position":1,"name":"Plano Plurianual (PPA)","item":"https:\/\/www.pmpf.rs.gov.br\/transparencia\/plano-plurianual-ppa\/"},{"@type":"ListItem","position":2,"name":"Quadri\u00eanio 2018\/2021"}]},{"@type":"WebSite","@id":"https:\/\/www.pmpf.rs.gov.br\/transparencia\/#website","url":"https:\/\/www.pmpf.rs.gov.br\/transparencia\/","name":"Transpar\u00eancia","description":"S\u00f3 mais um site Prefeitura de Passo Fundo","potentialAction":[{"@type":"SearchAction","target":{"@type":"EntryPoint","urlTemplate":"https:\/\/www.pmpf.rs.gov.br\/transparencia\/?s={search_term_string}"},"query-input":{"@type":"PropertyValueSpecification","valueRequired":true,"valueName":"search_term_string"}}],"inLanguage":"pt-BR"}]}},"_links":{"self":[{"href":"https:\/\/www.pmpf.rs.gov.br\/transparencia\/wp-json\/wp\/v2\/pages\/1642"}],"collection":[{"href":"https:\/\/www.pmpf.rs.gov.br\/transparencia\/wp-json\/wp\/v2\/pages"}],"about":[{"href":"https:\/\/www.pmpf.rs.gov.br\/transparencia\/wp-json\/wp\/v2\/types\/page"}],"author":[{"embeddable":true,"href":"https:\/\/www.pmpf.rs.gov.br\/transparencia\/wp-json\/wp\/v2\/users\/1"}],"replies":[{"embeddable":true,"href":"https:\/\/www.pmpf.rs.gov.br\/transparencia\/wp-json\/wp\/v2\/comments?post=1642"}],"version-history":[{"count":3,"href":"https:\/\/www.pmpf.rs.gov.br\/transparencia\/wp-json\/wp\/v2\/pages\/1642\/revisions"}],"predecessor-version":[{"id":6212,"href":"https:\/\/www.pmpf.rs.gov.br\/transparencia\/wp-json\/wp\/v2\/pages\/1642\/revisions\/6212"}],"up":[{"embeddable":true,"href":"https:\/\/www.pmpf.rs.gov.br\/transparencia\/wp-json\/wp\/v2\/pages\/1637"}],"wp:attachment":[{"href":"https:\/\/www.pmpf.rs.gov.br\/transparencia\/wp-json\/wp\/v2\/media?parent=1642"}],"curies":[{"name":"wp","href":"https:\/\/api.w.org\/{rel}","templated":true}]}}