{"id":102,"date":"2021-12-16T13:05:57","date_gmt":"2021-12-16T16:05:57","guid":{"rendered":"https:\/\/www.pmpf.rs.gov.br\/transparencia\/?page_id=102"},"modified":"2024-04-29T16:27:03","modified_gmt":"2024-04-29T19:27:03","slug":"como-registrar-um-pedido","status":"publish","type":"page","link":"https:\/\/www.pmpf.rs.gov.br\/transparencia\/sic\/como-registrar-um-pedido\/","title":{"rendered":"Como registrar um pedido"},"content":{"rendered":"\n<h2 class=\"wp-block-heading\">Instru\u00e7\u00f5es<\/h2>\n\n\n\n<p>As solicita\u00e7\u00f5es de acesso \u00e0 informa\u00e7\u00e3o, os recursos ou reclama\u00e7\u00f5es por omiss\u00e3o de resposta, tramitar\u00e3o exclusivamente na forma de Processo Eletr\u00f4nico pelo sistema eletr\u00f4nico de acesso \u00e0 informa\u00e7\u00e3o (e-SIC).<\/p>\n\n\n\n<p>Para realizar um Pedido de Acesso \u00e0 Informa\u00e7\u00e3o, o requerente dever\u00e1 se identificar e possuir credencial(senha) ou certificado digital. Caso n\u00e3o tenha,&nbsp;<a href=\"https:\/\/grp.pmpf.rs.gov.br\/grp\/acessoexterno\/programaAcessoExterno.faces?codigo=697987\">clique aqui.<\/a><\/p>\n\n\n\n<p>1 &#8211; Acesso o programa&nbsp;<a href=\"https:\/\/grp.pmpf.rs.gov.br\/grp\/acessoexterno\/programaAcessoExterno.faces?codigo=697987\">e-SIC (Sistema Eletr\u00f4nico do Servi\u00e7o de Informa\u00e7\u00e3o ao Cidad\u00e3o)<\/a><\/p>\n\n\n\n<p>2 &#8211; Selecione a forma pela qual deseja receber a informa\u00e7\u00e3o, preferencialmente por e-mail, caso desejar retirar c\u00f3pias impressas, ter\u00e1 custo.<\/p>\n\n\n\n<p>3 &#8211; Escolha o grupo &#8220;Acesso \u00e0 Informa\u00e7\u00e3o&#8221;<\/p>\n\n\n\n<p>4- Escolha o assunto: 4.1 &#8211; Pedido de acesso \u00e0 informa\u00e7\u00e3o ou, 4.2 &#8211; C\u00f3pia de documentos ou, 4.3 &#8211; Recurso SIC ou, 4.4 &#8211; Reclama\u00e7\u00e3o por omiss\u00e3o de resposta<\/p>\n\n\n\n<p>5 &#8211; Informe no campo \u201cS\u00edntese\u201d, a solicita\u00e7\u00e3o, de forma clara e precisa, com todas as informa\u00e7\u00f5es necess\u00e1rias para o atendimento ao pedido.<\/p>\n","protected":false},"excerpt":{"rendered":"<p>Instru\u00e7\u00f5es As solicita\u00e7\u00f5es de acesso \u00e0 informa\u00e7\u00e3o, os recursos ou reclama\u00e7\u00f5es por omiss\u00e3o de resposta, tramitar\u00e3o exclusivamente na forma de Processo Eletr\u00f4nico pelo sistema eletr\u00f4nico de acesso \u00e0 informa\u00e7\u00e3o (e-SIC). Para realizar [&hellip;]<\/p>\n","protected":false},"author":1,"featured_media":0,"parent":88,"menu_order":123,"comment_status":"closed","ping_status":"closed","template":"","meta":{"footnotes":""},"class_list":["post-102","page","type-page","status-publish","hentry"],"yoast_head":"<!-- This site is optimized with the Yoast SEO plugin v23.8 - https:\/\/yoast.com\/wordpress\/plugins\/seo\/ -->\n<title>Como registrar um pedido - Transpar\u00eancia<\/title>\n<meta name=\"robots\" content=\"index, follow, max-snippet:-1, max-image-preview:large, max-video-preview:-1\" \/>\n<link rel=\"canonical\" href=\"https:\/\/www.pmpf.rs.gov.br\/transparencia\/sic\/como-registrar-um-pedido\/\" \/>\n<meta property=\"og:locale\" content=\"pt_BR\" \/>\n<meta property=\"og:type\" content=\"article\" \/>\n<meta property=\"og:title\" content=\"Como registrar um pedido - Transpar\u00eancia\" \/>\n<meta property=\"og:description\" content=\"Instru\u00e7\u00f5es As solicita\u00e7\u00f5es de acesso \u00e0 informa\u00e7\u00e3o, os recursos ou reclama\u00e7\u00f5es por omiss\u00e3o de resposta, tramitar\u00e3o exclusivamente na forma de Processo Eletr\u00f4nico pelo sistema eletr\u00f4nico de acesso \u00e0 informa\u00e7\u00e3o (e-SIC). Para realizar [&hellip;]\" \/>\n<meta property=\"og:url\" content=\"https:\/\/www.pmpf.rs.gov.br\/transparencia\/sic\/como-registrar-um-pedido\/\" \/>\n<meta property=\"og:site_name\" content=\"Transpar\u00eancia\" \/>\n<meta property=\"article:modified_time\" content=\"2024-04-29T19:27:03+00:00\" \/>\n<meta name=\"twitter:card\" content=\"summary_large_image\" \/>\n<meta name=\"twitter:label1\" content=\"Est. tempo de leitura\" \/>\n\t<meta name=\"twitter:data1\" content=\"2 minutos\" \/>\n<script type=\"application\/ld+json\" class=\"yoast-schema-graph\">{\"@context\":\"https:\/\/schema.org\",\"@graph\":[{\"@type\":\"WebPage\",\"@id\":\"https:\/\/www.pmpf.rs.gov.br\/transparencia\/sic\/como-registrar-um-pedido\/\",\"url\":\"https:\/\/www.pmpf.rs.gov.br\/transparencia\/sic\/como-registrar-um-pedido\/\",\"name\":\"Como registrar um pedido - Transpar\u00eancia\",\"isPartOf\":{\"@id\":\"https:\/\/www.pmpf.rs.gov.br\/transparencia\/#website\"},\"datePublished\":\"2021-12-16T16:05:57+00:00\",\"dateModified\":\"2024-04-29T19:27:03+00:00\",\"breadcrumb\":{\"@id\":\"https:\/\/www.pmpf.rs.gov.br\/transparencia\/sic\/como-registrar-um-pedido\/#breadcrumb\"},\"inLanguage\":\"pt-BR\",\"potentialAction\":[{\"@type\":\"ReadAction\",\"target\":[\"https:\/\/www.pmpf.rs.gov.br\/transparencia\/sic\/como-registrar-um-pedido\/\"]}]},{\"@type\":\"BreadcrumbList\",\"@id\":\"https:\/\/www.pmpf.rs.gov.br\/transparencia\/sic\/como-registrar-um-pedido\/#breadcrumb\",\"itemListElement\":[{\"@type\":\"ListItem\",\"position\":1,\"name\":\"Acesso \u00e0 Informa\u00e7\u00e3o &#8211; SIC\",\"item\":\"https:\/\/www.pmpf.rs.gov.br\/transparencia\/sic\/\"},{\"@type\":\"ListItem\",\"position\":2,\"name\":\"Como registrar um pedido\"}]},{\"@type\":\"WebSite\",\"@id\":\"https:\/\/www.pmpf.rs.gov.br\/transparencia\/#website\",\"url\":\"https:\/\/www.pmpf.rs.gov.br\/transparencia\/\",\"name\":\"Transpar\u00eancia\",\"description\":\"S\u00f3 mais um site Prefeitura de Passo Fundo\",\"potentialAction\":[{\"@type\":\"SearchAction\",\"target\":{\"@type\":\"EntryPoint\",\"urlTemplate\":\"https:\/\/www.pmpf.rs.gov.br\/transparencia\/?s={search_term_string}\"},\"query-input\":{\"@type\":\"PropertyValueSpecification\",\"valueRequired\":true,\"valueName\":\"search_term_string\"}}],\"inLanguage\":\"pt-BR\"}]}<\/script>\n<!-- \/ Yoast SEO plugin. -->","yoast_head_json":{"title":"Como registrar um pedido - Transpar\u00eancia","robots":{"index":"index","follow":"follow","max-snippet":"max-snippet:-1","max-image-preview":"max-image-preview:large","max-video-preview":"max-video-preview:-1"},"canonical":"https:\/\/www.pmpf.rs.gov.br\/transparencia\/sic\/como-registrar-um-pedido\/","og_locale":"pt_BR","og_type":"article","og_title":"Como registrar um pedido - Transpar\u00eancia","og_description":"Instru\u00e7\u00f5es As solicita\u00e7\u00f5es de acesso \u00e0 informa\u00e7\u00e3o, os recursos ou reclama\u00e7\u00f5es por omiss\u00e3o de resposta, tramitar\u00e3o exclusivamente na forma de Processo Eletr\u00f4nico pelo sistema eletr\u00f4nico de acesso \u00e0 informa\u00e7\u00e3o (e-SIC). Para realizar [&hellip;]","og_url":"https:\/\/www.pmpf.rs.gov.br\/transparencia\/sic\/como-registrar-um-pedido\/","og_site_name":"Transpar\u00eancia","article_modified_time":"2024-04-29T19:27:03+00:00","twitter_card":"summary_large_image","twitter_misc":{"Est. tempo de leitura":"2 minutos"},"schema":{"@context":"https:\/\/schema.org","@graph":[{"@type":"WebPage","@id":"https:\/\/www.pmpf.rs.gov.br\/transparencia\/sic\/como-registrar-um-pedido\/","url":"https:\/\/www.pmpf.rs.gov.br\/transparencia\/sic\/como-registrar-um-pedido\/","name":"Como registrar um pedido - Transpar\u00eancia","isPartOf":{"@id":"https:\/\/www.pmpf.rs.gov.br\/transparencia\/#website"},"datePublished":"2021-12-16T16:05:57+00:00","dateModified":"2024-04-29T19:27:03+00:00","breadcrumb":{"@id":"https:\/\/www.pmpf.rs.gov.br\/transparencia\/sic\/como-registrar-um-pedido\/#breadcrumb"},"inLanguage":"pt-BR","potentialAction":[{"@type":"ReadAction","target":["https:\/\/www.pmpf.rs.gov.br\/transparencia\/sic\/como-registrar-um-pedido\/"]}]},{"@type":"BreadcrumbList","@id":"https:\/\/www.pmpf.rs.gov.br\/transparencia\/sic\/como-registrar-um-pedido\/#breadcrumb","itemListElement":[{"@type":"ListItem","position":1,"name":"Acesso \u00e0 Informa\u00e7\u00e3o &#8211; SIC","item":"https:\/\/www.pmpf.rs.gov.br\/transparencia\/sic\/"},{"@type":"ListItem","position":2,"name":"Como registrar um pedido"}]},{"@type":"WebSite","@id":"https:\/\/www.pmpf.rs.gov.br\/transparencia\/#website","url":"https:\/\/www.pmpf.rs.gov.br\/transparencia\/","name":"Transpar\u00eancia","description":"S\u00f3 mais um site Prefeitura de Passo Fundo","potentialAction":[{"@type":"SearchAction","target":{"@type":"EntryPoint","urlTemplate":"https:\/\/www.pmpf.rs.gov.br\/transparencia\/?s={search_term_string}"},"query-input":{"@type":"PropertyValueSpecification","valueRequired":true,"valueName":"search_term_string"}}],"inLanguage":"pt-BR"}]}},"_links":{"self":[{"href":"https:\/\/www.pmpf.rs.gov.br\/transparencia\/wp-json\/wp\/v2\/pages\/102"}],"collection":[{"href":"https:\/\/www.pmpf.rs.gov.br\/transparencia\/wp-json\/wp\/v2\/pages"}],"about":[{"href":"https:\/\/www.pmpf.rs.gov.br\/transparencia\/wp-json\/wp\/v2\/types\/page"}],"author":[{"embeddable":true,"href":"https:\/\/www.pmpf.rs.gov.br\/transparencia\/wp-json\/wp\/v2\/users\/1"}],"replies":[{"embeddable":true,"href":"https:\/\/www.pmpf.rs.gov.br\/transparencia\/wp-json\/wp\/v2\/comments?post=102"}],"version-history":[{"count":7,"href":"https:\/\/www.pmpf.rs.gov.br\/transparencia\/wp-json\/wp\/v2\/pages\/102\/revisions"}],"predecessor-version":[{"id":7521,"href":"https:\/\/www.pmpf.rs.gov.br\/transparencia\/wp-json\/wp\/v2\/pages\/102\/revisions\/7521"}],"up":[{"embeddable":true,"href":"https:\/\/www.pmpf.rs.gov.br\/transparencia\/wp-json\/wp\/v2\/pages\/88"}],"wp:attachment":[{"href":"https:\/\/www.pmpf.rs.gov.br\/transparencia\/wp-json\/wp\/v2\/media?parent=102"}],"curies":[{"name":"wp","href":"https:\/\/api.w.org\/{rel}","templated":true}]}}