{"id":9,"date":"2021-11-16T12:19:16","date_gmt":"2021-11-16T15:19:16","guid":{"rendered":"https:\/\/www.pmpf.rs.gov.br\/secretaria-de-inovacao-e-captacao-de-recursos\/?page_id=9"},"modified":"2025-01-02T15:31:13","modified_gmt":"2025-01-02T18:31:13","slug":"conheca-o-secretario","status":"publish","type":"page","link":"https:\/\/www.pmpf.rs.gov.br\/secretariacaptacaorecursos\/conheca-o-secretario\/","title":{"rendered":"Conhe\u00e7a o Secret\u00e1rio"},"content":{"rendered":"\n<h2 class=\"wp-block-heading\">Gest\u00e3o 2025-2028 \u2013 Josu\u00e9 Longo<\/h2>\n\n\n\n<div class=\"wp-block-media-text is-stacked-on-mobile\"><figure class=\"wp-block-media-text__media\"><img loading=\"lazy\" decoding=\"async\" width=\"1024\" height=\"682\" src=\"https:\/\/www.pmpf.rs.gov.br\/secretariacaptacaorecursos\/wp-content\/uploads\/sites\/23\/2025\/01\/captacao-de-recursos-josue2025-1-1024x682.jpg\" alt=\"\" class=\"wp-image-50 size-full\" srcset=\"https:\/\/www.pmpf.rs.gov.br\/secretariacaptacaorecursos\/wp-content\/uploads\/sites\/23\/2025\/01\/captacao-de-recursos-josue2025-1-1024x682.jpg 1024w, https:\/\/www.pmpf.rs.gov.br\/secretariacaptacaorecursos\/wp-content\/uploads\/sites\/23\/2025\/01\/captacao-de-recursos-josue2025-1-300x200.jpg 300w, https:\/\/www.pmpf.rs.gov.br\/secretariacaptacaorecursos\/wp-content\/uploads\/sites\/23\/2025\/01\/captacao-de-recursos-josue2025-1-768x512.jpg 768w, https:\/\/www.pmpf.rs.gov.br\/secretariacaptacaorecursos\/wp-content\/uploads\/sites\/23\/2025\/01\/captacao-de-recursos-josue2025-1.jpg 1280w\" sizes=\"(max-width: 1024px) 100vw, 1024px\" \/><\/figure><div class=\"wp-block-media-text__content\">\n<p><br>Josu\u00e9 Longo<br>Natural do interior de Passo Fundo, Josu\u00e9 Longo \u00e9 formado em Educa\u00e7\u00e3o F\u00edsica pela Universidade de Passo Fundo (UPF). Ex-prefeito e vereador de Marau, ele acumula experi\u00eancia na vida p\u00fablica, com passagens por cargos nas tr\u00eas esferas de governo: municipal, estadual e federal.<\/p>\n\n\n\n<p><br>Durante sua atua\u00e7\u00e3o em Bras\u00edlia, Longo trabalhou no Minist\u00e9rio das Cidades e na C\u00e2mara dos Deputados, onde desempenhou um papel estrat\u00e9gico na destina\u00e7\u00e3o de recursos para estados e munic\u00edpios. Nos \u00faltimos dois anos, ocupou o cargo de Secret\u00e1rio de Transpar\u00eancia e Rela\u00e7\u00f5es Institucionais de Passo Fundo, atuando na articula\u00e7\u00e3o pol\u00edtica com a C\u00e2mara de Vereadores e na gest\u00e3o da Ouvidoria Geral do munic\u00edpio.<\/p>\n<\/div><\/div>\n\n\n\n<hr class=\"wp-block-separator has-alpha-channel-opacity\"\/>\n","protected":false},"excerpt":{"rendered":"<p>Gest\u00e3o 2025-2028 \u2013 Josu\u00e9 Longo Josu\u00e9 LongoNatural do interior de Passo Fundo, Josu\u00e9 Longo \u00e9 formado em Educa\u00e7\u00e3o F\u00edsica pela Universidade de Passo Fundo (UPF). Ex-prefeito e vereador de Marau, ele acumula [&hellip;]<\/p>\n","protected":false},"author":1,"featured_media":0,"parent":0,"menu_order":0,"comment_status":"closed","ping_status":"closed","template":"","meta":{"footnotes":""},"class_list":["post-9","page","type-page","status-publish","hentry"],"yoast_head":"<!-- This site is optimized with the Yoast SEO plugin v23.8 - https:\/\/yoast.com\/wordpress\/plugins\/seo\/ -->\n<title>Conhe\u00e7a o Secret\u00e1rio - Secretaria de Capta\u00e7\u00e3o de Recursos<\/title>\n<meta name=\"robots\" content=\"index, follow, max-snippet:-1, max-image-preview:large, max-video-preview:-1\" \/>\n<link rel=\"canonical\" href=\"https:\/\/www.pmpf.rs.gov.br\/secretariacaptacaorecursos\/conheca-o-secretario\/\" \/>\n<meta property=\"og:locale\" content=\"pt_BR\" \/>\n<meta property=\"og:type\" content=\"article\" \/>\n<meta property=\"og:title\" content=\"Conhe\u00e7a o Secret\u00e1rio - Secretaria de Capta\u00e7\u00e3o de Recursos\" \/>\n<meta property=\"og:description\" content=\"Gest\u00e3o 2025-2028 \u2013 Josu\u00e9 Longo Josu\u00e9 LongoNatural do interior de Passo Fundo, Josu\u00e9 Longo \u00e9 formado em Educa\u00e7\u00e3o F\u00edsica pela Universidade de Passo Fundo (UPF). Ex-prefeito e vereador de Marau, ele acumula [&hellip;]\" \/>\n<meta property=\"og:url\" content=\"https:\/\/www.pmpf.rs.gov.br\/secretariacaptacaorecursos\/conheca-o-secretario\/\" \/>\n<meta property=\"og:site_name\" content=\"Secretaria de Capta\u00e7\u00e3o de Recursos\" \/>\n<meta property=\"article:modified_time\" content=\"2025-01-02T18:31:13+00:00\" \/>\n<meta property=\"og:image\" content=\"https:\/\/www.pmpf.rs.gov.br\/secretariacaptacaorecursos\/wp-content\/uploads\/sites\/23\/2025\/01\/captacao-de-recursos-josue2025-1.jpg\" \/>\n\t<meta property=\"og:image:width\" content=\"1280\" \/>\n\t<meta property=\"og:image:height\" content=\"853\" \/>\n\t<meta property=\"og:image:type\" content=\"image\/jpeg\" \/>\n<meta name=\"twitter:card\" content=\"summary_large_image\" \/>\n<meta name=\"twitter:label1\" content=\"Est. tempo de leitura\" \/>\n\t<meta name=\"twitter:data1\" content=\"1 minuto\" \/>\n<script type=\"application\/ld+json\" class=\"yoast-schema-graph\">{\"@context\":\"https:\/\/schema.org\",\"@graph\":[{\"@type\":\"WebPage\",\"@id\":\"https:\/\/www.pmpf.rs.gov.br\/secretariacaptacaorecursos\/conheca-o-secretario\/\",\"url\":\"https:\/\/www.pmpf.rs.gov.br\/secretariacaptacaorecursos\/conheca-o-secretario\/\",\"name\":\"Conhe\u00e7a o Secret\u00e1rio - Secretaria de Capta\u00e7\u00e3o de Recursos\",\"isPartOf\":{\"@id\":\"https:\/\/www.pmpf.rs.gov.br\/secretariacaptacaorecursos\/#website\"},\"primaryImageOfPage\":{\"@id\":\"https:\/\/www.pmpf.rs.gov.br\/secretariacaptacaorecursos\/conheca-o-secretario\/#primaryimage\"},\"image\":{\"@id\":\"https:\/\/www.pmpf.rs.gov.br\/secretariacaptacaorecursos\/conheca-o-secretario\/#primaryimage\"},\"thumbnailUrl\":\"https:\/\/www.pmpf.rs.gov.br\/secretariacaptacaorecursos\/wp-content\/uploads\/sites\/23\/2025\/01\/captacao-de-recursos-josue2025-1-1024x682.jpg\",\"datePublished\":\"2021-11-16T15:19:16+00:00\",\"dateModified\":\"2025-01-02T18:31:13+00:00\",\"inLanguage\":\"pt-BR\",\"potentialAction\":[{\"@type\":\"ReadAction\",\"target\":[\"https:\/\/www.pmpf.rs.gov.br\/secretariacaptacaorecursos\/conheca-o-secretario\/\"]}]},{\"@type\":\"ImageObject\",\"inLanguage\":\"pt-BR\",\"@id\":\"https:\/\/www.pmpf.rs.gov.br\/secretariacaptacaorecursos\/conheca-o-secretario\/#primaryimage\",\"url\":\"https:\/\/www.pmpf.rs.gov.br\/secretariacaptacaorecursos\/wp-content\/uploads\/sites\/23\/2025\/01\/captacao-de-recursos-josue2025-1.jpg\",\"contentUrl\":\"https:\/\/www.pmpf.rs.gov.br\/secretariacaptacaorecursos\/wp-content\/uploads\/sites\/23\/2025\/01\/captacao-de-recursos-josue2025-1.jpg\",\"width\":1280,\"height\":853},{\"@type\":\"WebSite\",\"@id\":\"https:\/\/www.pmpf.rs.gov.br\/secretariacaptacaorecursos\/#website\",\"url\":\"https:\/\/www.pmpf.rs.gov.br\/secretariacaptacaorecursos\/\",\"name\":\"Secretaria de Capta\u00e7\u00e3o de Recursos\",\"description\":\"S\u00f3 mais um site Prefeitura de Passo Fundo\",\"potentialAction\":[{\"@type\":\"SearchAction\",\"target\":{\"@type\":\"EntryPoint\",\"urlTemplate\":\"https:\/\/www.pmpf.rs.gov.br\/secretariacaptacaorecursos\/?s={search_term_string}\"},\"query-input\":{\"@type\":\"PropertyValueSpecification\",\"valueRequired\":true,\"valueName\":\"search_term_string\"}}],\"inLanguage\":\"pt-BR\"}]}<\/script>\n<!-- \/ Yoast SEO plugin. -->","yoast_head_json":{"title":"Conhe\u00e7a o Secret\u00e1rio - Secretaria de Capta\u00e7\u00e3o de Recursos","robots":{"index":"index","follow":"follow","max-snippet":"max-snippet:-1","max-image-preview":"max-image-preview:large","max-video-preview":"max-video-preview:-1"},"canonical":"https:\/\/www.pmpf.rs.gov.br\/secretariacaptacaorecursos\/conheca-o-secretario\/","og_locale":"pt_BR","og_type":"article","og_title":"Conhe\u00e7a o Secret\u00e1rio - Secretaria de Capta\u00e7\u00e3o de Recursos","og_description":"Gest\u00e3o 2025-2028 \u2013 Josu\u00e9 Longo Josu\u00e9 LongoNatural do interior de Passo Fundo, Josu\u00e9 Longo \u00e9 formado em Educa\u00e7\u00e3o F\u00edsica pela Universidade de Passo Fundo (UPF). Ex-prefeito e vereador de Marau, ele acumula [&hellip;]","og_url":"https:\/\/www.pmpf.rs.gov.br\/secretariacaptacaorecursos\/conheca-o-secretario\/","og_site_name":"Secretaria de Capta\u00e7\u00e3o de Recursos","article_modified_time":"2025-01-02T18:31:13+00:00","og_image":[{"width":1280,"height":853,"url":"https:\/\/www.pmpf.rs.gov.br\/secretariacaptacaorecursos\/wp-content\/uploads\/sites\/23\/2025\/01\/captacao-de-recursos-josue2025-1.jpg","type":"image\/jpeg"}],"twitter_card":"summary_large_image","twitter_misc":{"Est. tempo de leitura":"1 minuto"},"schema":{"@context":"https:\/\/schema.org","@graph":[{"@type":"WebPage","@id":"https:\/\/www.pmpf.rs.gov.br\/secretariacaptacaorecursos\/conheca-o-secretario\/","url":"https:\/\/www.pmpf.rs.gov.br\/secretariacaptacaorecursos\/conheca-o-secretario\/","name":"Conhe\u00e7a o Secret\u00e1rio - Secretaria de Capta\u00e7\u00e3o de Recursos","isPartOf":{"@id":"https:\/\/www.pmpf.rs.gov.br\/secretariacaptacaorecursos\/#website"},"primaryImageOfPage":{"@id":"https:\/\/www.pmpf.rs.gov.br\/secretariacaptacaorecursos\/conheca-o-secretario\/#primaryimage"},"image":{"@id":"https:\/\/www.pmpf.rs.gov.br\/secretariacaptacaorecursos\/conheca-o-secretario\/#primaryimage"},"thumbnailUrl":"https:\/\/www.pmpf.rs.gov.br\/secretariacaptacaorecursos\/wp-content\/uploads\/sites\/23\/2025\/01\/captacao-de-recursos-josue2025-1-1024x682.jpg","datePublished":"2021-11-16T15:19:16+00:00","dateModified":"2025-01-02T18:31:13+00:00","inLanguage":"pt-BR","potentialAction":[{"@type":"ReadAction","target":["https:\/\/www.pmpf.rs.gov.br\/secretariacaptacaorecursos\/conheca-o-secretario\/"]}]},{"@type":"ImageObject","inLanguage":"pt-BR","@id":"https:\/\/www.pmpf.rs.gov.br\/secretariacaptacaorecursos\/conheca-o-secretario\/#primaryimage","url":"https:\/\/www.pmpf.rs.gov.br\/secretariacaptacaorecursos\/wp-content\/uploads\/sites\/23\/2025\/01\/captacao-de-recursos-josue2025-1.jpg","contentUrl":"https:\/\/www.pmpf.rs.gov.br\/secretariacaptacaorecursos\/wp-content\/uploads\/sites\/23\/2025\/01\/captacao-de-recursos-josue2025-1.jpg","width":1280,"height":853},{"@type":"WebSite","@id":"https:\/\/www.pmpf.rs.gov.br\/secretariacaptacaorecursos\/#website","url":"https:\/\/www.pmpf.rs.gov.br\/secretariacaptacaorecursos\/","name":"Secretaria de Capta\u00e7\u00e3o de Recursos","description":"S\u00f3 mais um site Prefeitura de Passo Fundo","potentialAction":[{"@type":"SearchAction","target":{"@type":"EntryPoint","urlTemplate":"https:\/\/www.pmpf.rs.gov.br\/secretariacaptacaorecursos\/?s={search_term_string}"},"query-input":{"@type":"PropertyValueSpecification","valueRequired":true,"valueName":"search_term_string"}}],"inLanguage":"pt-BR"}]}},"_links":{"self":[{"href":"https:\/\/www.pmpf.rs.gov.br\/secretariacaptacaorecursos\/wp-json\/wp\/v2\/pages\/9"}],"collection":[{"href":"https:\/\/www.pmpf.rs.gov.br\/secretariacaptacaorecursos\/wp-json\/wp\/v2\/pages"}],"about":[{"href":"https:\/\/www.pmpf.rs.gov.br\/secretariacaptacaorecursos\/wp-json\/wp\/v2\/types\/page"}],"author":[{"embeddable":true,"href":"https:\/\/www.pmpf.rs.gov.br\/secretariacaptacaorecursos\/wp-json\/wp\/v2\/users\/1"}],"replies":[{"embeddable":true,"href":"https:\/\/www.pmpf.rs.gov.br\/secretariacaptacaorecursos\/wp-json\/wp\/v2\/comments?post=9"}],"version-history":[{"count":5,"href":"https:\/\/www.pmpf.rs.gov.br\/secretariacaptacaorecursos\/wp-json\/wp\/v2\/pages\/9\/revisions"}],"predecessor-version":[{"id":53,"href":"https:\/\/www.pmpf.rs.gov.br\/secretariacaptacaorecursos\/wp-json\/wp\/v2\/pages\/9\/revisions\/53"}],"wp:attachment":[{"href":"https:\/\/www.pmpf.rs.gov.br\/secretariacaptacaorecursos\/wp-json\/wp\/v2\/media?parent=9"}],"curies":[{"name":"wp","href":"https:\/\/api.w.org\/{rel}","templated":true}]}}

Conheça o Secretário

<h2 class="wp-block-heading">Gestão 2025-2028 – Josué Longo</h2>



<div class="wp-block-media-text is-stacked-on-mobile"><figure class="wp-block-media-text__media"><img loading="lazy" decoding="async" width="1024" height="682" src="https://www.pmpf.rs.gov.br/secretariacaptacaorecursos/wp-content/uploads/sites/23/2025/01/captacao-de-recursos-josue2025-1-1024x682.jpg" alt="" class="wp-image-50 size-full" srcset="https://www.pmpf.rs.gov.br/secretariacaptacaorecursos/wp-content/uploads/sites/23/2025/01/captacao-de-recursos-josue2025-1-1024x682.jpg 1024w, https://www.pmpf.rs.gov.br/secretariacaptacaorecursos/wp-content/uploads/sites/23/2025/01/captacao-de-recursos-josue2025-1-300x200.jpg 300w, https://www.pmpf.rs.gov.br/secretariacaptacaorecursos/wp-content/uploads/sites/23/2025/01/captacao-de-recursos-josue2025-1-768x512.jpg 768w, https://www.pmpf.rs.gov.br/secretariacaptacaorecursos/wp-content/uploads/sites/23/2025/01/captacao-de-recursos-josue2025-1.jpg 1280w" sizes="(max-width: 1024px) 100vw, 1024px" /></figure><div class="wp-block-media-text__content">
<p><br>Josué Longo<br>Natural do interior de Passo Fundo, Josué Longo é formado em Educação Física pela Universidade de Passo Fundo (UPF). Ex-prefeito e vereador de Marau, ele acumula experiência na vida pública, com passagens por cargos nas três esferas de governo: municipal, estadual e federal.</p>



<p><br>Durante sua atuação em Brasília, Longo trabalhou no Ministério das Cidades e na Câmara dos Deputados, onde desempenhou um papel estratégico na destinação de recursos para estados e municípios. Nos últimos dois anos, ocupou o cargo de Secretário de Transparência e Relações Institucionais de Passo Fundo, atuando na articulação política com a Câmara de Vereadores e na gestão da Ouvidoria Geral do município.</p>
</div></div>



<hr class="wp-block-separator has-alpha-channel-opacity"/>

<p>Gestão 2025-2028 – Josué Longo Josué LongoNatural do interior de Passo Fundo, Josué Longo é formado em Educação Física pela Universidade de Passo Fundo (UPF). Ex-prefeito e vereador de Marau, ele acumula [&hellip;]</p>

<!-- This site is optimized with the Yoast SEO plugin v23.8 - https://yoast.com/wordpress/plugins/seo/ -->
<title>Conheça o Secretário - Secretaria de Captação de Recursos</title>
<meta name="robots" content="index, follow, max-snippet:-1, max-image-preview:large, max-video-preview:-1" />
<link rel="canonical" href="https://www.pmpf.rs.gov.br/secretariacaptacaorecursos/conheca-o-secretario/" />
<meta property="og:locale" content="pt_BR" />
<meta property="og:type" content="article" />
<meta property="og:title" content="Conheça o Secretário - Secretaria de Captação de Recursos" />
<meta property="og:description" content="Gestão 2025-2028 – Josué Longo Josué LongoNatural do interior de Passo Fundo, Josué Longo é formado em Educação Física pela Universidade de Passo Fundo (UPF). Ex-prefeito e vereador de Marau, ele acumula [&hellip;]" />
<meta property="og:url" content="https://www.pmpf.rs.gov.br/secretariacaptacaorecursos/conheca-o-secretario/" />
<meta property="og:site_name" content="Secretaria de Captação de Recursos" />
<meta property="article:modified_time" content="2025-01-02T18:31:13+00:00" />
<meta property="og:image" content="https://www.pmpf.rs.gov.br/secretariacaptacaorecursos/wp-content/uploads/sites/23/2025/01/captacao-de-recursos-josue2025-1.jpg" />
	<meta property="og:image:width" content="1280" />
	<meta property="og:image:height" content="853" />
	<meta property="og:image:type" content="image/jpeg" />
<meta name="twitter:card" content="summary_large_image" />
<meta name="twitter:label1" content="Est. tempo de leitura" />
	<meta name="twitter:data1" content="1 minuto" />
<script type="application/ld+json" class="yoast-schema-graph">{"@context":"https://schema.org","@graph":[{"@type":"WebPage","@id":"https://www.pmpf.rs.gov.br/secretariacaptacaorecursos/conheca-o-secretario/","url":"https://www.pmpf.rs.gov.br/secretariacaptacaorecursos/conheca-o-secretario/","name":"Conheça o Secretário - Secretaria de Captação de Recursos","isPartOf":{"@id":"https://www.pmpf.rs.gov.br/secretariacaptacaorecursos/#website"},"primaryImageOfPage":{"@id":"https://www.pmpf.rs.gov.br/secretariacaptacaorecursos/conheca-o-secretario/#primaryimage"},"image":{"@id":"https://www.pmpf.rs.gov.br/secretariacaptacaorecursos/conheca-o-secretario/#primaryimage"},"thumbnailUrl":"https://www.pmpf.rs.gov.br/secretariacaptacaorecursos/wp-content/uploads/sites/23/2025/01/captacao-de-recursos-josue2025-1-1024x682.jpg","datePublished":"2021-11-16T15:19:16+00:00","dateModified":"2025-01-02T18:31:13+00:00","inLanguage":"pt-BR","potentialAction":[{"@type":"ReadAction","target":["https://www.pmpf.rs.gov.br/secretariacaptacaorecursos/conheca-o-secretario/"]}]},{"@type":"ImageObject","inLanguage":"pt-BR","@id":"https://www.pmpf.rs.gov.br/secretariacaptacaorecursos/conheca-o-secretario/#primaryimage","url":"https://www.pmpf.rs.gov.br/secretariacaptacaorecursos/wp-content/uploads/sites/23/2025/01/captacao-de-recursos-josue2025-1.jpg","contentUrl":"https://www.pmpf.rs.gov.br/secretariacaptacaorecursos/wp-content/uploads/sites/23/2025/01/captacao-de-recursos-josue2025-1.jpg","width":1280,"height":853},{"@type":"WebSite","@id":"https://www.pmpf.rs.gov.br/secretariacaptacaorecursos/#website","url":"https://www.pmpf.rs.gov.br/secretariacaptacaorecursos/","name":"Secretaria de Captação de Recursos","description":"Só mais um site Prefeitura de Passo Fundo","potentialAction":[{"@type":"SearchAction","target":{"@type":"EntryPoint","urlTemplate":"https://www.pmpf.rs.gov.br/secretariacaptacaorecursos/?s={search_term_string}"},"query-input":{"@type":"PropertyValueSpecification","valueRequired":true,"valueName":"search_term_string"}}],"inLanguage":"pt-BR"}]}</script>
<!-- / Yoast SEO plugin. -->

Conheça o Secretário - Secretaria de Captação de Recursos

Gestão 2025-2028 – Josué Longo Josué LongoNatural do interior de Passo Fundo, Josué Longo é formado em Educação Física pela Universidade de Passo Fundo (UPF). Ex-prefeito e vereador de Marau, ele acumula [&hellip;]

Secretaria de Captação de Recursos

Só mais um site Prefeitura de Passo Fundo
