{"id":1079,"date":"2024-02-14T10:05:43","date_gmt":"2024-02-14T13:05:43","guid":{"rendered":"https:\/\/www.pmpf.rs.gov.br\/secretaria-de-seguranca-publica\/?post_type=servicos&#038;p=1079"},"modified":"2024-02-16T14:03:41","modified_gmt":"2024-02-16T17:03:41","slug":"defesa-civil","status":"publish","type":"servicos","link":"https:\/\/www.pmpf.rs.gov.br\/secretaria-de-seguranca-publica\/servicos\/defesa-civil\/","title":{"rendered":"Defesa Civil"},"content":{"rendered":"\n<div class=\"wp-block-group has-grey-background-color has-background\"><div class=\"wp-block-group__inner-container is-layout-constrained wp-block-group-is-layout-constrained\">\n<p>As solicita\u00e7\u00f5es \u00e0 Defesa Civil podem ser realizadas em situa\u00e7\u00f5es de urg\u00eancia e emerg\u00eancia, conforme rela\u00e7\u00e3o abaixo:<\/p>\n\n\n\n<ol class=\"wp-block-list\">\n<li>Alagamentos;<\/li>\n\n\n\n<li>Desabamentos iminentes que requerem interven\u00e7\u00e3o r\u00e1pida e eficaz;<\/li>\n\n\n\n<li>Deslizamentos que amea\u00e7am a seguran\u00e7a das \u00e1reas afetadas;<\/li>\n\n\n\n<li>Destelhamentos que exp\u00f5em a popula\u00e7\u00e3o a perigos iminentes;<\/li>\n\n\n\n<li>Desastre com transporte de passageiros e cargas n\u00e3o perigosas;<\/li>\n\n\n\n<li>Desastre com transporte de produtos perigosos;<\/li>\n\n\n\n<li>Desastre com extravasamentos de produtos perigosos;<\/li>\n\n\n\n<li>Inc\u00eandios urbano ou rural;<\/li>\n\n\n\n<li>Interdi\u00e7\u00e3o de \u00e1rea\/local;<\/li>\n\n\n\n<li>Inunda\u00e7\u00f5es que apresentam riscos significativos para a popula\u00e7\u00e3o;<\/li>\n\n\n\n<li>Isolamento de \u00e1rea\/local;<\/li>\n\n\n\n<li>Retirada preventiva de fam\u00edlias\/indiv\u00edduos<\/li>\n\n\n\n<li>Risco emergencial ou iminente de queda de \u00e1rvores, demandando avalia\u00e7\u00e3o e a\u00e7\u00e3o preventiva;<\/li>\n\n\n\n<li>Rupturas ou colapso em edifica\u00e7\u00f5es;<\/li>\n\n\n\n<li>Vazamento de produtos perigosos<\/li>\n<\/ol>\n\n\n\n<p>Legisla\u00e7\u00e3o: <a href=\"https:\/\/www.defesacivil.rs.gov.br\/legislacao-geral-de-defesa-civil\" target=\"_blank\" rel=\"noreferrer noopener\">Legisla\u00e7\u00e3o Geral de Defesa Civil<\/a>, <a href=\"https:\/\/leismunicipais.com.br\/a1\/rs\/p\/passo-fundo\/decreto\/2015\/14\/141\/decreto-n-141-2015-regulamenta-a-lei-complementar-n-358-de-19-de-dezembro-de-2013-que-cria-a-coordenadoria-de-defesa-civil-do-municipio-de-passo-fundo\" target=\"_blank\" rel=\"noreferrer noopener\">Coordenadoria de Prote\u00e7\u00e3o e Defesa Civil de Passo Fundo &#8211; Comped<\/a><\/p>\n<\/div><\/div>\n\n\n\n<hr class=\"wp-block-separator has-css-opacity\"\/>\n\n\n\n<p class=\"has-medium-font-size\"><strong>Etapas para a realiza\u00e7\u00e3o deste servi\u00e7o<\/strong><\/p>\n\n\n\n<ol class=\"wp-block-list\">\n<li><strong>Como solicitar pela internet<\/strong>: Clicar no bot\u00e3o\u00a0<strong>\u201cAcesso ao sistema\u201d<\/strong>\u00a0e informar seu CPF ou CNPJ, ap\u00f3s, selecionar o assunto DEFESA CIVIL e preencher todas as informa\u00e7\u00f5es do formul\u00e1rio,\u00a0<strong><em>obrigatoriamente dever\u00e1 ser informado o endere\u00e7o <\/em>da urg\u00eancia ou emerg\u00eancia<\/strong>\u00a0Ao finalizar, clicar no bot\u00e3o salvar.\n<ul class=\"wp-block-list\">\n<li>Na instaura\u00e7\u00e3o do processo, o requerente receber\u00e1 por e-mail o n\u00famero do protocolo para acompanhamento do processo.<\/li>\n<\/ul>\n<\/li>\n\n\n\n<li><strong>Como solicitar pelo APP<\/strong>: Este servi\u00e7o tamb\u00e9m est\u00e1 dispon\u00edvel pelo APP Cidad\u00e3o Online Passo Fundo. Para mais informa\u00e7\u00f5es,\u00a0<a href=\"https:\/\/www.pmpf.rs.gov.br\/secretaria-de-administracao\/servicos\/app-cidadao-online\/\">clique aqui.<\/a><\/li>\n\n\n\n<li><strong>Solicita\u00e7\u00e3o pelo WhatsApp: <\/strong>(54) 99194-0449<\/li>\n\n\n\n<li><strong>Solicita\u00e7\u00e3o por telefone<\/strong>: \u00a0(54) 3316-7108<\/li>\n\n\n\n<li><strong>Como consultar o andamento da solicita\u00e7\u00e3o<\/strong>: Clicar no bot\u00e3o&nbsp;<strong>\u201cAcompanhar solicita\u00e7\u00e3o\u201d<\/strong>&nbsp;e visualizar a situa\u00e7\u00e3o do servi\u00e7o.<\/li>\n<\/ol>\n\n\n\n<hr class=\"wp-block-separator has-alpha-channel-opacity\"\/>\n\n\n\n<p class=\"has-medium-font-size\"><strong>Documentos Necess\u00e1rios<\/strong><\/p>\n\n\n\n<ol class=\"wp-block-list\">\n<li>Fotos ou documentos comprobat\u00f3rios.<\/li>\n<\/ol>\n\n\n\n<hr class=\"wp-block-separator has-css-opacity\"\/>\n","protected":false},"featured_media":0,"template":"","canal":[8],"quem":[5],"servico_tags":[19],"class_list":["post-1079","servicos","type-servicos","status-publish","hentry","canal-online","quem-cidadao","servico_tags-defesa-civil"],"yoast_head":"<!-- This site is optimized with the Yoast SEO plugin v23.8 - https:\/\/yoast.com\/wordpress\/plugins\/seo\/ -->\n<title>Defesa Civil - Secretaria de Seguran\u00e7a P\u00fablica e Transporte<\/title>\n<meta name=\"robots\" content=\"index, follow, max-snippet:-1, max-image-preview:large, max-video-preview:-1\" \/>\n<link rel=\"canonical\" href=\"https:\/\/www.pmpf.rs.gov.br\/secretaria-de-seguranca-publica\/servicos\/defesa-civil\/\" \/>\n<meta property=\"og:locale\" content=\"pt_BR\" \/>\n<meta property=\"og:type\" content=\"article\" \/>\n<meta property=\"og:title\" content=\"Defesa Civil - Secretaria de Seguran\u00e7a P\u00fablica e Transporte\" \/>\n<meta property=\"og:description\" content=\"As solicita\u00e7\u00f5es \u00e0 Defesa Civil podem ser realizadas em situa\u00e7\u00f5es de urg\u00eancia e emerg\u00eancia, conforme rela\u00e7\u00e3o abaixo: Legisla\u00e7\u00e3o: Legisla\u00e7\u00e3o Geral de Defesa Civil, Coordenadoria de Prote\u00e7\u00e3o e Defesa Civil de Passo Fundo [&hellip;]\" \/>\n<meta property=\"og:url\" content=\"https:\/\/www.pmpf.rs.gov.br\/secretaria-de-seguranca-publica\/servicos\/defesa-civil\/\" \/>\n<meta property=\"og:site_name\" content=\"Secretaria de Seguran\u00e7a P\u00fablica e Transporte\" \/>\n<meta property=\"article:modified_time\" content=\"2024-02-16T17:03:41+00:00\" \/>\n<meta name=\"twitter:card\" content=\"summary_large_image\" \/>\n<meta name=\"twitter:label1\" content=\"Est. tempo de leitura\" \/>\n\t<meta name=\"twitter:data1\" content=\"1 minuto\" \/>\n<script type=\"application\/ld+json\" class=\"yoast-schema-graph\">{\"@context\":\"https:\/\/schema.org\",\"@graph\":[{\"@type\":\"WebPage\",\"@id\":\"https:\/\/www.pmpf.rs.gov.br\/secretaria-de-seguranca-publica\/servicos\/defesa-civil\/\",\"url\":\"https:\/\/www.pmpf.rs.gov.br\/secretaria-de-seguranca-publica\/servicos\/defesa-civil\/\",\"name\":\"Defesa Civil - Secretaria de Seguran\u00e7a P\u00fablica e Transporte\",\"isPartOf\":{\"@id\":\"https:\/\/www.pmpf.rs.gov.br\/secretaria-de-seguranca-publica\/#website\"},\"datePublished\":\"2024-02-14T13:05:43+00:00\",\"dateModified\":\"2024-02-16T17:03:41+00:00\",\"breadcrumb\":{\"@id\":\"https:\/\/www.pmpf.rs.gov.br\/secretaria-de-seguranca-publica\/servicos\/defesa-civil\/#breadcrumb\"},\"inLanguage\":\"pt-BR\",\"potentialAction\":[{\"@type\":\"ReadAction\",\"target\":[\"https:\/\/www.pmpf.rs.gov.br\/secretaria-de-seguranca-publica\/servicos\/defesa-civil\/\"]}]},{\"@type\":\"BreadcrumbList\",\"@id\":\"https:\/\/www.pmpf.rs.gov.br\/secretaria-de-seguranca-publica\/servicos\/defesa-civil\/#breadcrumb\",\"itemListElement\":[{\"@type\":\"ListItem\",\"position\":1,\"name\":\"In\u00edcio\",\"item\":\"https:\/\/www.pmpf.rs.gov.br\/secretaria-de-seguranca-publica\/\"},{\"@type\":\"ListItem\",\"position\":2,\"name\":\"Servi\u00e7os\",\"item\":\"https:\/\/www.pmpf.rs.gov.br\/secretaria-de-seguranca-publica\/servicos\/\"},{\"@type\":\"ListItem\",\"position\":3,\"name\":\"Defesa Civil\"}]},{\"@type\":\"WebSite\",\"@id\":\"https:\/\/www.pmpf.rs.gov.br\/secretaria-de-seguranca-publica\/#website\",\"url\":\"https:\/\/www.pmpf.rs.gov.br\/secretaria-de-seguranca-publica\/\",\"name\":\"Secretaria de Seguran\u00e7a P\u00fablica e Transporte\",\"description\":\"S\u00f3 mais um site Prefeitura de Passo Fundo\",\"potentialAction\":[{\"@type\":\"SearchAction\",\"target\":{\"@type\":\"EntryPoint\",\"urlTemplate\":\"https:\/\/www.pmpf.rs.gov.br\/secretaria-de-seguranca-publica\/?s={search_term_string}\"},\"query-input\":{\"@type\":\"PropertyValueSpecification\",\"valueRequired\":true,\"valueName\":\"search_term_string\"}}],\"inLanguage\":\"pt-BR\"}]}<\/script>\n<!-- \/ Yoast SEO plugin. -->","yoast_head_json":{"title":"Defesa Civil - Secretaria de Seguran\u00e7a P\u00fablica e Transporte","robots":{"index":"index","follow":"follow","max-snippet":"max-snippet:-1","max-image-preview":"max-image-preview:large","max-video-preview":"max-video-preview:-1"},"canonical":"https:\/\/www.pmpf.rs.gov.br\/secretaria-de-seguranca-publica\/servicos\/defesa-civil\/","og_locale":"pt_BR","og_type":"article","og_title":"Defesa Civil - Secretaria de Seguran\u00e7a P\u00fablica e Transporte","og_description":"As solicita\u00e7\u00f5es \u00e0 Defesa Civil podem ser realizadas em situa\u00e7\u00f5es de urg\u00eancia e emerg\u00eancia, conforme rela\u00e7\u00e3o abaixo: Legisla\u00e7\u00e3o: Legisla\u00e7\u00e3o Geral de Defesa Civil, Coordenadoria de Prote\u00e7\u00e3o e Defesa Civil de Passo Fundo [&hellip;]","og_url":"https:\/\/www.pmpf.rs.gov.br\/secretaria-de-seguranca-publica\/servicos\/defesa-civil\/","og_site_name":"Secretaria de Seguran\u00e7a P\u00fablica e Transporte","article_modified_time":"2024-02-16T17:03:41+00:00","twitter_card":"summary_large_image","twitter_misc":{"Est. tempo de leitura":"1 minuto"},"schema":{"@context":"https:\/\/schema.org","@graph":[{"@type":"WebPage","@id":"https:\/\/www.pmpf.rs.gov.br\/secretaria-de-seguranca-publica\/servicos\/defesa-civil\/","url":"https:\/\/www.pmpf.rs.gov.br\/secretaria-de-seguranca-publica\/servicos\/defesa-civil\/","name":"Defesa Civil - Secretaria de Seguran\u00e7a P\u00fablica e Transporte","isPartOf":{"@id":"https:\/\/www.pmpf.rs.gov.br\/secretaria-de-seguranca-publica\/#website"},"datePublished":"2024-02-14T13:05:43+00:00","dateModified":"2024-02-16T17:03:41+00:00","breadcrumb":{"@id":"https:\/\/www.pmpf.rs.gov.br\/secretaria-de-seguranca-publica\/servicos\/defesa-civil\/#breadcrumb"},"inLanguage":"pt-BR","potentialAction":[{"@type":"ReadAction","target":["https:\/\/www.pmpf.rs.gov.br\/secretaria-de-seguranca-publica\/servicos\/defesa-civil\/"]}]},{"@type":"BreadcrumbList","@id":"https:\/\/www.pmpf.rs.gov.br\/secretaria-de-seguranca-publica\/servicos\/defesa-civil\/#breadcrumb","itemListElement":[{"@type":"ListItem","position":1,"name":"In\u00edcio","item":"https:\/\/www.pmpf.rs.gov.br\/secretaria-de-seguranca-publica\/"},{"@type":"ListItem","position":2,"name":"Servi\u00e7os","item":"https:\/\/www.pmpf.rs.gov.br\/secretaria-de-seguranca-publica\/servicos\/"},{"@type":"ListItem","position":3,"name":"Defesa Civil"}]},{"@type":"WebSite","@id":"https:\/\/www.pmpf.rs.gov.br\/secretaria-de-seguranca-publica\/#website","url":"https:\/\/www.pmpf.rs.gov.br\/secretaria-de-seguranca-publica\/","name":"Secretaria de Seguran\u00e7a P\u00fablica e Transporte","description":"S\u00f3 mais um site Prefeitura de Passo Fundo","potentialAction":[{"@type":"SearchAction","target":{"@type":"EntryPoint","urlTemplate":"https:\/\/www.pmpf.rs.gov.br\/secretaria-de-seguranca-publica\/?s={search_term_string}"},"query-input":{"@type":"PropertyValueSpecification","valueRequired":true,"valueName":"search_term_string"}}],"inLanguage":"pt-BR"}]}},"_links":{"self":[{"href":"https:\/\/www.pmpf.rs.gov.br\/secretaria-de-seguranca-publica\/wp-json\/wp\/v2\/servicos\/1079"}],"collection":[{"href":"https:\/\/www.pmpf.rs.gov.br\/secretaria-de-seguranca-publica\/wp-json\/wp\/v2\/servicos"}],"about":[{"href":"https:\/\/www.pmpf.rs.gov.br\/secretaria-de-seguranca-publica\/wp-json\/wp\/v2\/types\/servicos"}],"wp:attachment":[{"href":"https:\/\/www.pmpf.rs.gov.br\/secretaria-de-seguranca-publica\/wp-json\/wp\/v2\/media?parent=1079"}],"wp:term":[{"taxonomy":"canal","embeddable":true,"href":"https:\/\/www.pmpf.rs.gov.br\/secretaria-de-seguranca-publica\/wp-json\/wp\/v2\/canal?post=1079"},{"taxonomy":"quem","embeddable":true,"href":"https:\/\/www.pmpf.rs.gov.br\/secretaria-de-seguranca-publica\/wp-json\/wp\/v2\/quem?post=1079"},{"taxonomy":"servico_tags","embeddable":true,"href":"https:\/\/www.pmpf.rs.gov.br\/secretaria-de-seguranca-publica\/wp-json\/wp\/v2\/servico_tags?post=1079"}],"curies":[{"name":"wp","href":"https:\/\/api.w.org\/{rel}","templated":true}]}}

<div class="wp-block-group has-grey-background-color has-background"><div class="wp-block-group__inner-container is-layout-constrained wp-block-group-is-layout-constrained">
<p>As solicitações à Defesa Civil podem ser realizadas em situações de urgência e emergência, conforme relação abaixo:</p>



<ol class="wp-block-list">
<li>Alagamentos;</li>



<li>Desabamentos iminentes que requerem intervenção rápida e eficaz;</li>



<li>Deslizamentos que ameaçam a segurança das áreas afetadas;</li>



<li>Destelhamentos que expõem a população a perigos iminentes;</li>



<li>Desastre com transporte de passageiros e cargas não perigosas;</li>



<li>Desastre com transporte de produtos perigosos;</li>



<li>Desastre com extravasamentos de produtos perigosos;</li>



<li>Incêndios urbano ou rural;</li>



<li>Interdição de área/local;</li>



<li>Inundações que apresentam riscos significativos para a população;</li>



<li>Isolamento de área/local;</li>



<li>Retirada preventiva de famílias/indivíduos</li>



<li>Risco emergencial ou iminente de queda de árvores, demandando avaliação e ação preventiva;</li>



<li>Rupturas ou colapso em edificações;</li>



<li>Vazamento de produtos perigosos</li>
</ol>



<p>Legislação: <a href="https://www.defesacivil.rs.gov.br/legislacao-geral-de-defesa-civil" target="_blank" rel="noreferrer noopener">Legislação Geral de Defesa Civil</a>, <a href="https://leismunicipais.com.br/a1/rs/p/passo-fundo/decreto/2015/14/141/decreto-n-141-2015-regulamenta-a-lei-complementar-n-358-de-19-de-dezembro-de-2013-que-cria-a-coordenadoria-de-defesa-civil-do-municipio-de-passo-fundo" target="_blank" rel="noreferrer noopener">Coordenadoria de Proteção e Defesa Civil de Passo Fundo &#8211; Comped</a></p>
</div></div>



<hr class="wp-block-separator has-css-opacity"/>



<p class="has-medium-font-size"><strong>Etapas para a realização deste serviço</strong></p>



<ol class="wp-block-list">
<li><strong>Como solicitar pela internet</strong>: Clicar no botão <strong>“Acesso ao sistema”</strong> e informar seu CPF ou CNPJ, após, selecionar o assunto DEFESA CIVIL e preencher todas as informações do formulário, <strong><em>obrigatoriamente deverá ser informado o endereço </em>da urgência ou emergência</strong> Ao finalizar, clicar no botão salvar.
<ul class="wp-block-list">
<li>Na instauração do processo, o requerente receberá por e-mail o número do protocolo para acompanhamento do processo.</li>
</ul>
</li>



<li><strong>Como solicitar pelo APP</strong>: Este serviço também está disponível pelo APP Cidadão Online Passo Fundo. Para mais informações, <a href="https://www.pmpf.rs.gov.br/secretaria-de-administracao/servicos/app-cidadao-online/">clique aqui.</a></li>



<li><strong>Solicitação pelo WhatsApp: </strong>(54) 99194-0449</li>



<li><strong>Solicitação por telefone</strong>:  (54) 3316-7108</li>



<li><strong>Como consultar o andamento da solicitação</strong>: Clicar no botão&nbsp;<strong>“Acompanhar solicitação”</strong>&nbsp;e visualizar a situação do serviço.</li>
</ol>



<hr class="wp-block-separator has-alpha-channel-opacity"/>



<p class="has-medium-font-size"><strong>Documentos Necessários</strong></p>



<ol class="wp-block-list">
<li>Fotos ou documentos comprobatórios.</li>
</ol>



<hr class="wp-block-separator has-css-opacity"/>

<!-- This site is optimized with the Yoast SEO plugin v23.8 - https://yoast.com/wordpress/plugins/seo/ -->
<title>Defesa Civil - Secretaria de Segurança Pública e Transporte</title>
<meta name="robots" content="index, follow, max-snippet:-1, max-image-preview:large, max-video-preview:-1" />
<link rel="canonical" href="https://www.pmpf.rs.gov.br/secretaria-de-seguranca-publica/servicos/defesa-civil/" />
<meta property="og:locale" content="pt_BR" />
<meta property="og:type" content="article" />
<meta property="og:title" content="Defesa Civil - Secretaria de Segurança Pública e Transporte" />
<meta property="og:description" content="As solicitações à Defesa Civil podem ser realizadas em situações de urgência e emergência, conforme relação abaixo: Legislação: Legislação Geral de Defesa Civil, Coordenadoria de Proteção e Defesa Civil de Passo Fundo [&hellip;]" />
<meta property="og:url" content="https://www.pmpf.rs.gov.br/secretaria-de-seguranca-publica/servicos/defesa-civil/" />
<meta property="og:site_name" content="Secretaria de Segurança Pública e Transporte" />
<meta property="article:modified_time" content="2024-02-16T17:03:41+00:00" />
<meta name="twitter:card" content="summary_large_image" />
<meta name="twitter:label1" content="Est. tempo de leitura" />
	<meta name="twitter:data1" content="1 minuto" />
<script type="application/ld+json" class="yoast-schema-graph">{"@context":"https://schema.org","@graph":[{"@type":"WebPage","@id":"https://www.pmpf.rs.gov.br/secretaria-de-seguranca-publica/servicos/defesa-civil/","url":"https://www.pmpf.rs.gov.br/secretaria-de-seguranca-publica/servicos/defesa-civil/","name":"Defesa Civil - Secretaria de Segurança Pública e Transporte","isPartOf":{"@id":"https://www.pmpf.rs.gov.br/secretaria-de-seguranca-publica/#website"},"datePublished":"2024-02-14T13:05:43+00:00","dateModified":"2024-02-16T17:03:41+00:00","breadcrumb":{"@id":"https://www.pmpf.rs.gov.br/secretaria-de-seguranca-publica/servicos/defesa-civil/#breadcrumb"},"inLanguage":"pt-BR","potentialAction":[{"@type":"ReadAction","target":["https://www.pmpf.rs.gov.br/secretaria-de-seguranca-publica/servicos/defesa-civil/"]}]},{"@type":"BreadcrumbList","@id":"https://www.pmpf.rs.gov.br/secretaria-de-seguranca-publica/servicos/defesa-civil/#breadcrumb","itemListElement":[{"@type":"ListItem","position":1,"name":"Início","item":"https://www.pmpf.rs.gov.br/secretaria-de-seguranca-publica/"},{"@type":"ListItem","position":2,"name":"Serviços","item":"https://www.pmpf.rs.gov.br/secretaria-de-seguranca-publica/servicos/"},{"@type":"ListItem","position":3,"name":"Defesa Civil"}]},{"@type":"WebSite","@id":"https://www.pmpf.rs.gov.br/secretaria-de-seguranca-publica/#website","url":"https://www.pmpf.rs.gov.br/secretaria-de-seguranca-publica/","name":"Secretaria de Segurança Pública e Transporte","description":"Só mais um site Prefeitura de Passo Fundo","potentialAction":[{"@type":"SearchAction","target":{"@type":"EntryPoint","urlTemplate":"https://www.pmpf.rs.gov.br/secretaria-de-seguranca-publica/?s={search_term_string}"},"query-input":{"@type":"PropertyValueSpecification","valueRequired":true,"valueName":"search_term_string"}}],"inLanguage":"pt-BR"}]}</script>
<!-- / Yoast SEO plugin. -->

Defesa Civil - Secretaria de Segurança Pública e Transporte

As solicitações à Defesa Civil podem ser realizadas em situações de urgência e emergência, conforme relação abaixo: Legislação: Legislação Geral de Defesa Civil, Coordenadoria de Proteção e Defesa Civil de Passo Fundo [&hellip;]

Secretaria de Segurança Pública e Transporte

Início

Serviços

Só mais um site Prefeitura de Passo Fundo
