{"id":15,"date":"2021-12-22T14:46:25","date_gmt":"2021-12-22T17:46:25","guid":{"rendered":"https:\/\/www.pmpf.rs.gov.br\/secretaria-de-seguranca-publica\/?page_id=15"},"modified":"2025-08-18T11:17:18","modified_gmt":"2025-08-18T14:17:18","slug":"inicial","status":"publish","type":"page","link":"https:\/\/www.pmpf.rs.gov.br\/secretaria-de-seguranca-publica\/","title":{"rendered":"Inicial"},"content":{"rendered":"\n<h3 class=\"wp-block-heading\">Atende o Artigo 24 da Lei n\u00ba 9.503 de 1997.<\/h3>\n\n\n<div class=\"wp-block-image is-style-default\">\n<figure class=\"alignleft size-medium is-resized\"><img loading=\"lazy\" decoding=\"async\" width=\"300\" height=\"225\" src=\"https:\/\/www.pmpf.rs.gov.br\/secretaria-de-seguranca-publica\/wp-content\/uploads\/sites\/54\/2022\/03\/videomonitoramente-300x225.jpg\" alt=\"\" class=\"wp-image-762\" style=\"width:441px;height:auto\" srcset=\"https:\/\/www.pmpf.rs.gov.br\/secretaria-de-seguranca-publica\/wp-content\/uploads\/sites\/54\/2022\/03\/videomonitoramente-300x225.jpg 300w, https:\/\/www.pmpf.rs.gov.br\/secretaria-de-seguranca-publica\/wp-content\/uploads\/sites\/54\/2022\/03\/videomonitoramente-1024x768.jpg 1024w, https:\/\/www.pmpf.rs.gov.br\/secretaria-de-seguranca-publica\/wp-content\/uploads\/sites\/54\/2022\/03\/videomonitoramente-768x576.jpg 768w, https:\/\/www.pmpf.rs.gov.br\/secretaria-de-seguranca-publica\/wp-content\/uploads\/sites\/54\/2022\/03\/videomonitoramente-1536x1152.jpg 1536w, https:\/\/www.pmpf.rs.gov.br\/secretaria-de-seguranca-publica\/wp-content\/uploads\/sites\/54\/2022\/03\/videomonitoramente-2048x1536.jpg 2048w\" sizes=\"(max-width: 300px) 100vw, 300px\" \/><\/figure><\/div>\n\n\n<p class=\"has-text-align-left\">A Secretaria de Seguran\u00e7a P\u00fablica e Transporte tem a miss\u00e3o de estimular a\u00e7\u00f5es conjuntas com os \u00d3rg\u00e3os de Seguran\u00e7a P\u00fablica, Minist\u00e9rio P\u00fablico, DETRAN\/RS, Ex\u00e9rcito Brasileiro e demais entidades e ou \u00d3rg\u00e3os que tenham atividades relacionadas \u00e0 seguran\u00e7a p\u00fablica e, atender a constitui\u00e7\u00e3o do C\u00f3digo de Tr\u00e2nsito Brasileiro em seu Art. 24.<\/p>\n\n\n\n<p>Participa na realiza\u00e7\u00e3o do planejamento e na  operacionaliza\u00e7\u00e3o das a\u00e7\u00f5es voltadas \u00e0 seguran\u00e7a da comunidade, buscando alcan\u00e7ar os anseios da sociedade na minimiza\u00e7\u00e3o de problemas relacionados \u00e0 ordem p\u00fablica, atendendo os limites de sua compet\u00eancia.<\/p>\n\n\n\n<p>Suas a\u00e7\u00f5es ser\u00e3o com foco na execu\u00e7\u00e3o de projetos que alcancem proporcionar melhor qualidade de vida ao cidad\u00e3o, em conjunto com os \u00d3rg\u00e3os de seguran\u00e7a p\u00fablica, analisando os indicadores de criminalidade no Gabinete de Gest\u00e3o Integrada do munic\u00edpio, sugerindo a\u00e7\u00f5es preventivas e atuando no enfrentamento do crime atrav\u00e9s de investimentos em equipamentos eletr\u00f4nicos de videomonitoramento e outros recursos destinados a Seguran\u00e7a P\u00fablica.<\/p>\n\n\n\n<p>Promover encontros, semin\u00e1rios, eventos, palestras e f\u00f3runs com a participa\u00e7\u00e3o de segmentos representativos da sociedade organizada, objetivando despertar a conscientiza\u00e7\u00e3o da popula\u00e7\u00e3o sobre a necessidade de ado\u00e7\u00e3o de medidas de autoprote\u00e7\u00e3o no tr\u00e2nsito, bem como, sobre a compreens\u00e3o acerca da responsabilidade de todos na busca de solu\u00e7\u00f5es para as quest\u00f5es de seguran\u00e7a da comunidade, contribuindo efetivamente na redu\u00e7\u00e3o e conten\u00e7\u00e3o dos \u00edndices de criminalidade e de acidentes de tr\u00e2nsito.<\/p>\n\n\n\n<p>Regulariza e fiscaliza o transporte coletivo e individual, a exemplo: t\u00e1xis, aplicativos e transporte escolar,<\/p>\n\n\n\n<hr class=\"wp-block-separator has-alpha-channel-opacity\"\/>\n","protected":false},"excerpt":{"rendered":"<p>Atende o Artigo 24 da Lei n\u00ba 9.503 de 1997. A Secretaria de Seguran\u00e7a P\u00fablica e Transporte tem a miss\u00e3o de estimular a\u00e7\u00f5es conjuntas com os \u00d3rg\u00e3os de Seguran\u00e7a P\u00fablica, Minist\u00e9rio P\u00fablico, [&hellip;]<\/p>\n","protected":false},"author":1,"featured_media":696,"parent":0,"menu_order":0,"comment_status":"closed","ping_status":"closed","template":"page_secretaria_com_sidebar.php","meta":{"footnotes":""},"class_list":["post-15","page","type-page","status-publish","has-post-thumbnail","hentry"],"yoast_head":"<!-- This site is optimized with the Yoast SEO plugin v23.8 - https:\/\/yoast.com\/wordpress\/plugins\/seo\/ -->\n<title>Inicial - Secretaria de Seguran\u00e7a P\u00fablica e Transporte<\/title>\n<meta name=\"robots\" content=\"index, follow, max-snippet:-1, max-image-preview:large, max-video-preview:-1\" \/>\n<link rel=\"canonical\" href=\"https:\/\/www.pmpf.rs.gov.br\/secretaria-de-seguranca-publica\/\" \/>\n<meta property=\"og:locale\" content=\"pt_BR\" \/>\n<meta property=\"og:type\" content=\"article\" \/>\n<meta property=\"og:title\" content=\"Inicial - Secretaria de Seguran\u00e7a P\u00fablica e Transporte\" \/>\n<meta property=\"og:description\" content=\"Atende o Artigo 24 da Lei n\u00ba 9.503 de 1997. A Secretaria de Seguran\u00e7a P\u00fablica e Transporte tem a miss\u00e3o de estimular a\u00e7\u00f5es conjuntas com os \u00d3rg\u00e3os de Seguran\u00e7a P\u00fablica, Minist\u00e9rio P\u00fablico, [&hellip;]\" \/>\n<meta property=\"og:url\" content=\"https:\/\/www.pmpf.rs.gov.br\/secretaria-de-seguranca-publica\/\" \/>\n<meta property=\"og:site_name\" content=\"Secretaria de Seguran\u00e7a P\u00fablica e Transporte\" \/>\n<meta property=\"article:modified_time\" content=\"2025-08-18T14:17:18+00:00\" \/>\n<meta name=\"twitter:card\" content=\"summary_large_image\" \/>\n<meta name=\"twitter:label1\" content=\"Est. tempo de leitura\" \/>\n\t<meta name=\"twitter:data1\" content=\"2 minutos\" \/>\n<script type=\"application\/ld+json\" class=\"yoast-schema-graph\">{\"@context\":\"https:\/\/schema.org\",\"@graph\":[{\"@type\":\"WebPage\",\"@id\":\"https:\/\/www.pmpf.rs.gov.br\/secretaria-de-seguranca-publica\/\",\"url\":\"https:\/\/www.pmpf.rs.gov.br\/secretaria-de-seguranca-publica\/\",\"name\":\"Inicial - Secretaria de Seguran\u00e7a P\u00fablica e Transporte\",\"isPartOf\":{\"@id\":\"https:\/\/www.pmpf.rs.gov.br\/secretaria-de-seguranca-publica\/#website\"},\"primaryImageOfPage\":{\"@id\":\"https:\/\/www.pmpf.rs.gov.br\/secretaria-de-seguranca-publica\/#primaryimage\"},\"image\":{\"@id\":\"https:\/\/www.pmpf.rs.gov.br\/secretaria-de-seguranca-publica\/#primaryimage\"},\"thumbnailUrl\":\"https:\/\/www.pmpf.rs.gov.br\/secretaria-de-seguranca-publica\/wp-content\/uploads\/sites\/54\/2021\/12\/icone-secretaria-seguranca-publica.svg\",\"datePublished\":\"2021-12-22T17:46:25+00:00\",\"dateModified\":\"2025-08-18T14:17:18+00:00\",\"breadcrumb\":{\"@id\":\"https:\/\/www.pmpf.rs.gov.br\/secretaria-de-seguranca-publica\/#breadcrumb\"},\"inLanguage\":\"pt-BR\",\"potentialAction\":[{\"@type\":\"ReadAction\",\"target\":[\"https:\/\/www.pmpf.rs.gov.br\/secretaria-de-seguranca-publica\/\"]}]},{\"@type\":\"ImageObject\",\"inLanguage\":\"pt-BR\",\"@id\":\"https:\/\/www.pmpf.rs.gov.br\/secretaria-de-seguranca-publica\/#primaryimage\",\"url\":\"https:\/\/www.pmpf.rs.gov.br\/secretaria-de-seguranca-publica\/wp-content\/uploads\/sites\/54\/2021\/12\/icone-secretaria-seguranca-publica.svg\",\"contentUrl\":\"https:\/\/www.pmpf.rs.gov.br\/secretaria-de-seguranca-publica\/wp-content\/uploads\/sites\/54\/2021\/12\/icone-secretaria-seguranca-publica.svg\",\"width\":280,\"height\":280},{\"@type\":\"BreadcrumbList\",\"@id\":\"https:\/\/www.pmpf.rs.gov.br\/secretaria-de-seguranca-publica\/#breadcrumb\",\"itemListElement\":[{\"@type\":\"ListItem\",\"position\":1,\"name\":\"In\u00edcio\",\"item\":\"https:\/\/www.pmpf.rs.gov.br\/secretaria-de-seguranca-publica\/\"},{\"@type\":\"ListItem\",\"position\":2,\"name\":\"Inicial\"}]},{\"@type\":\"WebSite\",\"@id\":\"https:\/\/www.pmpf.rs.gov.br\/secretaria-de-seguranca-publica\/#website\",\"url\":\"https:\/\/www.pmpf.rs.gov.br\/secretaria-de-seguranca-publica\/\",\"name\":\"Secretaria de Seguran\u00e7a P\u00fablica e Transporte\",\"description\":\"S\u00f3 mais um site Prefeitura de Passo Fundo\",\"potentialAction\":[{\"@type\":\"SearchAction\",\"target\":{\"@type\":\"EntryPoint\",\"urlTemplate\":\"https:\/\/www.pmpf.rs.gov.br\/secretaria-de-seguranca-publica\/?s={search_term_string}\"},\"query-input\":{\"@type\":\"PropertyValueSpecification\",\"valueRequired\":true,\"valueName\":\"search_term_string\"}}],\"inLanguage\":\"pt-BR\"}]}<\/script>\n<!-- \/ Yoast SEO plugin. -->","yoast_head_json":{"title":"Inicial - Secretaria de Seguran\u00e7a P\u00fablica e Transporte","robots":{"index":"index","follow":"follow","max-snippet":"max-snippet:-1","max-image-preview":"max-image-preview:large","max-video-preview":"max-video-preview:-1"},"canonical":"https:\/\/www.pmpf.rs.gov.br\/secretaria-de-seguranca-publica\/","og_locale":"pt_BR","og_type":"article","og_title":"Inicial - Secretaria de Seguran\u00e7a P\u00fablica e Transporte","og_description":"Atende o Artigo 24 da Lei n\u00ba 9.503 de 1997. A Secretaria de Seguran\u00e7a P\u00fablica e Transporte tem a miss\u00e3o de estimular a\u00e7\u00f5es conjuntas com os \u00d3rg\u00e3os de Seguran\u00e7a P\u00fablica, Minist\u00e9rio P\u00fablico, [&hellip;]","og_url":"https:\/\/www.pmpf.rs.gov.br\/secretaria-de-seguranca-publica\/","og_site_name":"Secretaria de Seguran\u00e7a P\u00fablica e Transporte","article_modified_time":"2025-08-18T14:17:18+00:00","twitter_card":"summary_large_image","twitter_misc":{"Est. tempo de leitura":"2 minutos"},"schema":{"@context":"https:\/\/schema.org","@graph":[{"@type":"WebPage","@id":"https:\/\/www.pmpf.rs.gov.br\/secretaria-de-seguranca-publica\/","url":"https:\/\/www.pmpf.rs.gov.br\/secretaria-de-seguranca-publica\/","name":"Inicial - Secretaria de Seguran\u00e7a P\u00fablica e Transporte","isPartOf":{"@id":"https:\/\/www.pmpf.rs.gov.br\/secretaria-de-seguranca-publica\/#website"},"primaryImageOfPage":{"@id":"https:\/\/www.pmpf.rs.gov.br\/secretaria-de-seguranca-publica\/#primaryimage"},"image":{"@id":"https:\/\/www.pmpf.rs.gov.br\/secretaria-de-seguranca-publica\/#primaryimage"},"thumbnailUrl":"https:\/\/www.pmpf.rs.gov.br\/secretaria-de-seguranca-publica\/wp-content\/uploads\/sites\/54\/2021\/12\/icone-secretaria-seguranca-publica.svg","datePublished":"2021-12-22T17:46:25+00:00","dateModified":"2025-08-18T14:17:18+00:00","breadcrumb":{"@id":"https:\/\/www.pmpf.rs.gov.br\/secretaria-de-seguranca-publica\/#breadcrumb"},"inLanguage":"pt-BR","potentialAction":[{"@type":"ReadAction","target":["https:\/\/www.pmpf.rs.gov.br\/secretaria-de-seguranca-publica\/"]}]},{"@type":"ImageObject","inLanguage":"pt-BR","@id":"https:\/\/www.pmpf.rs.gov.br\/secretaria-de-seguranca-publica\/#primaryimage","url":"https:\/\/www.pmpf.rs.gov.br\/secretaria-de-seguranca-publica\/wp-content\/uploads\/sites\/54\/2021\/12\/icone-secretaria-seguranca-publica.svg","contentUrl":"https:\/\/www.pmpf.rs.gov.br\/secretaria-de-seguranca-publica\/wp-content\/uploads\/sites\/54\/2021\/12\/icone-secretaria-seguranca-publica.svg","width":280,"height":280},{"@type":"BreadcrumbList","@id":"https:\/\/www.pmpf.rs.gov.br\/secretaria-de-seguranca-publica\/#breadcrumb","itemListElement":[{"@type":"ListItem","position":1,"name":"In\u00edcio","item":"https:\/\/www.pmpf.rs.gov.br\/secretaria-de-seguranca-publica\/"},{"@type":"ListItem","position":2,"name":"Inicial"}]},{"@type":"WebSite","@id":"https:\/\/www.pmpf.rs.gov.br\/secretaria-de-seguranca-publica\/#website","url":"https:\/\/www.pmpf.rs.gov.br\/secretaria-de-seguranca-publica\/","name":"Secretaria de Seguran\u00e7a P\u00fablica e Transporte","description":"S\u00f3 mais um site Prefeitura de Passo Fundo","potentialAction":[{"@type":"SearchAction","target":{"@type":"EntryPoint","urlTemplate":"https:\/\/www.pmpf.rs.gov.br\/secretaria-de-seguranca-publica\/?s={search_term_string}"},"query-input":{"@type":"PropertyValueSpecification","valueRequired":true,"valueName":"search_term_string"}}],"inLanguage":"pt-BR"}]}},"_links":{"self":[{"href":"https:\/\/www.pmpf.rs.gov.br\/secretaria-de-seguranca-publica\/wp-json\/wp\/v2\/pages\/15"}],"collection":[{"href":"https:\/\/www.pmpf.rs.gov.br\/secretaria-de-seguranca-publica\/wp-json\/wp\/v2\/pages"}],"about":[{"href":"https:\/\/www.pmpf.rs.gov.br\/secretaria-de-seguranca-publica\/wp-json\/wp\/v2\/types\/page"}],"author":[{"embeddable":true,"href":"https:\/\/www.pmpf.rs.gov.br\/secretaria-de-seguranca-publica\/wp-json\/wp\/v2\/users\/1"}],"replies":[{"embeddable":true,"href":"https:\/\/www.pmpf.rs.gov.br\/secretaria-de-seguranca-publica\/wp-json\/wp\/v2\/comments?post=15"}],"version-history":[{"count":17,"href":"https:\/\/www.pmpf.rs.gov.br\/secretaria-de-seguranca-publica\/wp-json\/wp\/v2\/pages\/15\/revisions"}],"predecessor-version":[{"id":1277,"href":"https:\/\/www.pmpf.rs.gov.br\/secretaria-de-seguranca-publica\/wp-json\/wp\/v2\/pages\/15\/revisions\/1277"}],"wp:featuredmedia":[{"embeddable":true,"href":"https:\/\/www.pmpf.rs.gov.br\/secretaria-de-seguranca-publica\/wp-json\/wp\/v2\/media\/696"}],"wp:attachment":[{"href":"https:\/\/www.pmpf.rs.gov.br\/secretaria-de-seguranca-publica\/wp-json\/wp\/v2\/media?parent=15"}],"curies":[{"name":"wp","href":"https:\/\/api.w.org\/{rel}","templated":true}]}}

<h3 class="wp-block-heading">Atende o Artigo 24 da Lei nº 9.503 de 1997.</h3>


<div class="wp-block-image is-style-default">
<figure class="alignleft size-medium is-resized"><img loading="lazy" decoding="async" width="300" height="225" src="https://www.pmpf.rs.gov.br/secretaria-de-seguranca-publica/wp-content/uploads/sites/54/2022/03/videomonitoramente-300x225.jpg" alt="" class="wp-image-762" style="width:441px;height:auto" srcset="https://www.pmpf.rs.gov.br/secretaria-de-seguranca-publica/wp-content/uploads/sites/54/2022/03/videomonitoramente-300x225.jpg 300w, https://www.pmpf.rs.gov.br/secretaria-de-seguranca-publica/wp-content/uploads/sites/54/2022/03/videomonitoramente-1024x768.jpg 1024w, https://www.pmpf.rs.gov.br/secretaria-de-seguranca-publica/wp-content/uploads/sites/54/2022/03/videomonitoramente-768x576.jpg 768w, https://www.pmpf.rs.gov.br/secretaria-de-seguranca-publica/wp-content/uploads/sites/54/2022/03/videomonitoramente-1536x1152.jpg 1536w, https://www.pmpf.rs.gov.br/secretaria-de-seguranca-publica/wp-content/uploads/sites/54/2022/03/videomonitoramente-2048x1536.jpg 2048w" sizes="(max-width: 300px) 100vw, 300px" /></figure></div>


<p class="has-text-align-left">A Secretaria de Segurança Pública e Transporte tem a missão de estimular ações conjuntas com os Órgãos de Segurança Pública, Ministério Público, DETRAN/RS, Exército Brasileiro e demais entidades e ou Órgãos que tenham atividades relacionadas à segurança pública e, atender a constituição do Código de Trânsito Brasileiro em seu Art. 24.</p>



<p>Participa na realização do planejamento e na  operacionalização das ações voltadas à segurança da comunidade, buscando alcançar os anseios da sociedade na minimização de problemas relacionados à ordem pública, atendendo os limites de sua competência.</p>



<p>Suas ações serão com foco na execução de projetos que alcancem proporcionar melhor qualidade de vida ao cidadão, em conjunto com os Órgãos de segurança pública, analisando os indicadores de criminalidade no Gabinete de Gestão Integrada do município, sugerindo ações preventivas e atuando no enfrentamento do crime através de investimentos em equipamentos eletrônicos de videomonitoramento e outros recursos destinados a Segurança Pública.</p>



<p>Promover encontros, seminários, eventos, palestras e fóruns com a participação de segmentos representativos da sociedade organizada, objetivando despertar a conscientização da população sobre a necessidade de adoção de medidas de autoproteção no trânsito, bem como, sobre a compreensão acerca da responsabilidade de todos na busca de soluções para as questões de segurança da comunidade, contribuindo efetivamente na redução e contenção dos índices de criminalidade e de acidentes de trânsito.</p>



<p>Regulariza e fiscaliza o transporte coletivo e individual, a exemplo: táxis, aplicativos e transporte escolar,</p>



<hr class="wp-block-separator has-alpha-channel-opacity"/>

<p>Atende o Artigo 24 da Lei nº 9.503 de 1997. A Secretaria de Segurança Pública e Transporte tem a missão de estimular ações conjuntas com os Órgãos de Segurança Pública, Ministério Público, [&hellip;]</p>

<!-- This site is optimized with the Yoast SEO plugin v23.8 - https://yoast.com/wordpress/plugins/seo/ -->
<title>Inicial - Secretaria de Segurança Pública e Transporte</title>
<meta name="robots" content="index, follow, max-snippet:-1, max-image-preview:large, max-video-preview:-1" />
<link rel="canonical" href="https://www.pmpf.rs.gov.br/secretaria-de-seguranca-publica/" />
<meta property="og:locale" content="pt_BR" />
<meta property="og:type" content="article" />
<meta property="og:title" content="Inicial - Secretaria de Segurança Pública e Transporte" />
<meta property="og:description" content="Atende o Artigo 24 da Lei nº 9.503 de 1997. A Secretaria de Segurança Pública e Transporte tem a missão de estimular ações conjuntas com os Órgãos de Segurança Pública, Ministério Público, [&hellip;]" />
<meta property="og:url" content="https://www.pmpf.rs.gov.br/secretaria-de-seguranca-publica/" />
<meta property="og:site_name" content="Secretaria de Segurança Pública e Transporte" />
<meta property="article:modified_time" content="2025-08-18T14:17:18+00:00" />
<meta name="twitter:card" content="summary_large_image" />
<meta name="twitter:label1" content="Est. tempo de leitura" />
	<meta name="twitter:data1" content="2 minutos" />
<script type="application/ld+json" class="yoast-schema-graph">{"@context":"https://schema.org","@graph":[{"@type":"WebPage","@id":"https://www.pmpf.rs.gov.br/secretaria-de-seguranca-publica/","url":"https://www.pmpf.rs.gov.br/secretaria-de-seguranca-publica/","name":"Inicial - Secretaria de Segurança Pública e Transporte","isPartOf":{"@id":"https://www.pmpf.rs.gov.br/secretaria-de-seguranca-publica/#website"},"primaryImageOfPage":{"@id":"https://www.pmpf.rs.gov.br/secretaria-de-seguranca-publica/#primaryimage"},"image":{"@id":"https://www.pmpf.rs.gov.br/secretaria-de-seguranca-publica/#primaryimage"},"thumbnailUrl":"https://www.pmpf.rs.gov.br/secretaria-de-seguranca-publica/wp-content/uploads/sites/54/2021/12/icone-secretaria-seguranca-publica.svg","datePublished":"2021-12-22T17:46:25+00:00","dateModified":"2025-08-18T14:17:18+00:00","breadcrumb":{"@id":"https://www.pmpf.rs.gov.br/secretaria-de-seguranca-publica/#breadcrumb"},"inLanguage":"pt-BR","potentialAction":[{"@type":"ReadAction","target":["https://www.pmpf.rs.gov.br/secretaria-de-seguranca-publica/"]}]},{"@type":"ImageObject","inLanguage":"pt-BR","@id":"https://www.pmpf.rs.gov.br/secretaria-de-seguranca-publica/#primaryimage","url":"https://www.pmpf.rs.gov.br/secretaria-de-seguranca-publica/wp-content/uploads/sites/54/2021/12/icone-secretaria-seguranca-publica.svg","contentUrl":"https://www.pmpf.rs.gov.br/secretaria-de-seguranca-publica/wp-content/uploads/sites/54/2021/12/icone-secretaria-seguranca-publica.svg","width":280,"height":280},{"@type":"BreadcrumbList","@id":"https://www.pmpf.rs.gov.br/secretaria-de-seguranca-publica/#breadcrumb","itemListElement":[{"@type":"ListItem","position":1,"name":"Início","item":"https://www.pmpf.rs.gov.br/secretaria-de-seguranca-publica/"},{"@type":"ListItem","position":2,"name":"Inicial"}]},{"@type":"WebSite","@id":"https://www.pmpf.rs.gov.br/secretaria-de-seguranca-publica/#website","url":"https://www.pmpf.rs.gov.br/secretaria-de-seguranca-publica/","name":"Secretaria de Segurança Pública e Transporte","description":"Só mais um site Prefeitura de Passo Fundo","potentialAction":[{"@type":"SearchAction","target":{"@type":"EntryPoint","urlTemplate":"https://www.pmpf.rs.gov.br/secretaria-de-seguranca-publica/?s={search_term_string}"},"query-input":{"@type":"PropertyValueSpecification","valueRequired":true,"valueName":"search_term_string"}}],"inLanguage":"pt-BR"}]}</script>
<!-- / Yoast SEO plugin. -->

Inicial - Secretaria de Segurança Pública e Transporte

Atende o Artigo 24 da Lei nº 9.503 de 1997. A Secretaria de Segurança Pública e Transporte tem a missão de estimular ações conjuntas com os Órgãos de Segurança Pública, Ministério Público, [&hellip;]

Secretaria de Segurança Pública e Transporte

Início

Só mais um site Prefeitura de Passo Fundo
