{"id":2316,"date":"2021-12-22T21:52:33","date_gmt":"2021-12-23T00:52:33","guid":{"rendered":"https:\/\/www.pmpf.rs.gov.br\/secretaria-de-saude\/?page_id=2316"},"modified":"2025-10-30T09:23:37","modified_gmt":"2025-10-30T12:23:37","slug":"estrutura","status":"publish","type":"page","link":"https:\/\/www.pmpf.rs.gov.br\/secretaria-de-saude\/estrutura\/","title":{"rendered":"Estrutura da Secretaria"},"content":{"rendered":"\n<p>A Secretaria de Sa\u00fade trabalha com 5 coordenadorias, que desenvolvem a\u00e7\u00f5es desde a preven\u00e7\u00e3o at\u00e9 o atendimento \u00e0 popula\u00e7\u00e3o de Passo Fundo. S\u00e3o elas:<\/p>\n\n\n\n<h3 class=\"wp-block-heading\">Coordenadoria de Administra\u00e7\u00e3o e Planejamento<\/h3>\n\n\n\n<p>Respons\u00e1vel pelos processos administrativos da Secretaria Municipal de Sa\u00fade (SMS), atua no controle or\u00e7ament\u00e1rio, gest\u00e3o de pessoal, tramita\u00e7\u00e3o de documentos, requisi\u00e7\u00f5es de materiais e assessoramento \u00e0s demais coordenadorias.<\/p>\n\n\n\n<p>Administra a frequ\u00eancia, efetividade, f\u00e9rias e licen\u00e7as dos servidores. Realiza requisi\u00e7\u00f5es de materiais, servi\u00e7os e equipamentos, com controle de entrada, sa\u00edda e conserva\u00e7\u00e3o dos itens adquiridos.<br><br>Suas atividades est\u00e3o organizadas em quatro n\u00facleos:<\/p>\n\n\n\n<ul class=\"wp-block-list\">\n<li>Fundo Municipal de Sa\u00fade;<\/li>\n\n\n\n<li>Distribui\u00e7\u00e3o de Materiais;<\/li>\n\n\n\n<li>Transportes;<\/li>\n\n\n\n<li>Auditoria.<\/li>\n<\/ul>\n\n\n\n<h3 class=\"wp-block-heading\">Coordenadoria de Aten\u00e7\u00e3o e Pol\u00edticas para Pessoas com Defici\u00eancia<\/h3>\n\n\n\n<p>O setor \u00e9 respons\u00e1vel pela garantia do acesso \u00e0s pol\u00edticas p\u00fablicas aos portadores de necessidades especiais, encaminhamentos e distribui\u00e7\u00e3o de fraldas, solicita\u00e7\u00f5es para concess\u00e3o de \u00f3rteses, pr\u00f3teses e meios auxiliares de locomo\u00e7\u00e3o, encaminhamentos para atendimentos multiprofissionais em institui\u00e7\u00f5es, como a ACD e APAE.<\/p>\n\n\n\n<p>Materiais disponibilizados: cadeira de rodas; cadeira de banho; palmilhas; cal\u00e7ado anat\u00f4mico; cal\u00e7ado ortop\u00e9dico; cal\u00e7ado especial para diab\u00e9ticos; suti\u00e3s p\u00f3s-mastectomia; colete; bengala; andador; muleta; \u00f3rtese; pr\u00f3tese; pr\u00f3tese ocular; aparelho auditivo; fraldas infantil e geri\u00e1trica; entre outros. Os documentos necess\u00e1rios e o formul\u00e1rio para solicita\u00e7\u00e3o de fraldas est\u00e3o dispon\u00edveis no link: <a href=\"https:\/\/www.pmpf.rs.gov.br\/secretaria-de-saude\/wp-content\/uploads\/sites\/50\/2022\/03\/formulario-fralda-pmpf.pdf\" target=\"_blank\" rel=\"noreferrer noopener\">Solicita\u00e7\u00e3o de Fraldas (documento anexo)<\/a><\/p>\n\n\n\n<h3 class=\"wp-block-heading\">Coordenadoria de Promo\u00e7\u00e3o de Sa\u00fade<\/h3>\n\n\n\n<p>A Coordenadoria de Promo\u00e7\u00e3o da Sa\u00fade atua de forma integrada com as equipes de Aten\u00e7\u00e3o Prim\u00e1ria das Unidades B\u00e1sicas de Sa\u00fade, que se organizam em Estrat\u00e9gia de Sa\u00fade da Fam\u00edlia (eSF) e Equipes de Aten\u00e7\u00e3o Prim\u00e1ria (eAP), de acordo com a composi\u00e7\u00e3o das equipes. Tamb\u00e9m desenvolve programas especiais e a\u00e7\u00f5es voltadas \u00e0 promo\u00e7\u00e3o da sa\u00fade, com foco na preven\u00e7\u00e3o de doen\u00e7as, no acompanhamento de condi\u00e7\u00f5es cr\u00f4nicas e com aten\u00e7\u00e3o integral em todas as fases do ciclo de vida, contemplando grupos priorit\u00e1rios e popula\u00e7\u00f5es em situa\u00e7\u00e3o de vulnerabilidade.<br><br>Sua atua\u00e7\u00e3o contempla tanto o cuidado a pessoas j\u00e1 acometidas por doen\u00e7as, que necessitam de acompanhamento cont\u00ednuo, quanto a orienta\u00e7\u00e3o e os cuidados necess\u00e1rios \u00e0 preven\u00e7\u00e3o do adoecimento.<br><br>Promove ainda, a integra\u00e7\u00e3o entre institui\u00e7\u00f5es de ensino, servi\u00e7os de sa\u00fade e comunidade, articulando forma\u00e7\u00e3o acad\u00eamica, pr\u00e1tica profissional e produ\u00e7\u00e3o de conhecimento, com o objetivo de fortalecer a qualidade da assist\u00eancia.<\/p>\n\n\n\n<p>Sua estrutura est\u00e1 organizada em n\u00facleos:<\/p>\n\n\n\n<ul class=\"wp-block-list\">\n<li>N\u00facleo de A\u00e7\u00f5es B\u00e1sicas;<\/li>\n\n\n\n<li>N\u00facleo de Sa\u00fade Bucal;<\/li>\n\n\n\n<li>N\u00facleo de Projetos Especiais;<\/li>\n\n\n\n<li>N\u00facleo de Ensino-Servi\u00e7o-Pesquisa.<\/li>\n<\/ul>\n\n\n\n<h3 class=\"wp-block-heading\">Coordenadoria de Recupera\u00e7\u00e3o \u00e0 Sa\u00fade<\/h3>\n\n\n\n<p>Respons\u00e1vel pela aten\u00e7\u00e3o aos pacientes j\u00e1 acometidos por doen\u00e7as, com foco na recupera\u00e7\u00e3o da sa\u00fade por meio de servi\u00e7os ambulatoriais, assist\u00eancia farmac\u00eautica e atendimento especializado.<br><br>Sua estrutura est\u00e1 organizada em tr\u00eas n\u00facleos:<\/p>\n\n\n\n<ul class=\"wp-block-list\">\n<li>N\u00facleo Ambulatorial;<\/li>\n\n\n\n<li>N\u00facleo de Assist\u00eancia Farmac\u00eautica;<\/li>\n\n\n\n<li>N\u00facleo de Sa\u00fade Mental;<\/li>\n\n\n\n<li>Setor de Regula\u00e7\u00e3o;<\/li>\n\n\n\n<li>Setor de Exames;<\/li>\n\n\n\n<li>Setor de CNES.<\/li>\n<\/ul>\n\n\n\n<h3 class=\"wp-block-heading\">Coordenadoria de Vigil\u00e2ncia em Sa\u00fade<\/h3>\n\n\n\n<p>Respons\u00e1vel pelo monitoramento e controle de riscos, agravos e determinantes \u00e0 sa\u00fade, com foco na preven\u00e7\u00e3o, promo\u00e7\u00e3o e prote\u00e7\u00e3o da sa\u00fade individual e coletiva.<\/p>\n\n\n\n<p>Sua estrutura est\u00e1 organizada em tr\u00eas n\u00facleos:<\/p>\n\n\n\n<ul class=\"wp-block-list\">\n<li>N\u00facleo de Vigil\u00e2ncia Epidemiol\u00f3gica;\n<ul class=\"wp-block-list\">\n<li>SAE;<\/li>\n<\/ul>\n<\/li>\n\n\n\n<li>N\u00facleo de Vigil\u00e2ncia Sanit\u00e1ria;<\/li>\n\n\n\n<li>N\u00facleo de Vigil\u00e2ncia da Sa\u00fade do Trabalhador e Ambiental em Sa\u00fade;<\/li>\n<\/ul>\n\n\n\n<hr class=\"wp-block-separator has-alpha-channel-opacity\"\/>\n","protected":false},"excerpt":{"rendered":"<p>A Secretaria de Sa\u00fade trabalha com 5 coordenadorias, que desenvolvem a\u00e7\u00f5es desde a preven\u00e7\u00e3o at\u00e9 o atendimento \u00e0 popula\u00e7\u00e3o de Passo Fundo. S\u00e3o elas: Coordenadoria de Administra\u00e7\u00e3o e Planejamento Respons\u00e1vel pelos processos [&hellip;]<\/p>\n","protected":false},"author":1,"featured_media":0,"parent":0,"menu_order":0,"comment_status":"closed","ping_status":"closed","template":"","meta":{"footnotes":""},"class_list":["post-2316","page","type-page","status-publish","hentry"],"yoast_head":"<!-- This site is optimized with the Yoast SEO plugin v23.8 - https:\/\/yoast.com\/wordpress\/plugins\/seo\/ -->\n<title>Estrutura da Secretaria - Secretaria de Sa\u00fade<\/title>\n<meta name=\"robots\" content=\"index, follow, max-snippet:-1, max-image-preview:large, max-video-preview:-1\" \/>\n<link rel=\"canonical\" href=\"https:\/\/www.pmpf.rs.gov.br\/secretaria-de-saude\/estrutura\/\" \/>\n<meta property=\"og:locale\" content=\"pt_BR\" \/>\n<meta property=\"og:type\" content=\"article\" \/>\n<meta property=\"og:title\" content=\"Estrutura da Secretaria - Secretaria de Sa\u00fade\" \/>\n<meta property=\"og:description\" content=\"A Secretaria de Sa\u00fade trabalha com 5 coordenadorias, que desenvolvem a\u00e7\u00f5es desde a preven\u00e7\u00e3o at\u00e9 o atendimento \u00e0 popula\u00e7\u00e3o de Passo Fundo. S\u00e3o elas: Coordenadoria de Administra\u00e7\u00e3o e Planejamento Respons\u00e1vel pelos processos [&hellip;]\" \/>\n<meta property=\"og:url\" content=\"https:\/\/www.pmpf.rs.gov.br\/secretaria-de-saude\/estrutura\/\" \/>\n<meta property=\"og:site_name\" content=\"Secretaria de Sa\u00fade\" \/>\n<meta property=\"article:modified_time\" content=\"2025-10-30T12:23:37+00:00\" \/>\n<meta name=\"twitter:card\" content=\"summary_large_image\" \/>\n<meta name=\"twitter:label1\" content=\"Est. tempo de leitura\" \/>\n\t<meta name=\"twitter:data1\" content=\"5 minutos\" \/>\n<script type=\"application\/ld+json\" class=\"yoast-schema-graph\">{\"@context\":\"https:\/\/schema.org\",\"@graph\":[{\"@type\":\"WebPage\",\"@id\":\"https:\/\/www.pmpf.rs.gov.br\/secretaria-de-saude\/estrutura\/\",\"url\":\"https:\/\/www.pmpf.rs.gov.br\/secretaria-de-saude\/estrutura\/\",\"name\":\"Estrutura da Secretaria - Secretaria de Sa\u00fade\",\"isPartOf\":{\"@id\":\"https:\/\/www.pmpf.rs.gov.br\/secretaria-de-saude\/#website\"},\"datePublished\":\"2021-12-23T00:52:33+00:00\",\"dateModified\":\"2025-10-30T12:23:37+00:00\",\"breadcrumb\":{\"@id\":\"https:\/\/www.pmpf.rs.gov.br\/secretaria-de-saude\/estrutura\/#breadcrumb\"},\"inLanguage\":\"pt-BR\",\"potentialAction\":[{\"@type\":\"ReadAction\",\"target\":[\"https:\/\/www.pmpf.rs.gov.br\/secretaria-de-saude\/estrutura\/\"]}]},{\"@type\":\"BreadcrumbList\",\"@id\":\"https:\/\/www.pmpf.rs.gov.br\/secretaria-de-saude\/estrutura\/#breadcrumb\",\"itemListElement\":[{\"@type\":\"ListItem\",\"position\":1,\"name\":\"In\u00edcio\",\"item\":\"https:\/\/www.pmpf.rs.gov.br\/secretaria-de-saude\/\"},{\"@type\":\"ListItem\",\"position\":2,\"name\":\"Estrutura da Secretaria\"}]},{\"@type\":\"WebSite\",\"@id\":\"https:\/\/www.pmpf.rs.gov.br\/secretaria-de-saude\/#website\",\"url\":\"https:\/\/www.pmpf.rs.gov.br\/secretaria-de-saude\/\",\"name\":\"Secretaria de Sa\u00fade\",\"description\":\"S\u00f3 mais um site Prefeitura de Passo Fundo\",\"potentialAction\":[{\"@type\":\"SearchAction\",\"target\":{\"@type\":\"EntryPoint\",\"urlTemplate\":\"https:\/\/www.pmpf.rs.gov.br\/secretaria-de-saude\/?s={search_term_string}\"},\"query-input\":{\"@type\":\"PropertyValueSpecification\",\"valueRequired\":true,\"valueName\":\"search_term_string\"}}],\"inLanguage\":\"pt-BR\"}]}<\/script>\n<!-- \/ Yoast SEO plugin. -->","yoast_head_json":{"title":"Estrutura da Secretaria - Secretaria de Sa\u00fade","robots":{"index":"index","follow":"follow","max-snippet":"max-snippet:-1","max-image-preview":"max-image-preview:large","max-video-preview":"max-video-preview:-1"},"canonical":"https:\/\/www.pmpf.rs.gov.br\/secretaria-de-saude\/estrutura\/","og_locale":"pt_BR","og_type":"article","og_title":"Estrutura da Secretaria - Secretaria de Sa\u00fade","og_description":"A Secretaria de Sa\u00fade trabalha com 5 coordenadorias, que desenvolvem a\u00e7\u00f5es desde a preven\u00e7\u00e3o at\u00e9 o atendimento \u00e0 popula\u00e7\u00e3o de Passo Fundo. S\u00e3o elas: Coordenadoria de Administra\u00e7\u00e3o e Planejamento Respons\u00e1vel pelos processos [&hellip;]","og_url":"https:\/\/www.pmpf.rs.gov.br\/secretaria-de-saude\/estrutura\/","og_site_name":"Secretaria de Sa\u00fade","article_modified_time":"2025-10-30T12:23:37+00:00","twitter_card":"summary_large_image","twitter_misc":{"Est. tempo de leitura":"5 minutos"},"schema":{"@context":"https:\/\/schema.org","@graph":[{"@type":"WebPage","@id":"https:\/\/www.pmpf.rs.gov.br\/secretaria-de-saude\/estrutura\/","url":"https:\/\/www.pmpf.rs.gov.br\/secretaria-de-saude\/estrutura\/","name":"Estrutura da Secretaria - Secretaria de Sa\u00fade","isPartOf":{"@id":"https:\/\/www.pmpf.rs.gov.br\/secretaria-de-saude\/#website"},"datePublished":"2021-12-23T00:52:33+00:00","dateModified":"2025-10-30T12:23:37+00:00","breadcrumb":{"@id":"https:\/\/www.pmpf.rs.gov.br\/secretaria-de-saude\/estrutura\/#breadcrumb"},"inLanguage":"pt-BR","potentialAction":[{"@type":"ReadAction","target":["https:\/\/www.pmpf.rs.gov.br\/secretaria-de-saude\/estrutura\/"]}]},{"@type":"BreadcrumbList","@id":"https:\/\/www.pmpf.rs.gov.br\/secretaria-de-saude\/estrutura\/#breadcrumb","itemListElement":[{"@type":"ListItem","position":1,"name":"In\u00edcio","item":"https:\/\/www.pmpf.rs.gov.br\/secretaria-de-saude\/"},{"@type":"ListItem","position":2,"name":"Estrutura da Secretaria"}]},{"@type":"WebSite","@id":"https:\/\/www.pmpf.rs.gov.br\/secretaria-de-saude\/#website","url":"https:\/\/www.pmpf.rs.gov.br\/secretaria-de-saude\/","name":"Secretaria de Sa\u00fade","description":"S\u00f3 mais um site Prefeitura de Passo Fundo","potentialAction":[{"@type":"SearchAction","target":{"@type":"EntryPoint","urlTemplate":"https:\/\/www.pmpf.rs.gov.br\/secretaria-de-saude\/?s={search_term_string}"},"query-input":{"@type":"PropertyValueSpecification","valueRequired":true,"valueName":"search_term_string"}}],"inLanguage":"pt-BR"}]}},"_links":{"self":[{"href":"https:\/\/www.pmpf.rs.gov.br\/secretaria-de-saude\/wp-json\/wp\/v2\/pages\/2316"}],"collection":[{"href":"https:\/\/www.pmpf.rs.gov.br\/secretaria-de-saude\/wp-json\/wp\/v2\/pages"}],"about":[{"href":"https:\/\/www.pmpf.rs.gov.br\/secretaria-de-saude\/wp-json\/wp\/v2\/types\/page"}],"author":[{"embeddable":true,"href":"https:\/\/www.pmpf.rs.gov.br\/secretaria-de-saude\/wp-json\/wp\/v2\/users\/1"}],"replies":[{"embeddable":true,"href":"https:\/\/www.pmpf.rs.gov.br\/secretaria-de-saude\/wp-json\/wp\/v2\/comments?post=2316"}],"version-history":[{"count":19,"href":"https:\/\/www.pmpf.rs.gov.br\/secretaria-de-saude\/wp-json\/wp\/v2\/pages\/2316\/revisions"}],"predecessor-version":[{"id":4712,"href":"https:\/\/www.pmpf.rs.gov.br\/secretaria-de-saude\/wp-json\/wp\/v2\/pages\/2316\/revisions\/4712"}],"wp:attachment":[{"href":"https:\/\/www.pmpf.rs.gov.br\/secretaria-de-saude\/wp-json\/wp\/v2\/media?parent=2316"}],"curies":[{"name":"wp","href":"https:\/\/api.w.org\/{rel}","templated":true}]}}

<p>A Secretaria de Saúde trabalha com 5 coordenadorias, que desenvolvem ações desde a prevenção até o atendimento à população de Passo Fundo. São elas:</p>



<h3 class="wp-block-heading">Coordenadoria de Administração e Planejamento</h3>



<p>Responsável pelos processos administrativos da Secretaria Municipal de Saúde (SMS), atua no controle orçamentário, gestão de pessoal, tramitação de documentos, requisições de materiais e assessoramento às demais coordenadorias.</p>



<p>Administra a frequência, efetividade, férias e licenças dos servidores. Realiza requisições de materiais, serviços e equipamentos, com controle de entrada, saída e conservação dos itens adquiridos.<br><br>Suas atividades estão organizadas em quatro núcleos:</p>



<ul class="wp-block-list">
<li>Fundo Municipal de Saúde;</li>



<li>Distribuição de Materiais;</li>



<li>Transportes;</li>



<li>Auditoria.</li>
</ul>



<h3 class="wp-block-heading">Coordenadoria de Atenção e Políticas para Pessoas com Deficiência</h3>



<p>O setor é responsável pela garantia do acesso às políticas públicas aos portadores de necessidades especiais, encaminhamentos e distribuição de fraldas, solicitações para concessão de órteses, próteses e meios auxiliares de locomoção, encaminhamentos para atendimentos multiprofissionais em instituições, como a ACD e APAE.</p>



<p>Materiais disponibilizados: cadeira de rodas; cadeira de banho; palmilhas; calçado anatômico; calçado ortopédico; calçado especial para diabéticos; sutiãs pós-mastectomia; colete; bengala; andador; muleta; órtese; prótese; prótese ocular; aparelho auditivo; fraldas infantil e geriátrica; entre outros. Os documentos necessários e o formulário para solicitação de fraldas estão disponíveis no link: <a href="https://www.pmpf.rs.gov.br/secretaria-de-saude/wp-content/uploads/sites/50/2022/03/formulario-fralda-pmpf.pdf" target="_blank" rel="noreferrer noopener">Solicitação de Fraldas (documento anexo)</a></p>



<h3 class="wp-block-heading">Coordenadoria de Promoção de Saúde</h3>



<p>A Coordenadoria de Promoção da Saúde atua de forma integrada com as equipes de Atenção Primária das Unidades Básicas de Saúde, que se organizam em Estratégia de Saúde da Família (eSF) e Equipes de Atenção Primária (eAP), de acordo com a composição das equipes. Também desenvolve programas especiais e ações voltadas à promoção da saúde, com foco na prevenção de doenças, no acompanhamento de condições crônicas e com atenção integral em todas as fases do ciclo de vida, contemplando grupos prioritários e populações em situação de vulnerabilidade.<br><br>Sua atuação contempla tanto o cuidado a pessoas já acometidas por doenças, que necessitam de acompanhamento contínuo, quanto a orientação e os cuidados necessários à prevenção do adoecimento.<br><br>Promove ainda, a integração entre instituições de ensino, serviços de saúde e comunidade, articulando formação acadêmica, prática profissional e produção de conhecimento, com o objetivo de fortalecer a qualidade da assistência.</p>



<p>Sua estrutura está organizada em núcleos:</p>



<ul class="wp-block-list">
<li>Núcleo de Ações Básicas;</li>



<li>Núcleo de Saúde Bucal;</li>



<li>Núcleo de Projetos Especiais;</li>



<li>Núcleo de Ensino-Serviço-Pesquisa.</li>
</ul>



<h3 class="wp-block-heading">Coordenadoria de Recuperação à Saúde</h3>



<p>Responsável pela atenção aos pacientes já acometidos por doenças, com foco na recuperação da saúde por meio de serviços ambulatoriais, assistência farmacêutica e atendimento especializado.<br><br>Sua estrutura está organizada em três núcleos:</p>



<ul class="wp-block-list">
<li>Núcleo Ambulatorial;</li>



<li>Núcleo de Assistência Farmacêutica;</li>



<li>Núcleo de Saúde Mental;</li>



<li>Setor de Regulação;</li>



<li>Setor de Exames;</li>



<li>Setor de CNES.</li>
</ul>



<h3 class="wp-block-heading">Coordenadoria de Vigilância em Saúde</h3>



<p>Responsável pelo monitoramento e controle de riscos, agravos e determinantes à saúde, com foco na prevenção, promoção e proteção da saúde individual e coletiva.</p>



<p>Sua estrutura está organizada em três núcleos:</p>



<ul class="wp-block-list">
<li>Núcleo de Vigilância Epidemiológica;
<ul class="wp-block-list">
<li>SAE;</li>
</ul>
</li>



<li>Núcleo de Vigilância Sanitária;</li>



<li>Núcleo de Vigilância da Saúde do Trabalhador e Ambiental em Saúde;</li>
</ul>



<hr class="wp-block-separator has-alpha-channel-opacity"/>

<p>A Secretaria de Saúde trabalha com 5 coordenadorias, que desenvolvem ações desde a prevenção até o atendimento à população de Passo Fundo. São elas: Coordenadoria de Administração e Planejamento Responsável pelos processos [&hellip;]</p>

<!-- This site is optimized with the Yoast SEO plugin v23.8 - https://yoast.com/wordpress/plugins/seo/ -->
<title>Estrutura da Secretaria - Secretaria de Saúde</title>
<meta name="robots" content="index, follow, max-snippet:-1, max-image-preview:large, max-video-preview:-1" />
<link rel="canonical" href="https://www.pmpf.rs.gov.br/secretaria-de-saude/estrutura/" />
<meta property="og:locale" content="pt_BR" />
<meta property="og:type" content="article" />
<meta property="og:title" content="Estrutura da Secretaria - Secretaria de Saúde" />
<meta property="og:description" content="A Secretaria de Saúde trabalha com 5 coordenadorias, que desenvolvem ações desde a prevenção até o atendimento à população de Passo Fundo. São elas: Coordenadoria de Administração e Planejamento Responsável pelos processos [&hellip;]" />
<meta property="og:url" content="https://www.pmpf.rs.gov.br/secretaria-de-saude/estrutura/" />
<meta property="og:site_name" content="Secretaria de Saúde" />
<meta property="article:modified_time" content="2025-10-30T12:23:37+00:00" />
<meta name="twitter:card" content="summary_large_image" />
<meta name="twitter:label1" content="Est. tempo de leitura" />
	<meta name="twitter:data1" content="5 minutos" />
<script type="application/ld+json" class="yoast-schema-graph">{"@context":"https://schema.org","@graph":[{"@type":"WebPage","@id":"https://www.pmpf.rs.gov.br/secretaria-de-saude/estrutura/","url":"https://www.pmpf.rs.gov.br/secretaria-de-saude/estrutura/","name":"Estrutura da Secretaria - Secretaria de Saúde","isPartOf":{"@id":"https://www.pmpf.rs.gov.br/secretaria-de-saude/#website"},"datePublished":"2021-12-23T00:52:33+00:00","dateModified":"2025-10-30T12:23:37+00:00","breadcrumb":{"@id":"https://www.pmpf.rs.gov.br/secretaria-de-saude/estrutura/#breadcrumb"},"inLanguage":"pt-BR","potentialAction":[{"@type":"ReadAction","target":["https://www.pmpf.rs.gov.br/secretaria-de-saude/estrutura/"]}]},{"@type":"BreadcrumbList","@id":"https://www.pmpf.rs.gov.br/secretaria-de-saude/estrutura/#breadcrumb","itemListElement":[{"@type":"ListItem","position":1,"name":"Início","item":"https://www.pmpf.rs.gov.br/secretaria-de-saude/"},{"@type":"ListItem","position":2,"name":"Estrutura da Secretaria"}]},{"@type":"WebSite","@id":"https://www.pmpf.rs.gov.br/secretaria-de-saude/#website","url":"https://www.pmpf.rs.gov.br/secretaria-de-saude/","name":"Secretaria de Saúde","description":"Só mais um site Prefeitura de Passo Fundo","potentialAction":[{"@type":"SearchAction","target":{"@type":"EntryPoint","urlTemplate":"https://www.pmpf.rs.gov.br/secretaria-de-saude/?s={search_term_string}"},"query-input":{"@type":"PropertyValueSpecification","valueRequired":true,"valueName":"search_term_string"}}],"inLanguage":"pt-BR"}]}</script>
<!-- / Yoast SEO plugin. -->

Estrutura da Secretaria - Secretaria de Saúde

A Secretaria de Saúde trabalha com 5 coordenadorias, que desenvolvem ações desde a prevenção até o atendimento à população de Passo Fundo. São elas: Coordenadoria de Administração e Planejamento Responsável pelos processos [&hellip;]

Secretaria de Saúde

Início

Só mais um site Prefeitura de Passo Fundo
