{"id":923,"date":"2021-12-22T17:17:41","date_gmt":"2021-12-22T20:17:41","guid":{"rendered":"https:\/\/www.pmpf.rs.gov.br\/secretaria-de-planejamento\/?page_id=923"},"modified":"2025-01-02T16:13:57","modified_gmt":"2025-01-02T19:13:57","slug":"conheca-o-secretario","status":"publish","type":"page","link":"https:\/\/www.pmpf.rs.gov.br\/secretaria-de-planejamento\/conheca-o-secretario\/","title":{"rendered":"Conhe\u00e7a o Secret\u00e1rio"},"content":{"rendered":"\n<h2 class=\"wp-block-heading\">Gest\u00e3o 2025-2028 &#8211; Giezi Schneider<\/h2>\n\n\n<div class=\"wp-block-image\">\n<figure class=\"alignleft size-full is-resized\"><img loading=\"lazy\" decoding=\"async\" width=\"1280\" height=\"853\" src=\"https:\/\/www.pmpf.rs.gov.br\/secretaria-de-planejamento\/wp-content\/uploads\/sites\/52\/2021\/12\/Planejamento-Giezi-2025.jpg\" alt=\"\" class=\"wp-image-1375\" style=\"width:380px\" srcset=\"https:\/\/www.pmpf.rs.gov.br\/secretaria-de-planejamento\/wp-content\/uploads\/sites\/52\/2021\/12\/Planejamento-Giezi-2025.jpg 1280w, https:\/\/www.pmpf.rs.gov.br\/secretaria-de-planejamento\/wp-content\/uploads\/sites\/52\/2021\/12\/Planejamento-Giezi-2025-300x200.jpg 300w, https:\/\/www.pmpf.rs.gov.br\/secretaria-de-planejamento\/wp-content\/uploads\/sites\/52\/2021\/12\/Planejamento-Giezi-2025-1024x682.jpg 1024w, https:\/\/www.pmpf.rs.gov.br\/secretaria-de-planejamento\/wp-content\/uploads\/sites\/52\/2021\/12\/Planejamento-Giezi-2025-768x512.jpg 768w\" sizes=\"(max-width: 1280px) 100vw, 1280px\" \/><\/figure><\/div>\n\n\n<p><br>Administrador de empresas com MBA em Gest\u00e3o de Pessoas e mestre em marketing e estrat\u00e9gia, Schneider tem uma carreira voltada \u00e0 inova\u00e7\u00e3o e desenvolvimento estrat\u00e9gico. Atuou como professor universit\u00e1rio e foi respons\u00e1vel por projetos de inova\u00e7\u00e3o junto ao Governo do Estado do RS.<\/p>\n","protected":false},"excerpt":{"rendered":"<p>Gest\u00e3o 2025-2028 &#8211; Giezi Schneider Administrador de empresas com MBA em Gest\u00e3o de Pessoas e mestre em marketing e estrat\u00e9gia, Schneider tem uma carreira voltada \u00e0 inova\u00e7\u00e3o e desenvolvimento estrat\u00e9gico. Atuou como [&hellip;]<\/p>\n","protected":false},"author":1,"featured_media":0,"parent":0,"menu_order":0,"comment_status":"closed","ping_status":"closed","template":"","meta":{"footnotes":""},"class_list":["post-923","page","type-page","status-publish","hentry"],"yoast_head":"<!-- This site is optimized with the Yoast SEO plugin v23.8 - https:\/\/yoast.com\/wordpress\/plugins\/seo\/ -->\n<title>Conhe\u00e7a o Secret\u00e1rio - Secretaria de Planejamento<\/title>\n<meta name=\"robots\" content=\"index, follow, max-snippet:-1, max-image-preview:large, max-video-preview:-1\" \/>\n<link rel=\"canonical\" href=\"https:\/\/www.pmpf.rs.gov.br\/secretaria-de-planejamento\/conheca-o-secretario\/\" \/>\n<meta property=\"og:locale\" content=\"pt_BR\" \/>\n<meta property=\"og:type\" content=\"article\" \/>\n<meta property=\"og:title\" content=\"Conhe\u00e7a o Secret\u00e1rio - Secretaria de Planejamento\" \/>\n<meta property=\"og:description\" content=\"Gest\u00e3o 2025-2028 &#8211; Giezi Schneider Administrador de empresas com MBA em Gest\u00e3o de Pessoas e mestre em marketing e estrat\u00e9gia, Schneider tem uma carreira voltada \u00e0 inova\u00e7\u00e3o e desenvolvimento estrat\u00e9gico. Atuou como [&hellip;]\" \/>\n<meta property=\"og:url\" content=\"https:\/\/www.pmpf.rs.gov.br\/secretaria-de-planejamento\/conheca-o-secretario\/\" \/>\n<meta property=\"og:site_name\" content=\"Secretaria de Planejamento\" \/>\n<meta property=\"article:modified_time\" content=\"2025-01-02T19:13:57+00:00\" \/>\n<meta property=\"og:image\" content=\"https:\/\/www.pmpf.rs.gov.br\/secretaria-de-planejamento\/wp-content\/uploads\/sites\/52\/2021\/12\/Planejamento-Giezi-2025.jpg\" \/>\n\t<meta property=\"og:image:width\" content=\"1280\" \/>\n\t<meta property=\"og:image:height\" content=\"853\" \/>\n\t<meta property=\"og:image:type\" content=\"image\/jpeg\" \/>\n<meta name=\"twitter:card\" content=\"summary_large_image\" \/>\n<meta name=\"twitter:label1\" content=\"Est. tempo de leitura\" \/>\n\t<meta name=\"twitter:data1\" content=\"1 minuto\" \/>\n<script type=\"application\/ld+json\" class=\"yoast-schema-graph\">{\"@context\":\"https:\/\/schema.org\",\"@graph\":[{\"@type\":\"WebPage\",\"@id\":\"https:\/\/www.pmpf.rs.gov.br\/secretaria-de-planejamento\/conheca-o-secretario\/\",\"url\":\"https:\/\/www.pmpf.rs.gov.br\/secretaria-de-planejamento\/conheca-o-secretario\/\",\"name\":\"Conhe\u00e7a o Secret\u00e1rio - Secretaria de Planejamento\",\"isPartOf\":{\"@id\":\"https:\/\/www.pmpf.rs.gov.br\/secretaria-de-planejamento\/#website\"},\"primaryImageOfPage\":{\"@id\":\"https:\/\/www.pmpf.rs.gov.br\/secretaria-de-planejamento\/conheca-o-secretario\/#primaryimage\"},\"image\":{\"@id\":\"https:\/\/www.pmpf.rs.gov.br\/secretaria-de-planejamento\/conheca-o-secretario\/#primaryimage\"},\"thumbnailUrl\":\"https:\/\/www.pmpf.rs.gov.br\/secretaria-de-planejamento\/wp-content\/uploads\/sites\/52\/2021\/12\/Planejamento-Giezi-2025.jpg\",\"datePublished\":\"2021-12-22T20:17:41+00:00\",\"dateModified\":\"2025-01-02T19:13:57+00:00\",\"breadcrumb\":{\"@id\":\"https:\/\/www.pmpf.rs.gov.br\/secretaria-de-planejamento\/conheca-o-secretario\/#breadcrumb\"},\"inLanguage\":\"pt-BR\",\"potentialAction\":[{\"@type\":\"ReadAction\",\"target\":[\"https:\/\/www.pmpf.rs.gov.br\/secretaria-de-planejamento\/conheca-o-secretario\/\"]}]},{\"@type\":\"ImageObject\",\"inLanguage\":\"pt-BR\",\"@id\":\"https:\/\/www.pmpf.rs.gov.br\/secretaria-de-planejamento\/conheca-o-secretario\/#primaryimage\",\"url\":\"https:\/\/www.pmpf.rs.gov.br\/secretaria-de-planejamento\/wp-content\/uploads\/sites\/52\/2021\/12\/Planejamento-Giezi-2025.jpg\",\"contentUrl\":\"https:\/\/www.pmpf.rs.gov.br\/secretaria-de-planejamento\/wp-content\/uploads\/sites\/52\/2021\/12\/Planejamento-Giezi-2025.jpg\",\"width\":1280,\"height\":853},{\"@type\":\"BreadcrumbList\",\"@id\":\"https:\/\/www.pmpf.rs.gov.br\/secretaria-de-planejamento\/conheca-o-secretario\/#breadcrumb\",\"itemListElement\":[{\"@type\":\"ListItem\",\"position\":1,\"name\":\"In\u00edcio\",\"item\":\"https:\/\/www.pmpf.rs.gov.br\/secretaria-de-planejamento\/\"},{\"@type\":\"ListItem\",\"position\":2,\"name\":\"Conhe\u00e7a o Secret\u00e1rio\"}]},{\"@type\":\"WebSite\",\"@id\":\"https:\/\/www.pmpf.rs.gov.br\/secretaria-de-planejamento\/#website\",\"url\":\"https:\/\/www.pmpf.rs.gov.br\/secretaria-de-planejamento\/\",\"name\":\"Secretaria de Planejamento\",\"description\":\"S\u00f3 mais um site Prefeitura de Passo Fundo\",\"potentialAction\":[{\"@type\":\"SearchAction\",\"target\":{\"@type\":\"EntryPoint\",\"urlTemplate\":\"https:\/\/www.pmpf.rs.gov.br\/secretaria-de-planejamento\/?s={search_term_string}\"},\"query-input\":{\"@type\":\"PropertyValueSpecification\",\"valueRequired\":true,\"valueName\":\"search_term_string\"}}],\"inLanguage\":\"pt-BR\"}]}<\/script>\n<!-- \/ Yoast SEO plugin. -->","yoast_head_json":{"title":"Conhe\u00e7a o Secret\u00e1rio - Secretaria de Planejamento","robots":{"index":"index","follow":"follow","max-snippet":"max-snippet:-1","max-image-preview":"max-image-preview:large","max-video-preview":"max-video-preview:-1"},"canonical":"https:\/\/www.pmpf.rs.gov.br\/secretaria-de-planejamento\/conheca-o-secretario\/","og_locale":"pt_BR","og_type":"article","og_title":"Conhe\u00e7a o Secret\u00e1rio - Secretaria de Planejamento","og_description":"Gest\u00e3o 2025-2028 &#8211; Giezi Schneider Administrador de empresas com MBA em Gest\u00e3o de Pessoas e mestre em marketing e estrat\u00e9gia, Schneider tem uma carreira voltada \u00e0 inova\u00e7\u00e3o e desenvolvimento estrat\u00e9gico. Atuou como [&hellip;]","og_url":"https:\/\/www.pmpf.rs.gov.br\/secretaria-de-planejamento\/conheca-o-secretario\/","og_site_name":"Secretaria de Planejamento","article_modified_time":"2025-01-02T19:13:57+00:00","og_image":[{"width":1280,"height":853,"url":"https:\/\/www.pmpf.rs.gov.br\/secretaria-de-planejamento\/wp-content\/uploads\/sites\/52\/2021\/12\/Planejamento-Giezi-2025.jpg","type":"image\/jpeg"}],"twitter_card":"summary_large_image","twitter_misc":{"Est. tempo de leitura":"1 minuto"},"schema":{"@context":"https:\/\/schema.org","@graph":[{"@type":"WebPage","@id":"https:\/\/www.pmpf.rs.gov.br\/secretaria-de-planejamento\/conheca-o-secretario\/","url":"https:\/\/www.pmpf.rs.gov.br\/secretaria-de-planejamento\/conheca-o-secretario\/","name":"Conhe\u00e7a o Secret\u00e1rio - Secretaria de Planejamento","isPartOf":{"@id":"https:\/\/www.pmpf.rs.gov.br\/secretaria-de-planejamento\/#website"},"primaryImageOfPage":{"@id":"https:\/\/www.pmpf.rs.gov.br\/secretaria-de-planejamento\/conheca-o-secretario\/#primaryimage"},"image":{"@id":"https:\/\/www.pmpf.rs.gov.br\/secretaria-de-planejamento\/conheca-o-secretario\/#primaryimage"},"thumbnailUrl":"https:\/\/www.pmpf.rs.gov.br\/secretaria-de-planejamento\/wp-content\/uploads\/sites\/52\/2021\/12\/Planejamento-Giezi-2025.jpg","datePublished":"2021-12-22T20:17:41+00:00","dateModified":"2025-01-02T19:13:57+00:00","breadcrumb":{"@id":"https:\/\/www.pmpf.rs.gov.br\/secretaria-de-planejamento\/conheca-o-secretario\/#breadcrumb"},"inLanguage":"pt-BR","potentialAction":[{"@type":"ReadAction","target":["https:\/\/www.pmpf.rs.gov.br\/secretaria-de-planejamento\/conheca-o-secretario\/"]}]},{"@type":"ImageObject","inLanguage":"pt-BR","@id":"https:\/\/www.pmpf.rs.gov.br\/secretaria-de-planejamento\/conheca-o-secretario\/#primaryimage","url":"https:\/\/www.pmpf.rs.gov.br\/secretaria-de-planejamento\/wp-content\/uploads\/sites\/52\/2021\/12\/Planejamento-Giezi-2025.jpg","contentUrl":"https:\/\/www.pmpf.rs.gov.br\/secretaria-de-planejamento\/wp-content\/uploads\/sites\/52\/2021\/12\/Planejamento-Giezi-2025.jpg","width":1280,"height":853},{"@type":"BreadcrumbList","@id":"https:\/\/www.pmpf.rs.gov.br\/secretaria-de-planejamento\/conheca-o-secretario\/#breadcrumb","itemListElement":[{"@type":"ListItem","position":1,"name":"In\u00edcio","item":"https:\/\/www.pmpf.rs.gov.br\/secretaria-de-planejamento\/"},{"@type":"ListItem","position":2,"name":"Conhe\u00e7a o Secret\u00e1rio"}]},{"@type":"WebSite","@id":"https:\/\/www.pmpf.rs.gov.br\/secretaria-de-planejamento\/#website","url":"https:\/\/www.pmpf.rs.gov.br\/secretaria-de-planejamento\/","name":"Secretaria de Planejamento","description":"S\u00f3 mais um site Prefeitura de Passo Fundo","potentialAction":[{"@type":"SearchAction","target":{"@type":"EntryPoint","urlTemplate":"https:\/\/www.pmpf.rs.gov.br\/secretaria-de-planejamento\/?s={search_term_string}"},"query-input":{"@type":"PropertyValueSpecification","valueRequired":true,"valueName":"search_term_string"}}],"inLanguage":"pt-BR"}]}},"_links":{"self":[{"href":"https:\/\/www.pmpf.rs.gov.br\/secretaria-de-planejamento\/wp-json\/wp\/v2\/pages\/923"}],"collection":[{"href":"https:\/\/www.pmpf.rs.gov.br\/secretaria-de-planejamento\/wp-json\/wp\/v2\/pages"}],"about":[{"href":"https:\/\/www.pmpf.rs.gov.br\/secretaria-de-planejamento\/wp-json\/wp\/v2\/types\/page"}],"author":[{"embeddable":true,"href":"https:\/\/www.pmpf.rs.gov.br\/secretaria-de-planejamento\/wp-json\/wp\/v2\/users\/1"}],"replies":[{"embeddable":true,"href":"https:\/\/www.pmpf.rs.gov.br\/secretaria-de-planejamento\/wp-json\/wp\/v2\/comments?post=923"}],"version-history":[{"count":2,"href":"https:\/\/www.pmpf.rs.gov.br\/secretaria-de-planejamento\/wp-json\/wp\/v2\/pages\/923\/revisions"}],"predecessor-version":[{"id":1376,"href":"https:\/\/www.pmpf.rs.gov.br\/secretaria-de-planejamento\/wp-json\/wp\/v2\/pages\/923\/revisions\/1376"}],"wp:attachment":[{"href":"https:\/\/www.pmpf.rs.gov.br\/secretaria-de-planejamento\/wp-json\/wp\/v2\/media?parent=923"}],"curies":[{"name":"wp","href":"https:\/\/api.w.org\/{rel}","templated":true}]}}

Conheça o Secretário

<h2 class="wp-block-heading">Gestão 2025-2028 &#8211; Giezi Schneider</h2>


<div class="wp-block-image">
<figure class="alignleft size-full is-resized"><img loading="lazy" decoding="async" width="1280" height="853" src="https://www.pmpf.rs.gov.br/secretaria-de-planejamento/wp-content/uploads/sites/52/2021/12/Planejamento-Giezi-2025.jpg" alt="" class="wp-image-1375" style="width:380px" srcset="https://www.pmpf.rs.gov.br/secretaria-de-planejamento/wp-content/uploads/sites/52/2021/12/Planejamento-Giezi-2025.jpg 1280w, https://www.pmpf.rs.gov.br/secretaria-de-planejamento/wp-content/uploads/sites/52/2021/12/Planejamento-Giezi-2025-300x200.jpg 300w, https://www.pmpf.rs.gov.br/secretaria-de-planejamento/wp-content/uploads/sites/52/2021/12/Planejamento-Giezi-2025-1024x682.jpg 1024w, https://www.pmpf.rs.gov.br/secretaria-de-planejamento/wp-content/uploads/sites/52/2021/12/Planejamento-Giezi-2025-768x512.jpg 768w" sizes="(max-width: 1280px) 100vw, 1280px" /></figure></div>


<p><br>Administrador de empresas com MBA em Gestão de Pessoas e mestre em marketing e estratégia, Schneider tem uma carreira voltada à inovação e desenvolvimento estratégico. Atuou como professor universitário e foi responsável por projetos de inovação junto ao Governo do Estado do RS.</p>

<p>Gestão 2025-2028 &#8211; Giezi Schneider Administrador de empresas com MBA em Gestão de Pessoas e mestre em marketing e estratégia, Schneider tem uma carreira voltada à inovação e desenvolvimento estratégico. Atuou como [&hellip;]</p>

<!-- This site is optimized with the Yoast SEO plugin v23.8 - https://yoast.com/wordpress/plugins/seo/ -->
<title>Conheça o Secretário - Secretaria de Planejamento</title>
<meta name="robots" content="index, follow, max-snippet:-1, max-image-preview:large, max-video-preview:-1" />
<link rel="canonical" href="https://www.pmpf.rs.gov.br/secretaria-de-planejamento/conheca-o-secretario/" />
<meta property="og:locale" content="pt_BR" />
<meta property="og:type" content="article" />
<meta property="og:title" content="Conheça o Secretário - Secretaria de Planejamento" />
<meta property="og:description" content="Gestão 2025-2028 &#8211; Giezi Schneider Administrador de empresas com MBA em Gestão de Pessoas e mestre em marketing e estratégia, Schneider tem uma carreira voltada à inovação e desenvolvimento estratégico. Atuou como [&hellip;]" />
<meta property="og:url" content="https://www.pmpf.rs.gov.br/secretaria-de-planejamento/conheca-o-secretario/" />
<meta property="og:site_name" content="Secretaria de Planejamento" />
<meta property="article:modified_time" content="2025-01-02T19:13:57+00:00" />
<meta property="og:image" content="https://www.pmpf.rs.gov.br/secretaria-de-planejamento/wp-content/uploads/sites/52/2021/12/Planejamento-Giezi-2025.jpg" />
	<meta property="og:image:width" content="1280" />
	<meta property="og:image:height" content="853" />
	<meta property="og:image:type" content="image/jpeg" />
<meta name="twitter:card" content="summary_large_image" />
<meta name="twitter:label1" content="Est. tempo de leitura" />
	<meta name="twitter:data1" content="1 minuto" />
<script type="application/ld+json" class="yoast-schema-graph">{"@context":"https://schema.org","@graph":[{"@type":"WebPage","@id":"https://www.pmpf.rs.gov.br/secretaria-de-planejamento/conheca-o-secretario/","url":"https://www.pmpf.rs.gov.br/secretaria-de-planejamento/conheca-o-secretario/","name":"Conheça o Secretário - Secretaria de Planejamento","isPartOf":{"@id":"https://www.pmpf.rs.gov.br/secretaria-de-planejamento/#website"},"primaryImageOfPage":{"@id":"https://www.pmpf.rs.gov.br/secretaria-de-planejamento/conheca-o-secretario/#primaryimage"},"image":{"@id":"https://www.pmpf.rs.gov.br/secretaria-de-planejamento/conheca-o-secretario/#primaryimage"},"thumbnailUrl":"https://www.pmpf.rs.gov.br/secretaria-de-planejamento/wp-content/uploads/sites/52/2021/12/Planejamento-Giezi-2025.jpg","datePublished":"2021-12-22T20:17:41+00:00","dateModified":"2025-01-02T19:13:57+00:00","breadcrumb":{"@id":"https://www.pmpf.rs.gov.br/secretaria-de-planejamento/conheca-o-secretario/#breadcrumb"},"inLanguage":"pt-BR","potentialAction":[{"@type":"ReadAction","target":["https://www.pmpf.rs.gov.br/secretaria-de-planejamento/conheca-o-secretario/"]}]},{"@type":"ImageObject","inLanguage":"pt-BR","@id":"https://www.pmpf.rs.gov.br/secretaria-de-planejamento/conheca-o-secretario/#primaryimage","url":"https://www.pmpf.rs.gov.br/secretaria-de-planejamento/wp-content/uploads/sites/52/2021/12/Planejamento-Giezi-2025.jpg","contentUrl":"https://www.pmpf.rs.gov.br/secretaria-de-planejamento/wp-content/uploads/sites/52/2021/12/Planejamento-Giezi-2025.jpg","width":1280,"height":853},{"@type":"BreadcrumbList","@id":"https://www.pmpf.rs.gov.br/secretaria-de-planejamento/conheca-o-secretario/#breadcrumb","itemListElement":[{"@type":"ListItem","position":1,"name":"Início","item":"https://www.pmpf.rs.gov.br/secretaria-de-planejamento/"},{"@type":"ListItem","position":2,"name":"Conheça o Secretário"}]},{"@type":"WebSite","@id":"https://www.pmpf.rs.gov.br/secretaria-de-planejamento/#website","url":"https://www.pmpf.rs.gov.br/secretaria-de-planejamento/","name":"Secretaria de Planejamento","description":"Só mais um site Prefeitura de Passo Fundo","potentialAction":[{"@type":"SearchAction","target":{"@type":"EntryPoint","urlTemplate":"https://www.pmpf.rs.gov.br/secretaria-de-planejamento/?s={search_term_string}"},"query-input":{"@type":"PropertyValueSpecification","valueRequired":true,"valueName":"search_term_string"}}],"inLanguage":"pt-BR"}]}</script>
<!-- / Yoast SEO plugin. -->

Conheça o Secretário - Secretaria de Planejamento

Gestão 2025-2028 &#8211; Giezi Schneider Administrador de empresas com MBA em Gestão de Pessoas e mestre em marketing e estratégia, Schneider tem uma carreira voltada à inovação e desenvolvimento estratégico. Atuou como [&hellip;]

Início

Só mais um site Prefeitura de Passo Fundo
