{"id":1191,"date":"2022-12-21T15:42:29","date_gmt":"2022-12-21T18:42:29","guid":{"rendered":"https:\/\/www.pmpf.rs.gov.br\/secretaria-de-planejamento\/?page_id=1191"},"modified":"2026-04-07T15:06:03","modified_gmt":"2026-04-07T18:06:03","slug":"consultapublica","status":"publish","type":"page","link":"https:\/\/www.pmpf.rs.gov.br\/secretaria-de-planejamento\/consultapublica\/","title":{"rendered":"Consulta P\u00fablica Edital 56\/2026"},"content":{"rendered":"\n<p>Foi realizada Consulta P\u00fablica Virtual conforme <a href=\"https:\/\/www.pmpf.rs.gov.br\/secretaria-de-planejamento\/wp-content\/uploads\/sites\/52\/2021\/12\/consultapublica032026-edital56.pdf\" target=\"_blank\" rel=\"noreferrer noopener\">Edital 56\/2026<\/a>, entre \u00e0s 11 h do dia 18 de mar\u00e7o de 2026 at\u00e9 \u00e0s 11 h do dia 02 de abril de 2026, referente \u00e0:<\/p>\n\n\n\n<h4 class=\"wp-block-heading\">Solicita\u00e7\u00e3o de ajuste no mapa de zoneamento.<\/h4>\n\n\n\n<p>O requerente Z.S. Empreendimentos e Terraplenagem LTDA solicita altera\u00e7\u00e3o da planta de zoneamento urbano em im\u00f3vel junto ao bairro Petr\u00f3polis, o qual refere-se a 4 lotes localizados na Rua Floresta. <\/p>\n\n\n\n<p>Atualmente a \u00e1rea \u00e9 classificada como Zona de Recupera\u00e7\u00e3o Ambiental \u2013 ZRA, em fun\u00e7\u00e3o de, em momento passado, ter sido utilizada para extra\u00e7\u00e3o mineral de basalto e areia e, posteriormente, como Dep\u00f3sito de Res\u00edduos S\u00f3lidos da Constru\u00e7\u00e3o Civil \u2013 RCC. De acordo com a Lei Complementar 170\/2006, em seu artigo 88: \u201cNas Zonas de Recupera\u00e7\u00e3o Ambiental (ZRA) n\u00e3o ser\u00e3o permitidos edifica\u00e7\u00f5es e usos at\u00e9 a aprova\u00e7\u00e3o de projeto de recupera\u00e7\u00e3o ambiental pelo \u00f3rg\u00e3o competente da municipalidade\u201d. Mais informa\u00e7\u00f5es no material consultivo.<\/p>\n\n\n\n<p>Segue <a href=\"https:\/\/www.pmpf.rs.gov.br\/secretaria-de-planejamento\/wp-content\/uploads\/sites\/52\/2021\/12\/consultapublica032026-edital56-1.pdf\" target=\"_blank\" rel=\"noreferrer noopener\">ata de resultado<\/a> da consulta p\u00fablica.<\/p>\n\n\n\n<div style=\"height:10px\" aria-hidden=\"true\" class=\"wp-block-spacer\"><\/div>\n\n\n\n<div class=\"wp-block-buttons is-content-justification-center is-layout-flex wp-container-core-buttons-is-layout-1 wp-block-buttons-is-layout-flex\">\n<div class=\"wp-block-button has-custom-font-size has-small-font-size\"><a class=\"wp-block-button__link has-white-color has-blue-background-color has-text-color has-background has-link-color wp-element-button\" href=\"https:\/\/www.pmpf.rs.gov.br\/secretaria-de-planejamento\/wp-content\/uploads\/sites\/52\/2021\/12\/consultapublica032026-materia-zs-moveis.pdf\" style=\"border-radius:12px\" target=\"_blank\" rel=\"noreferrer noopener\">Material Consultivo<\/a><\/div>\n\n\n\n<div class=\"wp-block-button has-custom-font-size has-small-font-size\"><a class=\"wp-block-button__link has-white-color has-blue-background-color has-text-color has-background has-link-color wp-element-button\" href=\"https:\/\/www.pmpf.rs.gov.br\/secretaria-de-planejamento\/wp-content\/uploads\/sites\/52\/2021\/12\/consultapublica032026-edital56-1.pdf\" style=\"border-radius:12px\" target=\"_blank\" rel=\"noreferrer noopener\">Ata da Consulta P\u00fablica<\/a><\/div>\n<\/div>\n\n\n\n<hr class=\"wp-block-separator has-alpha-channel-opacity\"\/>\n\n\n\n<p><\/p>\n","protected":false},"excerpt":{"rendered":"<p>Foi realizada Consulta P\u00fablica Virtual conforme Edital 56\/2026, entre \u00e0s 11 h do dia 18 de mar\u00e7o de 2026 at\u00e9 \u00e0s 11 h do dia 02 de abril de 2026, referente \u00e0: [&hellip;]<\/p>\n","protected":false},"author":4,"featured_media":0,"parent":0,"menu_order":0,"comment_status":"closed","ping_status":"closed","template":"","meta":{"footnotes":""},"class_list":["post-1191","page","type-page","status-publish","hentry"],"yoast_head":"<!-- This site is optimized with the Yoast SEO plugin v23.8 - https:\/\/yoast.com\/wordpress\/plugins\/seo\/ -->\n<title>Consulta P\u00fablica Edital 56\/2026 - Secretaria de Planejamento<\/title>\n<meta name=\"robots\" content=\"index, follow, max-snippet:-1, max-image-preview:large, max-video-preview:-1\" \/>\n<link rel=\"canonical\" href=\"https:\/\/www.pmpf.rs.gov.br\/secretaria-de-planejamento\/consultapublica\/\" \/>\n<meta property=\"og:locale\" content=\"pt_BR\" \/>\n<meta property=\"og:type\" content=\"article\" \/>\n<meta property=\"og:title\" content=\"Consulta P\u00fablica Edital 56\/2026 - Secretaria de Planejamento\" \/>\n<meta property=\"og:description\" content=\"Foi realizada Consulta P\u00fablica Virtual conforme Edital 56\/2026, entre \u00e0s 11 h do dia 18 de mar\u00e7o de 2026 at\u00e9 \u00e0s 11 h do dia 02 de abril de 2026, referente \u00e0: [&hellip;]\" \/>\n<meta property=\"og:url\" content=\"https:\/\/www.pmpf.rs.gov.br\/secretaria-de-planejamento\/consultapublica\/\" \/>\n<meta property=\"og:site_name\" content=\"Secretaria de Planejamento\" \/>\n<meta property=\"article:modified_time\" content=\"2026-04-07T18:06:03+00:00\" \/>\n<meta name=\"twitter:card\" content=\"summary_large_image\" \/>\n<meta name=\"twitter:label1\" content=\"Est. tempo de leitura\" \/>\n\t<meta name=\"twitter:data1\" content=\"1 minuto\" \/>\n<script type=\"application\/ld+json\" class=\"yoast-schema-graph\">{\"@context\":\"https:\/\/schema.org\",\"@graph\":[{\"@type\":\"WebPage\",\"@id\":\"https:\/\/www.pmpf.rs.gov.br\/secretaria-de-planejamento\/consultapublica\/\",\"url\":\"https:\/\/www.pmpf.rs.gov.br\/secretaria-de-planejamento\/consultapublica\/\",\"name\":\"Consulta P\u00fablica Edital 56\/2026 - Secretaria de Planejamento\",\"isPartOf\":{\"@id\":\"https:\/\/www.pmpf.rs.gov.br\/secretaria-de-planejamento\/#website\"},\"datePublished\":\"2022-12-21T18:42:29+00:00\",\"dateModified\":\"2026-04-07T18:06:03+00:00\",\"breadcrumb\":{\"@id\":\"https:\/\/www.pmpf.rs.gov.br\/secretaria-de-planejamento\/consultapublica\/#breadcrumb\"},\"inLanguage\":\"pt-BR\",\"potentialAction\":[{\"@type\":\"ReadAction\",\"target\":[\"https:\/\/www.pmpf.rs.gov.br\/secretaria-de-planejamento\/consultapublica\/\"]}]},{\"@type\":\"BreadcrumbList\",\"@id\":\"https:\/\/www.pmpf.rs.gov.br\/secretaria-de-planejamento\/consultapublica\/#breadcrumb\",\"itemListElement\":[{\"@type\":\"ListItem\",\"position\":1,\"name\":\"In\u00edcio\",\"item\":\"https:\/\/www.pmpf.rs.gov.br\/secretaria-de-planejamento\/\"},{\"@type\":\"ListItem\",\"position\":2,\"name\":\"Consulta P\u00fablica Edital 56\/2026\"}]},{\"@type\":\"WebSite\",\"@id\":\"https:\/\/www.pmpf.rs.gov.br\/secretaria-de-planejamento\/#website\",\"url\":\"https:\/\/www.pmpf.rs.gov.br\/secretaria-de-planejamento\/\",\"name\":\"Secretaria de Planejamento\",\"description\":\"S\u00f3 mais um site Prefeitura de Passo Fundo\",\"potentialAction\":[{\"@type\":\"SearchAction\",\"target\":{\"@type\":\"EntryPoint\",\"urlTemplate\":\"https:\/\/www.pmpf.rs.gov.br\/secretaria-de-planejamento\/?s={search_term_string}\"},\"query-input\":{\"@type\":\"PropertyValueSpecification\",\"valueRequired\":true,\"valueName\":\"search_term_string\"}}],\"inLanguage\":\"pt-BR\"}]}<\/script>\n<!-- \/ Yoast SEO plugin. -->","yoast_head_json":{"title":"Consulta P\u00fablica Edital 56\/2026 - Secretaria de Planejamento","robots":{"index":"index","follow":"follow","max-snippet":"max-snippet:-1","max-image-preview":"max-image-preview:large","max-video-preview":"max-video-preview:-1"},"canonical":"https:\/\/www.pmpf.rs.gov.br\/secretaria-de-planejamento\/consultapublica\/","og_locale":"pt_BR","og_type":"article","og_title":"Consulta P\u00fablica Edital 56\/2026 - Secretaria de Planejamento","og_description":"Foi realizada Consulta P\u00fablica Virtual conforme Edital 56\/2026, entre \u00e0s 11 h do dia 18 de mar\u00e7o de 2026 at\u00e9 \u00e0s 11 h do dia 02 de abril de 2026, referente \u00e0: [&hellip;]","og_url":"https:\/\/www.pmpf.rs.gov.br\/secretaria-de-planejamento\/consultapublica\/","og_site_name":"Secretaria de Planejamento","article_modified_time":"2026-04-07T18:06:03+00:00","twitter_card":"summary_large_image","twitter_misc":{"Est. tempo de leitura":"1 minuto"},"schema":{"@context":"https:\/\/schema.org","@graph":[{"@type":"WebPage","@id":"https:\/\/www.pmpf.rs.gov.br\/secretaria-de-planejamento\/consultapublica\/","url":"https:\/\/www.pmpf.rs.gov.br\/secretaria-de-planejamento\/consultapublica\/","name":"Consulta P\u00fablica Edital 56\/2026 - Secretaria de Planejamento","isPartOf":{"@id":"https:\/\/www.pmpf.rs.gov.br\/secretaria-de-planejamento\/#website"},"datePublished":"2022-12-21T18:42:29+00:00","dateModified":"2026-04-07T18:06:03+00:00","breadcrumb":{"@id":"https:\/\/www.pmpf.rs.gov.br\/secretaria-de-planejamento\/consultapublica\/#breadcrumb"},"inLanguage":"pt-BR","potentialAction":[{"@type":"ReadAction","target":["https:\/\/www.pmpf.rs.gov.br\/secretaria-de-planejamento\/consultapublica\/"]}]},{"@type":"BreadcrumbList","@id":"https:\/\/www.pmpf.rs.gov.br\/secretaria-de-planejamento\/consultapublica\/#breadcrumb","itemListElement":[{"@type":"ListItem","position":1,"name":"In\u00edcio","item":"https:\/\/www.pmpf.rs.gov.br\/secretaria-de-planejamento\/"},{"@type":"ListItem","position":2,"name":"Consulta P\u00fablica Edital 56\/2026"}]},{"@type":"WebSite","@id":"https:\/\/www.pmpf.rs.gov.br\/secretaria-de-planejamento\/#website","url":"https:\/\/www.pmpf.rs.gov.br\/secretaria-de-planejamento\/","name":"Secretaria de Planejamento","description":"S\u00f3 mais um site Prefeitura de Passo Fundo","potentialAction":[{"@type":"SearchAction","target":{"@type":"EntryPoint","urlTemplate":"https:\/\/www.pmpf.rs.gov.br\/secretaria-de-planejamento\/?s={search_term_string}"},"query-input":{"@type":"PropertyValueSpecification","valueRequired":true,"valueName":"search_term_string"}}],"inLanguage":"pt-BR"}]}},"_links":{"self":[{"href":"https:\/\/www.pmpf.rs.gov.br\/secretaria-de-planejamento\/wp-json\/wp\/v2\/pages\/1191"}],"collection":[{"href":"https:\/\/www.pmpf.rs.gov.br\/secretaria-de-planejamento\/wp-json\/wp\/v2\/pages"}],"about":[{"href":"https:\/\/www.pmpf.rs.gov.br\/secretaria-de-planejamento\/wp-json\/wp\/v2\/types\/page"}],"author":[{"embeddable":true,"href":"https:\/\/www.pmpf.rs.gov.br\/secretaria-de-planejamento\/wp-json\/wp\/v2\/users\/4"}],"replies":[{"embeddable":true,"href":"https:\/\/www.pmpf.rs.gov.br\/secretaria-de-planejamento\/wp-json\/wp\/v2\/comments?post=1191"}],"version-history":[{"count":106,"href":"https:\/\/www.pmpf.rs.gov.br\/secretaria-de-planejamento\/wp-json\/wp\/v2\/pages\/1191\/revisions"}],"predecessor-version":[{"id":1575,"href":"https:\/\/www.pmpf.rs.gov.br\/secretaria-de-planejamento\/wp-json\/wp\/v2\/pages\/1191\/revisions\/1575"}],"wp:attachment":[{"href":"https:\/\/www.pmpf.rs.gov.br\/secretaria-de-planejamento\/wp-json\/wp\/v2\/media?parent=1191"}],"curies":[{"name":"wp","href":"https:\/\/api.w.org\/{rel}","templated":true}]}}