{"id":50,"date":"2021-12-21T18:59:19","date_gmt":"2021-12-21T21:59:19","guid":{"rendered":"https:\/\/www.pmpf.rs.gov.br\/secretaria-de-meio-ambiente\/?page_id=50"},"modified":"2022-06-27T14:09:42","modified_gmt":"2022-06-27T17:09:42","slug":"araca-do-mato","status":"publish","type":"page","link":"https:\/\/www.pmpf.rs.gov.br\/secretaria-de-meio-ambiente\/parque-banhado-da-vergueiro-a-flora\/araca-do-mato\/","title":{"rendered":"Ara\u00e7a do Mato"},"content":{"rendered":"\n<h2 class=\"wp-block-heading\">Ara\u00e7\u00e1 do Mato<\/h2>\n\n\n\n<div class=\"wp-block-image\"><figure class=\"alignleft size-full is-resized\"><a href=\"https:\/\/www.pmpf.rs.gov.br\/secretaria-de-meio-ambiente\/wp-content\/uploads\/sites\/48\/2021\/12\/I2017-12-18_15_34_48_48931.jpg\"><img loading=\"lazy\" decoding=\"async\" src=\"https:\/\/www.pmpf.rs.gov.br\/secretaria-de-meio-ambiente\/wp-content\/uploads\/sites\/48\/2021\/12\/I2017-12-18_15_34_48_48931.jpg\" alt=\"\" class=\"wp-image-51\" width=\"282\" height=\"191\" srcset=\"https:\/\/www.pmpf.rs.gov.br\/secretaria-de-meio-ambiente\/wp-content\/uploads\/sites\/48\/2021\/12\/I2017-12-18_15_34_48_48931.jpg 768w, https:\/\/www.pmpf.rs.gov.br\/secretaria-de-meio-ambiente\/wp-content\/uploads\/sites\/48\/2021\/12\/I2017-12-18_15_34_48_48931-300x203.jpg 300w\" sizes=\"(max-width: 282px) 100vw, 282px\" \/><\/a><\/figure><\/div>\n\n\n\n<p>Nome comum:&nbsp;<strong>Ara\u00e7\u00e1<\/strong><\/p>\n\n\n\n<p>Nome cient\u00edfico:&nbsp;<strong><em>Psidium cattleyanum<\/em><\/strong><\/p>\n\n\n\n<p>Fam\u00edlia:&nbsp;<strong>Myrtaceae<\/strong><\/p>\n\n\n\n<p>Origem:&nbsp;<strong>Nativa do Brasil<\/strong><\/p>\n\n\n\n<p><\/p>\n\n\n\n<p><\/p>\n\n\n\n<div style=\"height:1px\" aria-hidden=\"true\" class=\"wp-block-spacer\"><\/div>\n\n\n\n<h2 class=\"wp-block-heading\">Descri\u00e7\u00e3o Morfol\u00f3gica<\/h2>\n\n\n\n<ul class=\"wp-block-list\"><li><strong>Copa:<\/strong>&nbsp;Globosa;<\/li><li><strong>Porte:<\/strong>&nbsp;M\u00e9dio, perenif\u00f3lia de 5 a 10 metros;<\/li><li><strong>Folhas:<\/strong>&nbsp;Perene, folhas cori\u00e1ceas, glabras, brilhantes, arom\u00e1ticas, de 5 a 9 cm de comprimento;<\/li><li><strong>Cor da flor:<\/strong>&nbsp;Brancas;<\/li><li><strong>Frutos:<\/strong>&nbsp;Tipo baga globosas, amarelas ou vermelhas;<\/li><li><strong>Fenologia:<\/strong>&nbsp;Flora\u00e7\u00e3o acontece entre os meses de setembro a dezembro;<\/li><li><strong>Frutifica\u00e7\u00e3o:<\/strong>&nbsp;Frutifica\u00e7\u00e3o acontece em janeiro a mar\u00e7o;<\/li><\/ul>\n\n\n\n<p><strong>Usos:<\/strong>&nbsp;Para paisagismo em \u00e1reas urbanas, frut\u00edfera nativa, madeira para tornearia.<\/p>\n\n\n\n<p><strong>Import\u00e2ncia ecol\u00f3gica:<\/strong>&nbsp;Frut\u00edfera para p\u00e1ssaros e pequenos mam\u00edferos. Esp\u00e9cie ocorrente em vegeta\u00e7\u00e3o secund\u00e1ria. \u00c9 indicada para plantio em \u00e1reas degradadas com finalidade de preserva\u00e7\u00e3o permanente.<\/p>\n\n\n\n<p><\/p>\n\n\n\n<figure class=\"wp-block-gallery has-nested-images columns-default is-cropped wp-block-gallery-1 is-layout-flex wp-block-gallery-is-layout-flex\">\n<figure class=\"wp-block-image size-large is-style-rounded\"><a href=\"https:\/\/www.pmpf.rs.gov.br\/secretaria-de-meio-ambiente\/wp-content\/uploads\/sites\/48\/2021\/12\/smam_AracaMato_01.jpg\"><img loading=\"lazy\" decoding=\"async\" width=\"200\" height=\"147\" data-id=\"52\" src=\"https:\/\/www.pmpf.rs.gov.br\/secretaria-de-meio-ambiente\/wp-content\/uploads\/sites\/48\/2021\/12\/smam_AracaMato_01.jpg\" alt=\"\" class=\"wp-image-52\"\/><\/a><\/figure>\n\n\n\n<figure class=\"wp-block-image size-large is-style-rounded\"><a href=\"https:\/\/www.pmpf.rs.gov.br\/secretaria-de-meio-ambiente\/wp-content\/uploads\/sites\/48\/2021\/12\/smam_AracaMato_02.jpg\"><img loading=\"lazy\" decoding=\"async\" width=\"200\" height=\"147\" data-id=\"53\" src=\"https:\/\/www.pmpf.rs.gov.br\/secretaria-de-meio-ambiente\/wp-content\/uploads\/sites\/48\/2021\/12\/smam_AracaMato_02.jpg\" alt=\"\" class=\"wp-image-53\"\/><\/a><\/figure>\n\n\n\n<figure class=\"wp-block-image size-large is-style-rounded\"><a href=\"https:\/\/www.pmpf.rs.gov.br\/secretaria-de-meio-ambiente\/wp-content\/uploads\/sites\/48\/2021\/12\/smam_AracaMato_03.jpg\"><img loading=\"lazy\" decoding=\"async\" width=\"200\" height=\"147\" data-id=\"54\" src=\"https:\/\/www.pmpf.rs.gov.br\/secretaria-de-meio-ambiente\/wp-content\/uploads\/sites\/48\/2021\/12\/smam_AracaMato_03.jpg\" alt=\"\" class=\"wp-image-54\"\/><\/a><\/figure>\n<figcaption class=\"blocks-gallery-caption\">Texto elaborado pela Professora Dra. Evanisa R.Q. Melo &#8211; LAPEAA<\/figcaption><\/figure>\n\n\n\n<p><\/p>\n","protected":false},"excerpt":{"rendered":"<p>Ara\u00e7\u00e1 do Mato Nome comum:&nbsp;Ara\u00e7\u00e1 Nome cient\u00edfico:&nbsp;Psidium cattleyanum Fam\u00edlia:&nbsp;Myrtaceae Origem:&nbsp;Nativa do Brasil Descri\u00e7\u00e3o Morfol\u00f3gica Copa:&nbsp;Globosa; Porte:&nbsp;M\u00e9dio, perenif\u00f3lia de 5 a 10 metros; Folhas:&nbsp;Perene, folhas cori\u00e1ceas, glabras, brilhantes, arom\u00e1ticas, de 5 a 9 [&hellip;]<\/p>\n","protected":false},"author":1,"featured_media":0,"parent":1344,"menu_order":1,"comment_status":"closed","ping_status":"closed","template":"page_secretaria_com_sidebar.php","meta":{"footnotes":""},"class_list":["post-50","page","type-page","status-publish","hentry"],"yoast_head":"<!-- This site is optimized with the Yoast SEO plugin v23.8 - https:\/\/yoast.com\/wordpress\/plugins\/seo\/ -->\n<title>Ara\u00e7a do Mato - Secretaria de Meio Ambiente<\/title>\n<meta name=\"robots\" content=\"index, follow, max-snippet:-1, max-image-preview:large, max-video-preview:-1\" \/>\n<link rel=\"canonical\" href=\"https:\/\/www.pmpf.rs.gov.br\/secretaria-de-meio-ambiente\/parque-banhado-da-vergueiro-a-flora\/araca-do-mato\/\" \/>\n<meta property=\"og:locale\" content=\"pt_BR\" \/>\n<meta property=\"og:type\" content=\"article\" \/>\n<meta property=\"og:title\" content=\"Ara\u00e7a do Mato - Secretaria de Meio Ambiente\" \/>\n<meta property=\"og:description\" content=\"Ara\u00e7\u00e1 do Mato Nome comum:&nbsp;Ara\u00e7\u00e1 Nome cient\u00edfico:&nbsp;Psidium cattleyanum Fam\u00edlia:&nbsp;Myrtaceae Origem:&nbsp;Nativa do Brasil Descri\u00e7\u00e3o Morfol\u00f3gica Copa:&nbsp;Globosa; Porte:&nbsp;M\u00e9dio, perenif\u00f3lia de 5 a 10 metros; Folhas:&nbsp;Perene, folhas cori\u00e1ceas, glabras, brilhantes, arom\u00e1ticas, de 5 a 9 [&hellip;]\" \/>\n<meta property=\"og:url\" content=\"https:\/\/www.pmpf.rs.gov.br\/secretaria-de-meio-ambiente\/parque-banhado-da-vergueiro-a-flora\/araca-do-mato\/\" \/>\n<meta property=\"og:site_name\" content=\"Secretaria de Meio Ambiente\" \/>\n<meta property=\"article:modified_time\" content=\"2022-06-27T17:09:42+00:00\" \/>\n<meta property=\"og:image\" content=\"https:\/\/www.pmpf.rs.gov.br\/secretaria-de-meio-ambiente\/wp-content\/uploads\/sites\/48\/2021\/12\/I2017-12-18_15_34_48_48931.jpg\" \/>\n<meta name=\"twitter:card\" content=\"summary_large_image\" \/>\n<meta name=\"twitter:label1\" content=\"Est. tempo de leitura\" \/>\n\t<meta name=\"twitter:data1\" content=\"2 minutos\" \/>\n<script type=\"application\/ld+json\" class=\"yoast-schema-graph\">{\"@context\":\"https:\/\/schema.org\",\"@graph\":[{\"@type\":\"WebPage\",\"@id\":\"https:\/\/www.pmpf.rs.gov.br\/secretaria-de-meio-ambiente\/parque-banhado-da-vergueiro-a-flora\/araca-do-mato\/\",\"url\":\"https:\/\/www.pmpf.rs.gov.br\/secretaria-de-meio-ambiente\/parque-banhado-da-vergueiro-a-flora\/araca-do-mato\/\",\"name\":\"Ara\u00e7a do Mato - Secretaria de Meio Ambiente\",\"isPartOf\":{\"@id\":\"https:\/\/www.pmpf.rs.gov.br\/secretaria-de-meio-ambiente\/#website\"},\"primaryImageOfPage\":{\"@id\":\"https:\/\/www.pmpf.rs.gov.br\/secretaria-de-meio-ambiente\/parque-banhado-da-vergueiro-a-flora\/araca-do-mato\/#primaryimage\"},\"image\":{\"@id\":\"https:\/\/www.pmpf.rs.gov.br\/secretaria-de-meio-ambiente\/parque-banhado-da-vergueiro-a-flora\/araca-do-mato\/#primaryimage\"},\"thumbnailUrl\":\"https:\/\/www.pmpf.rs.gov.br\/secretaria-de-meio-ambiente\/wp-content\/uploads\/sites\/48\/2021\/12\/I2017-12-18_15_34_48_48931.jpg\",\"datePublished\":\"2021-12-21T21:59:19+00:00\",\"dateModified\":\"2022-06-27T17:09:42+00:00\",\"breadcrumb\":{\"@id\":\"https:\/\/www.pmpf.rs.gov.br\/secretaria-de-meio-ambiente\/parque-banhado-da-vergueiro-a-flora\/araca-do-mato\/#breadcrumb\"},\"inLanguage\":\"pt-BR\",\"potentialAction\":[{\"@type\":\"ReadAction\",\"target\":[\"https:\/\/www.pmpf.rs.gov.br\/secretaria-de-meio-ambiente\/parque-banhado-da-vergueiro-a-flora\/araca-do-mato\/\"]}]},{\"@type\":\"ImageObject\",\"inLanguage\":\"pt-BR\",\"@id\":\"https:\/\/www.pmpf.rs.gov.br\/secretaria-de-meio-ambiente\/parque-banhado-da-vergueiro-a-flora\/araca-do-mato\/#primaryimage\",\"url\":\"https:\/\/www.pmpf.rs.gov.br\/secretaria-de-meio-ambiente\/wp-content\/uploads\/sites\/48\/2021\/12\/I2017-12-18_15_34_48_48931.jpg\",\"contentUrl\":\"https:\/\/www.pmpf.rs.gov.br\/secretaria-de-meio-ambiente\/wp-content\/uploads\/sites\/48\/2021\/12\/I2017-12-18_15_34_48_48931.jpg\",\"width\":768,\"height\":519},{\"@type\":\"BreadcrumbList\",\"@id\":\"https:\/\/www.pmpf.rs.gov.br\/secretaria-de-meio-ambiente\/parque-banhado-da-vergueiro-a-flora\/araca-do-mato\/#breadcrumb\",\"itemListElement\":[{\"@type\":\"ListItem\",\"position\":1,\"name\":\"A Flora\",\"item\":\"https:\/\/www.pmpf.rs.gov.br\/secretaria-de-meio-ambiente\/parque-banhado-da-vergueiro-a-flora\/\"},{\"@type\":\"ListItem\",\"position\":2,\"name\":\"Ara\u00e7a do Mato\"}]},{\"@type\":\"WebSite\",\"@id\":\"https:\/\/www.pmpf.rs.gov.br\/secretaria-de-meio-ambiente\/#website\",\"url\":\"https:\/\/www.pmpf.rs.gov.br\/secretaria-de-meio-ambiente\/\",\"name\":\"Secretaria de Meio Ambiente\",\"description\":\"S\u00f3 mais um site Prefeitura de Passo Fundo\",\"potentialAction\":[{\"@type\":\"SearchAction\",\"target\":{\"@type\":\"EntryPoint\",\"urlTemplate\":\"https:\/\/www.pmpf.rs.gov.br\/secretaria-de-meio-ambiente\/?s={search_term_string}\"},\"query-input\":{\"@type\":\"PropertyValueSpecification\",\"valueRequired\":true,\"valueName\":\"search_term_string\"}}],\"inLanguage\":\"pt-BR\"}]}<\/script>\n<!-- \/ Yoast SEO plugin. -->","yoast_head_json":{"title":"Ara\u00e7a do Mato - Secretaria de Meio Ambiente","robots":{"index":"index","follow":"follow","max-snippet":"max-snippet:-1","max-image-preview":"max-image-preview:large","max-video-preview":"max-video-preview:-1"},"canonical":"https:\/\/www.pmpf.rs.gov.br\/secretaria-de-meio-ambiente\/parque-banhado-da-vergueiro-a-flora\/araca-do-mato\/","og_locale":"pt_BR","og_type":"article","og_title":"Ara\u00e7a do Mato - Secretaria de Meio Ambiente","og_description":"Ara\u00e7\u00e1 do Mato Nome comum:&nbsp;Ara\u00e7\u00e1 Nome cient\u00edfico:&nbsp;Psidium cattleyanum Fam\u00edlia:&nbsp;Myrtaceae Origem:&nbsp;Nativa do Brasil Descri\u00e7\u00e3o Morfol\u00f3gica Copa:&nbsp;Globosa; Porte:&nbsp;M\u00e9dio, perenif\u00f3lia de 5 a 10 metros; Folhas:&nbsp;Perene, folhas cori\u00e1ceas, glabras, brilhantes, arom\u00e1ticas, de 5 a 9 [&hellip;]","og_url":"https:\/\/www.pmpf.rs.gov.br\/secretaria-de-meio-ambiente\/parque-banhado-da-vergueiro-a-flora\/araca-do-mato\/","og_site_name":"Secretaria de Meio Ambiente","article_modified_time":"2022-06-27T17:09:42+00:00","og_image":[{"url":"https:\/\/www.pmpf.rs.gov.br\/secretaria-de-meio-ambiente\/wp-content\/uploads\/sites\/48\/2021\/12\/I2017-12-18_15_34_48_48931.jpg"}],"twitter_card":"summary_large_image","twitter_misc":{"Est. tempo de leitura":"2 minutos"},"schema":{"@context":"https:\/\/schema.org","@graph":[{"@type":"WebPage","@id":"https:\/\/www.pmpf.rs.gov.br\/secretaria-de-meio-ambiente\/parque-banhado-da-vergueiro-a-flora\/araca-do-mato\/","url":"https:\/\/www.pmpf.rs.gov.br\/secretaria-de-meio-ambiente\/parque-banhado-da-vergueiro-a-flora\/araca-do-mato\/","name":"Ara\u00e7a do Mato - Secretaria de Meio Ambiente","isPartOf":{"@id":"https:\/\/www.pmpf.rs.gov.br\/secretaria-de-meio-ambiente\/#website"},"primaryImageOfPage":{"@id":"https:\/\/www.pmpf.rs.gov.br\/secretaria-de-meio-ambiente\/parque-banhado-da-vergueiro-a-flora\/araca-do-mato\/#primaryimage"},"image":{"@id":"https:\/\/www.pmpf.rs.gov.br\/secretaria-de-meio-ambiente\/parque-banhado-da-vergueiro-a-flora\/araca-do-mato\/#primaryimage"},"thumbnailUrl":"https:\/\/www.pmpf.rs.gov.br\/secretaria-de-meio-ambiente\/wp-content\/uploads\/sites\/48\/2021\/12\/I2017-12-18_15_34_48_48931.jpg","datePublished":"2021-12-21T21:59:19+00:00","dateModified":"2022-06-27T17:09:42+00:00","breadcrumb":{"@id":"https:\/\/www.pmpf.rs.gov.br\/secretaria-de-meio-ambiente\/parque-banhado-da-vergueiro-a-flora\/araca-do-mato\/#breadcrumb"},"inLanguage":"pt-BR","potentialAction":[{"@type":"ReadAction","target":["https:\/\/www.pmpf.rs.gov.br\/secretaria-de-meio-ambiente\/parque-banhado-da-vergueiro-a-flora\/araca-do-mato\/"]}]},{"@type":"ImageObject","inLanguage":"pt-BR","@id":"https:\/\/www.pmpf.rs.gov.br\/secretaria-de-meio-ambiente\/parque-banhado-da-vergueiro-a-flora\/araca-do-mato\/#primaryimage","url":"https:\/\/www.pmpf.rs.gov.br\/secretaria-de-meio-ambiente\/wp-content\/uploads\/sites\/48\/2021\/12\/I2017-12-18_15_34_48_48931.jpg","contentUrl":"https:\/\/www.pmpf.rs.gov.br\/secretaria-de-meio-ambiente\/wp-content\/uploads\/sites\/48\/2021\/12\/I2017-12-18_15_34_48_48931.jpg","width":768,"height":519},{"@type":"BreadcrumbList","@id":"https:\/\/www.pmpf.rs.gov.br\/secretaria-de-meio-ambiente\/parque-banhado-da-vergueiro-a-flora\/araca-do-mato\/#breadcrumb","itemListElement":[{"@type":"ListItem","position":1,"name":"A Flora","item":"https:\/\/www.pmpf.rs.gov.br\/secretaria-de-meio-ambiente\/parque-banhado-da-vergueiro-a-flora\/"},{"@type":"ListItem","position":2,"name":"Ara\u00e7a do Mato"}]},{"@type":"WebSite","@id":"https:\/\/www.pmpf.rs.gov.br\/secretaria-de-meio-ambiente\/#website","url":"https:\/\/www.pmpf.rs.gov.br\/secretaria-de-meio-ambiente\/","name":"Secretaria de Meio Ambiente","description":"S\u00f3 mais um site Prefeitura de Passo Fundo","potentialAction":[{"@type":"SearchAction","target":{"@type":"EntryPoint","urlTemplate":"https:\/\/www.pmpf.rs.gov.br\/secretaria-de-meio-ambiente\/?s={search_term_string}"},"query-input":{"@type":"PropertyValueSpecification","valueRequired":true,"valueName":"search_term_string"}}],"inLanguage":"pt-BR"}]}},"_links":{"self":[{"href":"https:\/\/www.pmpf.rs.gov.br\/secretaria-de-meio-ambiente\/wp-json\/wp\/v2\/pages\/50"}],"collection":[{"href":"https:\/\/www.pmpf.rs.gov.br\/secretaria-de-meio-ambiente\/wp-json\/wp\/v2\/pages"}],"about":[{"href":"https:\/\/www.pmpf.rs.gov.br\/secretaria-de-meio-ambiente\/wp-json\/wp\/v2\/types\/page"}],"author":[{"embeddable":true,"href":"https:\/\/www.pmpf.rs.gov.br\/secretaria-de-meio-ambiente\/wp-json\/wp\/v2\/users\/1"}],"replies":[{"embeddable":true,"href":"https:\/\/www.pmpf.rs.gov.br\/secretaria-de-meio-ambiente\/wp-json\/wp\/v2\/comments?post=50"}],"version-history":[{"count":5,"href":"https:\/\/www.pmpf.rs.gov.br\/secretaria-de-meio-ambiente\/wp-json\/wp\/v2\/pages\/50\/revisions"}],"predecessor-version":[{"id":1336,"href":"https:\/\/www.pmpf.rs.gov.br\/secretaria-de-meio-ambiente\/wp-json\/wp\/v2\/pages\/50\/revisions\/1336"}],"up":[{"embeddable":true,"href":"https:\/\/www.pmpf.rs.gov.br\/secretaria-de-meio-ambiente\/wp-json\/wp\/v2\/pages\/1344"}],"wp:attachment":[{"href":"https:\/\/www.pmpf.rs.gov.br\/secretaria-de-meio-ambiente\/wp-json\/wp\/v2\/media?parent=50"}],"curies":[{"name":"wp","href":"https:\/\/api.w.org\/{rel}","templated":true}]}}