{"id":23,"date":"2021-12-21T18:37:54","date_gmt":"2021-12-21T21:37:54","guid":{"rendered":"https:\/\/www.pmpf.rs.gov.br\/secretaria-de-meio-ambiente\/?page_id=23"},"modified":"2025-08-27T15:14:02","modified_gmt":"2025-08-27T18:14:02","slug":"ecoponto","status":"publish","type":"page","link":"https:\/\/www.pmpf.rs.gov.br\/secretaria-de-meio-ambiente\/ecoponto\/","title":{"rendered":"Ecopontos"},"content":{"rendered":"\n<p>Passo Fundo possui locais espec\u00edficos para descarte adequado dos mais variados tipos de res\u00edduos. Esses centro para descarte s\u00e3o chamados de Ecopontos. Todos os res\u00edduos recicl\u00e1veis descartados nos Ecopontos s\u00e3o coletados e destinados para as Cooperativas de Reciclagem do Munic\u00edpio, gerando renda e colaborando com a log\u00edstica desses materiais.<br>Os Ecopontos, por sua vez, colaboram diretamente com os preceitos estabelecidos atrav\u00e9s da Pol\u00edtica Nacional dos Res\u00edduos S\u00f3lidos (PNRS), Lei n\u00b0 12.305\/2010.<\/p>\n\n\n\n<p id=\"ecoponto-municipal-de-residuos-volumosos\"><strong>Ecoponto Municipal de Res\u00edduos Volumosos<\/strong><\/p>\n\n\n\n<p>Localizado na Rua Eduardo de Brito, esquina com a Rua Jacinto Vila Nova (junto \u00e0 F\u00e1brica de Tubos da Prefeitura) \u2013 Bairro Annes. A destina\u00e7\u00e3o dos res\u00edduos \u00e9 GRATUITA!<br>O Ecoponto recebe res\u00edduos da constru\u00e7\u00e3o civil (entulho), sobras de poda e jardinagem e madeiras, (respeitando o limite de 0,1 m3\/dia), al\u00e9m de materiais recicl\u00e1veis como \u00f3leo de cozinha, eletro e eletr\u00f4nicos, papel\/papel\u00e3o, pl\u00e1sticos, metais\/alum\u00ednio e vidros.<\/p>\n\n\n\n<figure class=\"wp-block-image size-medium is-resized\"><img loading=\"lazy\" decoding=\"async\" width=\"300\" height=\"134\" src=\"https:\/\/www.pmpf.rs.gov.br\/secretaria-de-meio-ambiente\/wp-content\/uploads\/sites\/48\/2022\/02\/ecoponto_residuos_solidos-300x134.png\" alt=\"\" class=\"wp-image-1201\" style=\"width:512px;height:229px\" srcset=\"https:\/\/www.pmpf.rs.gov.br\/secretaria-de-meio-ambiente\/wp-content\/uploads\/sites\/48\/2022\/02\/ecoponto_residuos_solidos-300x134.png 300w, https:\/\/www.pmpf.rs.gov.br\/secretaria-de-meio-ambiente\/wp-content\/uploads\/sites\/48\/2022\/02\/ecoponto_residuos_solidos.png 512w\" sizes=\"(max-width: 300px) 100vw, 300px\" \/><\/figure>\n\n\n\n<div style=\"height:5px\" aria-hidden=\"true\" class=\"wp-block-spacer\"><\/div>\n\n\n\n<div style=\"height:10px\" aria-hidden=\"true\" class=\"wp-block-spacer\"><\/div>\n\n\n\n<p><strong>Ecoponto Municipal de Pneus Inserv\u00edveis<\/strong><\/p>\n\n\n\n<p>Ecoponto Municipal de Pneus Inserv\u00edveis Localizado na Avenida Perimetral (pr\u00f3ximo \u00e0 Pedreira Municipal da Prefeitura) \u2013 Bairro S\u00e3o Luiz Gonzaga. A destina\u00e7\u00e3o dos pneus \u00e9 GRATUITA! <\/p>\n\n\n\n<p>O Ecoponto de Pneus n\u00e3o recebe demais tipos de res\u00edduos, assim como pneus triturados. Todos os pneus coletados s\u00e3o destinados para a reciclagem que podem virar solados de sapato, borrachas de veda\u00e7\u00e3o, pisos para quadras poliesportivas, pisos industriais e tapetes para autom\u00f3veis.<\/p>\n\n\n\n<figure class=\"wp-block-image size-medium is-resized\"><img loading=\"lazy\" decoding=\"async\" width=\"300\" height=\"134\" src=\"https:\/\/www.pmpf.rs.gov.br\/secretaria-de-meio-ambiente\/wp-content\/uploads\/sites\/48\/2022\/02\/ecoponto_pneus-300x134.png\" alt=\"\" class=\"wp-image-1200\" style=\"width:512px;height:229px\" srcset=\"https:\/\/www.pmpf.rs.gov.br\/secretaria-de-meio-ambiente\/wp-content\/uploads\/sites\/48\/2022\/02\/ecoponto_pneus-300x134.png 300w, https:\/\/www.pmpf.rs.gov.br\/secretaria-de-meio-ambiente\/wp-content\/uploads\/sites\/48\/2022\/02\/ecoponto_pneus.png 512w\" sizes=\"(max-width: 300px) 100vw, 300px\" \/><\/figure>\n\n\n\n<div style=\"height:10px\" aria-hidden=\"true\" class=\"wp-block-spacer\"><\/div>\n\n\n\n<p><strong>Centros de Destina\u00e7\u00e3o Especial Log\u00edstica Reversa<\/strong><\/p>\n\n\n\n<p>Atrav\u00e9s de empresas, lojas e farm\u00e1cias, determinados res\u00edduos podem retornar ao sistema produtivo por meio da log\u00edstica reversa, uma vez que o gerador fica respons\u00e1vel por toda cadeia dos res\u00edduos, at\u00e9 a destina\u00e7\u00e3o final.<br>Por isso, caso tenha adquirido l\u00e2mpadas, baterias, defensivos agr\u00edcolas ou medicamentos, procure os estabelecimentos para o descarte correto dos res\u00edduos gerados.<\/p>\n\n\n\n<hr class=\"wp-block-separator has-alpha-channel-opacity\"\/>\n","protected":false},"excerpt":{"rendered":"<p>Passo Fundo possui locais espec\u00edficos para descarte adequado dos mais variados tipos de res\u00edduos. Esses centro para descarte s\u00e3o chamados de Ecopontos. Todos os res\u00edduos recicl\u00e1veis descartados nos Ecopontos s\u00e3o coletados e [&hellip;]<\/p>\n","protected":false},"author":1,"featured_media":0,"parent":0,"menu_order":0,"comment_status":"closed","ping_status":"closed","template":"","meta":{"footnotes":""},"class_list":["post-23","page","type-page","status-publish","hentry"],"yoast_head":"<!-- This site is optimized with the Yoast SEO plugin v23.8 - https:\/\/yoast.com\/wordpress\/plugins\/seo\/ -->\n<title>Ecopontos - Secretaria de Meio Ambiente<\/title>\n<meta name=\"robots\" content=\"index, follow, max-snippet:-1, max-image-preview:large, max-video-preview:-1\" \/>\n<link rel=\"canonical\" href=\"https:\/\/www.pmpf.rs.gov.br\/secretaria-de-meio-ambiente\/ecoponto\/\" \/>\n<meta property=\"og:locale\" content=\"pt_BR\" \/>\n<meta property=\"og:type\" content=\"article\" \/>\n<meta property=\"og:title\" content=\"Ecopontos - Secretaria de Meio Ambiente\" \/>\n<meta property=\"og:description\" content=\"Passo Fundo possui locais espec\u00edficos para descarte adequado dos mais variados tipos de res\u00edduos. Esses centro para descarte s\u00e3o chamados de Ecopontos. Todos os res\u00edduos recicl\u00e1veis descartados nos Ecopontos s\u00e3o coletados e [&hellip;]\" \/>\n<meta property=\"og:url\" content=\"https:\/\/www.pmpf.rs.gov.br\/secretaria-de-meio-ambiente\/ecoponto\/\" \/>\n<meta property=\"og:site_name\" content=\"Secretaria de Meio Ambiente\" \/>\n<meta property=\"article:modified_time\" content=\"2025-08-27T18:14:02+00:00\" \/>\n<meta property=\"og:image\" content=\"https:\/\/www.pmpf.rs.gov.br\/secretaria-de-meio-ambiente\/wp-content\/uploads\/sites\/48\/2022\/02\/ecoponto_residuos_solidos.png\" \/>\n\t<meta property=\"og:image:width\" content=\"512\" \/>\n\t<meta property=\"og:image:height\" content=\"229\" \/>\n\t<meta property=\"og:image:type\" content=\"image\/png\" \/>\n<meta name=\"twitter:card\" content=\"summary_large_image\" \/>\n<meta name=\"twitter:label1\" content=\"Est. tempo de leitura\" \/>\n\t<meta name=\"twitter:data1\" content=\"1 minuto\" \/>\n<script type=\"application\/ld+json\" class=\"yoast-schema-graph\">{\"@context\":\"https:\/\/schema.org\",\"@graph\":[{\"@type\":\"WebPage\",\"@id\":\"https:\/\/www.pmpf.rs.gov.br\/secretaria-de-meio-ambiente\/ecoponto\/\",\"url\":\"https:\/\/www.pmpf.rs.gov.br\/secretaria-de-meio-ambiente\/ecoponto\/\",\"name\":\"Ecopontos - Secretaria de Meio Ambiente\",\"isPartOf\":{\"@id\":\"https:\/\/www.pmpf.rs.gov.br\/secretaria-de-meio-ambiente\/#website\"},\"primaryImageOfPage\":{\"@id\":\"https:\/\/www.pmpf.rs.gov.br\/secretaria-de-meio-ambiente\/ecoponto\/#primaryimage\"},\"image\":{\"@id\":\"https:\/\/www.pmpf.rs.gov.br\/secretaria-de-meio-ambiente\/ecoponto\/#primaryimage\"},\"thumbnailUrl\":\"https:\/\/www.pmpf.rs.gov.br\/secretaria-de-meio-ambiente\/wp-content\/uploads\/sites\/48\/2022\/02\/ecoponto_residuos_solidos-300x134.png\",\"datePublished\":\"2021-12-21T21:37:54+00:00\",\"dateModified\":\"2025-08-27T18:14:02+00:00\",\"inLanguage\":\"pt-BR\",\"potentialAction\":[{\"@type\":\"ReadAction\",\"target\":[\"https:\/\/www.pmpf.rs.gov.br\/secretaria-de-meio-ambiente\/ecoponto\/\"]}]},{\"@type\":\"ImageObject\",\"inLanguage\":\"pt-BR\",\"@id\":\"https:\/\/www.pmpf.rs.gov.br\/secretaria-de-meio-ambiente\/ecoponto\/#primaryimage\",\"url\":\"https:\/\/www.pmpf.rs.gov.br\/secretaria-de-meio-ambiente\/wp-content\/uploads\/sites\/48\/2022\/02\/ecoponto_residuos_solidos.png\",\"contentUrl\":\"https:\/\/www.pmpf.rs.gov.br\/secretaria-de-meio-ambiente\/wp-content\/uploads\/sites\/48\/2022\/02\/ecoponto_residuos_solidos.png\",\"width\":512,\"height\":229},{\"@type\":\"WebSite\",\"@id\":\"https:\/\/www.pmpf.rs.gov.br\/secretaria-de-meio-ambiente\/#website\",\"url\":\"https:\/\/www.pmpf.rs.gov.br\/secretaria-de-meio-ambiente\/\",\"name\":\"Secretaria de Meio Ambiente\",\"description\":\"S\u00f3 mais um site Prefeitura de Passo Fundo\",\"potentialAction\":[{\"@type\":\"SearchAction\",\"target\":{\"@type\":\"EntryPoint\",\"urlTemplate\":\"https:\/\/www.pmpf.rs.gov.br\/secretaria-de-meio-ambiente\/?s={search_term_string}\"},\"query-input\":{\"@type\":\"PropertyValueSpecification\",\"valueRequired\":true,\"valueName\":\"search_term_string\"}}],\"inLanguage\":\"pt-BR\"}]}<\/script>\n<!-- \/ Yoast SEO plugin. -->","yoast_head_json":{"title":"Ecopontos - Secretaria de Meio Ambiente","robots":{"index":"index","follow":"follow","max-snippet":"max-snippet:-1","max-image-preview":"max-image-preview:large","max-video-preview":"max-video-preview:-1"},"canonical":"https:\/\/www.pmpf.rs.gov.br\/secretaria-de-meio-ambiente\/ecoponto\/","og_locale":"pt_BR","og_type":"article","og_title":"Ecopontos - Secretaria de Meio Ambiente","og_description":"Passo Fundo possui locais espec\u00edficos para descarte adequado dos mais variados tipos de res\u00edduos. Esses centro para descarte s\u00e3o chamados de Ecopontos. Todos os res\u00edduos recicl\u00e1veis descartados nos Ecopontos s\u00e3o coletados e [&hellip;]","og_url":"https:\/\/www.pmpf.rs.gov.br\/secretaria-de-meio-ambiente\/ecoponto\/","og_site_name":"Secretaria de Meio Ambiente","article_modified_time":"2025-08-27T18:14:02+00:00","og_image":[{"width":512,"height":229,"url":"https:\/\/www.pmpf.rs.gov.br\/secretaria-de-meio-ambiente\/wp-content\/uploads\/sites\/48\/2022\/02\/ecoponto_residuos_solidos.png","type":"image\/png"}],"twitter_card":"summary_large_image","twitter_misc":{"Est. tempo de leitura":"1 minuto"},"schema":{"@context":"https:\/\/schema.org","@graph":[{"@type":"WebPage","@id":"https:\/\/www.pmpf.rs.gov.br\/secretaria-de-meio-ambiente\/ecoponto\/","url":"https:\/\/www.pmpf.rs.gov.br\/secretaria-de-meio-ambiente\/ecoponto\/","name":"Ecopontos - Secretaria de Meio Ambiente","isPartOf":{"@id":"https:\/\/www.pmpf.rs.gov.br\/secretaria-de-meio-ambiente\/#website"},"primaryImageOfPage":{"@id":"https:\/\/www.pmpf.rs.gov.br\/secretaria-de-meio-ambiente\/ecoponto\/#primaryimage"},"image":{"@id":"https:\/\/www.pmpf.rs.gov.br\/secretaria-de-meio-ambiente\/ecoponto\/#primaryimage"},"thumbnailUrl":"https:\/\/www.pmpf.rs.gov.br\/secretaria-de-meio-ambiente\/wp-content\/uploads\/sites\/48\/2022\/02\/ecoponto_residuos_solidos-300x134.png","datePublished":"2021-12-21T21:37:54+00:00","dateModified":"2025-08-27T18:14:02+00:00","inLanguage":"pt-BR","potentialAction":[{"@type":"ReadAction","target":["https:\/\/www.pmpf.rs.gov.br\/secretaria-de-meio-ambiente\/ecoponto\/"]}]},{"@type":"ImageObject","inLanguage":"pt-BR","@id":"https:\/\/www.pmpf.rs.gov.br\/secretaria-de-meio-ambiente\/ecoponto\/#primaryimage","url":"https:\/\/www.pmpf.rs.gov.br\/secretaria-de-meio-ambiente\/wp-content\/uploads\/sites\/48\/2022\/02\/ecoponto_residuos_solidos.png","contentUrl":"https:\/\/www.pmpf.rs.gov.br\/secretaria-de-meio-ambiente\/wp-content\/uploads\/sites\/48\/2022\/02\/ecoponto_residuos_solidos.png","width":512,"height":229},{"@type":"WebSite","@id":"https:\/\/www.pmpf.rs.gov.br\/secretaria-de-meio-ambiente\/#website","url":"https:\/\/www.pmpf.rs.gov.br\/secretaria-de-meio-ambiente\/","name":"Secretaria de Meio Ambiente","description":"S\u00f3 mais um site Prefeitura de Passo Fundo","potentialAction":[{"@type":"SearchAction","target":{"@type":"EntryPoint","urlTemplate":"https:\/\/www.pmpf.rs.gov.br\/secretaria-de-meio-ambiente\/?s={search_term_string}"},"query-input":{"@type":"PropertyValueSpecification","valueRequired":true,"valueName":"search_term_string"}}],"inLanguage":"pt-BR"}]}},"_links":{"self":[{"href":"https:\/\/www.pmpf.rs.gov.br\/secretaria-de-meio-ambiente\/wp-json\/wp\/v2\/pages\/23"}],"collection":[{"href":"https:\/\/www.pmpf.rs.gov.br\/secretaria-de-meio-ambiente\/wp-json\/wp\/v2\/pages"}],"about":[{"href":"https:\/\/www.pmpf.rs.gov.br\/secretaria-de-meio-ambiente\/wp-json\/wp\/v2\/types\/page"}],"author":[{"embeddable":true,"href":"https:\/\/www.pmpf.rs.gov.br\/secretaria-de-meio-ambiente\/wp-json\/wp\/v2\/users\/1"}],"replies":[{"embeddable":true,"href":"https:\/\/www.pmpf.rs.gov.br\/secretaria-de-meio-ambiente\/wp-json\/wp\/v2\/comments?post=23"}],"version-history":[{"count":37,"href":"https:\/\/www.pmpf.rs.gov.br\/secretaria-de-meio-ambiente\/wp-json\/wp\/v2\/pages\/23\/revisions"}],"predecessor-version":[{"id":1808,"href":"https:\/\/www.pmpf.rs.gov.br\/secretaria-de-meio-ambiente\/wp-json\/wp\/v2\/pages\/23\/revisions\/1808"}],"wp:attachment":[{"href":"https:\/\/www.pmpf.rs.gov.br\/secretaria-de-meio-ambiente\/wp-json\/wp\/v2\/media?parent=23"}],"curies":[{"name":"wp","href":"https:\/\/api.w.org\/{rel}","templated":true}]}}