{"id":21,"date":"2021-12-21T18:37:10","date_gmt":"2021-12-21T21:37:10","guid":{"rendered":"https:\/\/www.pmpf.rs.gov.br\/secretaria-de-meio-ambiente\/?page_id=21"},"modified":"2022-02-10T15:26:15","modified_gmt":"2022-02-10T18:26:15","slug":"coleta-seletiva","status":"publish","type":"page","link":"https:\/\/www.pmpf.rs.gov.br\/secretaria-de-meio-ambiente\/coleta-seletiva\/","title":{"rendered":"Coleta Seletiva"},"content":{"rendered":"\n<h2 class=\"wp-block-heading\" id=\"residuos-solidos-urbanos\">Res\u00edduos S\u00f3lidos Urbanos<\/h2>\n\n\n\n<p>A Secretaria de Meio Ambiente, procurando preservar o meio ambiente, implantou em Passo Fundo a coleta seletiva dos res\u00edduos s\u00f3lidos urbanos. Todo o material recolhido \u00e9 destinado a associa\u00e7\u00f5es e cooperativas de recicladores. No momento, as institui\u00e7\u00f5es beneficiadas s\u00e3o: AAMMA, AREVI, COTRAEMPO e RECIBELA. Outras institui\u00e7\u00f5es podem se beneficiar da coleta seletiva, basta comprovar a necessidade junto \u00e0 Secretaria de Meio Ambiente.<\/p>\n\n\n\n<p>C<strong>omo funciona<\/strong><\/p>\n\n\n\n<p>A Coleta Seletiva de Lixo acontece no centro e nos bairros do munic\u00edpio. O material deve ser separado em sacolas com lixo org\u00e2nico e recicl\u00e1vel.<\/p>\n\n\n\n<p><strong>O&nbsp;que pode ser reciclado:<\/strong><br><strong>Pl\u00e1sticos:<\/strong><br>Embalagens de refrigerante, sucos, produtos de higiene, limpeza, sacolas pl\u00e1sticas, embalagens diversas.<br><strong>Metais:<\/strong><br>Ferro, a\u00e7o, alum\u00ednio, alum\u00ednio chapa, lata, metal, cobre, chumbo, inox e outros.<br><strong>Papeis:<\/strong><br>Papel\u00e3o, papel A1, papel A4, revistas e outros.<br><strong>Vidros:<\/strong><br>Vasilhames inteiros e cacos, todos os tipos.<br>Obs. No caso de vidro quebrado (cacos), \u00e9 necess\u00e1rio que seja acondicionado de maneira distinta e que a embalagem seja identificada de maneira a evitar acidentes.<br><strong>\u00d3leo de cozinha usado:<\/strong><br>\u00c9 realizada coleta de \u00f3leo de cozinha usado. \u00c9 poss\u00edvel tamb\u00e9m solicitar a abertura de um ponto de coleta em seu estabelecimento. As associa\u00e7\u00f5es possuem bombona para acondicionamento e material educativo para conscientiza\u00e7\u00e3o.<br><strong>Isopor:<\/strong><br>Recolhemos isopor. Para destina\u00e7\u00e3o, o mesmo deve estar limpo e embalado.<\/p>\n\n\n\n<p>O caminh\u00e3o da coleta seletiva da CODEPAS passa de segunda-feira a s\u00e1bado na regi\u00e3o central da cidade,<br>onde possui o sistema de coleta por cont\u00eaineres. J\u00e1 nos bairros, a coleta seletiva \u00e9 feita pela empresa Via Norte e,<br>caso o descarte for de res\u00edduos recicl\u00e1veis, pode ser agendada com as associa\u00e7\u00f5es de reciclagem que possuem<br>conv\u00eanio com a Prefeitura municipal para a coleta dos res\u00edduos.<\/p>\n\n\n\n<p><strong>Lista de Coleta nos bairros:<\/strong><br>COAMA: Rodrigues (todo o bairro);<br>COOTRAEMPO: Menino Deus (todo o bairro), Cohab\/Secchi (todo o bairro) e Berthier (parte do bairro);<br>AREVI: Planaltina (todo o bairro), Lucas Ara\u00fajo (todo o bairro) e Dom Rodolfo (Parte do bairro).<\/p>\n\n\n\n<p><strong>Contatos<\/strong><br>(54) 3045-1262 \/ (54) 9 9697-1908 &#8211; Projeto Transforma\u00e7\u00e3o<br>(54) 9 9131-0502 &#8211; COAMA<br>(54) 9614-6912 &#8211; COOTRAEMPO<br>(54) 9 9919-7454 &#8211; AREVI<br>(54) 3045-1968 &#8211; CODEPAS<br>(54) 3312-6385 &#8211; VIA NORTE<br>(54) 3317-2529 &#8211; SMAM<\/p>\n\n\n\n<hr class=\"wp-block-separator\"\/>\n","protected":false},"excerpt":{"rendered":"<p>Res\u00edduos S\u00f3lidos Urbanos A Secretaria de Meio Ambiente, procurando preservar o meio ambiente, implantou em Passo Fundo a coleta seletiva dos res\u00edduos s\u00f3lidos urbanos. Todo o material recolhido \u00e9 destinado a associa\u00e7\u00f5es [&hellip;]<\/p>\n","protected":false},"author":1,"featured_media":0,"parent":0,"menu_order":0,"comment_status":"closed","ping_status":"closed","template":"","meta":{"footnotes":""},"class_list":["post-21","page","type-page","status-publish","hentry"],"yoast_head":"<!-- This site is optimized with the Yoast SEO plugin v23.8 - https:\/\/yoast.com\/wordpress\/plugins\/seo\/ -->\n<title>Coleta Seletiva - Secretaria de Meio Ambiente<\/title>\n<meta name=\"robots\" content=\"index, follow, max-snippet:-1, max-image-preview:large, max-video-preview:-1\" \/>\n<link rel=\"canonical\" href=\"https:\/\/www.pmpf.rs.gov.br\/secretaria-de-meio-ambiente\/coleta-seletiva\/\" \/>\n<meta property=\"og:locale\" content=\"pt_BR\" \/>\n<meta property=\"og:type\" content=\"article\" \/>\n<meta property=\"og:title\" content=\"Coleta Seletiva - Secretaria de Meio Ambiente\" \/>\n<meta property=\"og:description\" content=\"Res\u00edduos S\u00f3lidos Urbanos A Secretaria de Meio Ambiente, procurando preservar o meio ambiente, implantou em Passo Fundo a coleta seletiva dos res\u00edduos s\u00f3lidos urbanos. Todo o material recolhido \u00e9 destinado a associa\u00e7\u00f5es [&hellip;]\" \/>\n<meta property=\"og:url\" content=\"https:\/\/www.pmpf.rs.gov.br\/secretaria-de-meio-ambiente\/coleta-seletiva\/\" \/>\n<meta property=\"og:site_name\" content=\"Secretaria de Meio Ambiente\" \/>\n<meta property=\"article:modified_time\" content=\"2022-02-10T18:26:15+00:00\" \/>\n<meta name=\"twitter:card\" content=\"summary_large_image\" \/>\n<meta name=\"twitter:label1\" content=\"Est. tempo de leitura\" \/>\n\t<meta name=\"twitter:data1\" content=\"2 minutos\" \/>\n<script type=\"application\/ld+json\" class=\"yoast-schema-graph\">{\"@context\":\"https:\/\/schema.org\",\"@graph\":[{\"@type\":\"WebPage\",\"@id\":\"https:\/\/www.pmpf.rs.gov.br\/secretaria-de-meio-ambiente\/coleta-seletiva\/\",\"url\":\"https:\/\/www.pmpf.rs.gov.br\/secretaria-de-meio-ambiente\/coleta-seletiva\/\",\"name\":\"Coleta Seletiva - Secretaria de Meio Ambiente\",\"isPartOf\":{\"@id\":\"https:\/\/www.pmpf.rs.gov.br\/secretaria-de-meio-ambiente\/#website\"},\"datePublished\":\"2021-12-21T21:37:10+00:00\",\"dateModified\":\"2022-02-10T18:26:15+00:00\",\"inLanguage\":\"pt-BR\",\"potentialAction\":[{\"@type\":\"ReadAction\",\"target\":[\"https:\/\/www.pmpf.rs.gov.br\/secretaria-de-meio-ambiente\/coleta-seletiva\/\"]}]},{\"@type\":\"WebSite\",\"@id\":\"https:\/\/www.pmpf.rs.gov.br\/secretaria-de-meio-ambiente\/#website\",\"url\":\"https:\/\/www.pmpf.rs.gov.br\/secretaria-de-meio-ambiente\/\",\"name\":\"Secretaria de Meio Ambiente\",\"description\":\"S\u00f3 mais um site Prefeitura de Passo Fundo\",\"potentialAction\":[{\"@type\":\"SearchAction\",\"target\":{\"@type\":\"EntryPoint\",\"urlTemplate\":\"https:\/\/www.pmpf.rs.gov.br\/secretaria-de-meio-ambiente\/?s={search_term_string}\"},\"query-input\":{\"@type\":\"PropertyValueSpecification\",\"valueRequired\":true,\"valueName\":\"search_term_string\"}}],\"inLanguage\":\"pt-BR\"}]}<\/script>\n<!-- \/ Yoast SEO plugin. -->","yoast_head_json":{"title":"Coleta Seletiva - Secretaria de Meio Ambiente","robots":{"index":"index","follow":"follow","max-snippet":"max-snippet:-1","max-image-preview":"max-image-preview:large","max-video-preview":"max-video-preview:-1"},"canonical":"https:\/\/www.pmpf.rs.gov.br\/secretaria-de-meio-ambiente\/coleta-seletiva\/","og_locale":"pt_BR","og_type":"article","og_title":"Coleta Seletiva - Secretaria de Meio Ambiente","og_description":"Res\u00edduos S\u00f3lidos Urbanos A Secretaria de Meio Ambiente, procurando preservar o meio ambiente, implantou em Passo Fundo a coleta seletiva dos res\u00edduos s\u00f3lidos urbanos. Todo o material recolhido \u00e9 destinado a associa\u00e7\u00f5es [&hellip;]","og_url":"https:\/\/www.pmpf.rs.gov.br\/secretaria-de-meio-ambiente\/coleta-seletiva\/","og_site_name":"Secretaria de Meio Ambiente","article_modified_time":"2022-02-10T18:26:15+00:00","twitter_card":"summary_large_image","twitter_misc":{"Est. tempo de leitura":"2 minutos"},"schema":{"@context":"https:\/\/schema.org","@graph":[{"@type":"WebPage","@id":"https:\/\/www.pmpf.rs.gov.br\/secretaria-de-meio-ambiente\/coleta-seletiva\/","url":"https:\/\/www.pmpf.rs.gov.br\/secretaria-de-meio-ambiente\/coleta-seletiva\/","name":"Coleta Seletiva - Secretaria de Meio Ambiente","isPartOf":{"@id":"https:\/\/www.pmpf.rs.gov.br\/secretaria-de-meio-ambiente\/#website"},"datePublished":"2021-12-21T21:37:10+00:00","dateModified":"2022-02-10T18:26:15+00:00","inLanguage":"pt-BR","potentialAction":[{"@type":"ReadAction","target":["https:\/\/www.pmpf.rs.gov.br\/secretaria-de-meio-ambiente\/coleta-seletiva\/"]}]},{"@type":"WebSite","@id":"https:\/\/www.pmpf.rs.gov.br\/secretaria-de-meio-ambiente\/#website","url":"https:\/\/www.pmpf.rs.gov.br\/secretaria-de-meio-ambiente\/","name":"Secretaria de Meio Ambiente","description":"S\u00f3 mais um site Prefeitura de Passo Fundo","potentialAction":[{"@type":"SearchAction","target":{"@type":"EntryPoint","urlTemplate":"https:\/\/www.pmpf.rs.gov.br\/secretaria-de-meio-ambiente\/?s={search_term_string}"},"query-input":{"@type":"PropertyValueSpecification","valueRequired":true,"valueName":"search_term_string"}}],"inLanguage":"pt-BR"}]}},"_links":{"self":[{"href":"https:\/\/www.pmpf.rs.gov.br\/secretaria-de-meio-ambiente\/wp-json\/wp\/v2\/pages\/21"}],"collection":[{"href":"https:\/\/www.pmpf.rs.gov.br\/secretaria-de-meio-ambiente\/wp-json\/wp\/v2\/pages"}],"about":[{"href":"https:\/\/www.pmpf.rs.gov.br\/secretaria-de-meio-ambiente\/wp-json\/wp\/v2\/types\/page"}],"author":[{"embeddable":true,"href":"https:\/\/www.pmpf.rs.gov.br\/secretaria-de-meio-ambiente\/wp-json\/wp\/v2\/users\/1"}],"replies":[{"embeddable":true,"href":"https:\/\/www.pmpf.rs.gov.br\/secretaria-de-meio-ambiente\/wp-json\/wp\/v2\/comments?post=21"}],"version-history":[{"count":3,"href":"https:\/\/www.pmpf.rs.gov.br\/secretaria-de-meio-ambiente\/wp-json\/wp\/v2\/pages\/21\/revisions"}],"predecessor-version":[{"id":1170,"href":"https:\/\/www.pmpf.rs.gov.br\/secretaria-de-meio-ambiente\/wp-json\/wp\/v2\/pages\/21\/revisions\/1170"}],"wp:attachment":[{"href":"https:\/\/www.pmpf.rs.gov.br\/secretaria-de-meio-ambiente\/wp-json\/wp\/v2\/media?parent=21"}],"curies":[{"name":"wp","href":"https:\/\/api.w.org\/{rel}","templated":true}]}}