{"id":1419,"date":"2022-04-11T15:45:11","date_gmt":"2022-04-11T18:45:11","guid":{"rendered":"https:\/\/www.pmpf.rs.gov.br\/secretaria-de-meio-ambiente\/?page_id=1419"},"modified":"2023-05-26T10:33:43","modified_gmt":"2023-05-26T13:33:43","slug":"arlindo-haas","status":"publish","type":"page","link":"https:\/\/www.pmpf.rs.gov.br\/secretaria-de-meio-ambiente\/arlindo-haas\/","title":{"rendered":"Arlindo Haas"},"content":{"rendered":"\n<p>A \u00e1rea p\u00fablica com mais de 22 Hectares conhecida como Reserva Biol\u00f3gica Arlindo Hass, localizada no distrito Invernadinha nas proximidades do Bairro Petr\u00f3polis foi por mais de 40 anos controlada pela Sociedade Civil e grupos ecol\u00f3gicos, os quais tiveram um papel fundamental para a consolida\u00e7\u00e3o desse importante espa\u00e7o de preserva\u00e7\u00e3o ambiental. <\/p>\n\n\n\n<p>O decreto 166\/2011 criou o Parque Urbano Municipal Arlindo Hass com objetivo de preservar os ambientes naturais ali existentes, desenvolver a\u00e7\u00f5es de  rote\u00e7\u00e3o integral dos ecossistemas locais e, realizar pesquisas, atividades de educa\u00e7\u00e3o e recrea\u00e7\u00e3o em contato com a natureza. <\/p>\n\n\n\n<p>O potencial para atividades de preserva\u00e7\u00e3o da biodiversidade, desenvolvimento de pesquisas, presta\u00e7\u00e3o de servi\u00e7os ambientais e educa\u00e7\u00e3o ambiental est\u00e1 presente na \u00e1rea devido \u00e0 sua localiza\u00e7\u00e3o na malha urbana da cidade, ao lado da Universidade de Passo Fundo, pr\u00f3ximo a um distrito industrial e a uma importante \u00e1rea de lazer denominada Parque Linear do S\u00e9timo C\u00e9u.<\/p>\n\n\n\n<div style=\"height:10px\" aria-hidden=\"true\" class=\"wp-block-spacer\"><\/div>\n\n\n\n<div class=\"wp-block-buttons is-content-justification-space-between is-layout-flex wp-container-core-buttons-is-layout-1 wp-block-buttons-is-layout-flex\">\n<div class=\"wp-block-button has-custom-width wp-block-button__width-25\"><a class=\"wp-block-button__link has-white-color has-blue-background-color has-text-color has-background wp-element-button\" href=\"https:\/\/drive.google.com\/drive\/folders\/1w6TVt7jQlPb1QD690pb5R7kXyluqrCbu?usp=s haring\" style=\"border-radius:8px\">Fotos<\/a><\/div>\n<\/div>\n\n\n\n<hr class=\"wp-block-separator has-css-opacity\"\/>\n","protected":false},"excerpt":{"rendered":"<p>A \u00e1rea p\u00fablica com mais de 22 Hectares conhecida como Reserva Biol\u00f3gica Arlindo Hass, localizada no distrito Invernadinha nas proximidades do Bairro Petr\u00f3polis foi por mais de 40 anos controlada pela Sociedade [&hellip;]<\/p>\n","protected":false},"author":18,"featured_media":0,"parent":0,"menu_order":0,"comment_status":"closed","ping_status":"closed","template":"","meta":{"footnotes":""},"class_list":["post-1419","page","type-page","status-publish","hentry"],"yoast_head":"<!-- This site is optimized with the Yoast SEO plugin v23.8 - https:\/\/yoast.com\/wordpress\/plugins\/seo\/ -->\n<title>Arlindo Haas - Secretaria de Meio Ambiente<\/title>\n<meta name=\"robots\" content=\"index, follow, max-snippet:-1, max-image-preview:large, max-video-preview:-1\" \/>\n<link rel=\"canonical\" href=\"https:\/\/www.pmpf.rs.gov.br\/secretaria-de-meio-ambiente\/arlindo-haas\/\" \/>\n<meta property=\"og:locale\" content=\"pt_BR\" \/>\n<meta property=\"og:type\" content=\"article\" \/>\n<meta property=\"og:title\" content=\"Arlindo Haas - Secretaria de Meio Ambiente\" \/>\n<meta property=\"og:description\" content=\"A \u00e1rea p\u00fablica com mais de 22 Hectares conhecida como Reserva Biol\u00f3gica Arlindo Hass, localizada no distrito Invernadinha nas proximidades do Bairro Petr\u00f3polis foi por mais de 40 anos controlada pela Sociedade [&hellip;]\" \/>\n<meta property=\"og:url\" content=\"https:\/\/www.pmpf.rs.gov.br\/secretaria-de-meio-ambiente\/arlindo-haas\/\" \/>\n<meta property=\"og:site_name\" content=\"Secretaria de Meio Ambiente\" \/>\n<meta property=\"article:modified_time\" content=\"2023-05-26T13:33:43+00:00\" \/>\n<meta name=\"twitter:card\" content=\"summary_large_image\" \/>\n<meta name=\"twitter:label1\" content=\"Est. tempo de leitura\" \/>\n\t<meta name=\"twitter:data1\" content=\"1 minuto\" \/>\n<script type=\"application\/ld+json\" class=\"yoast-schema-graph\">{\"@context\":\"https:\/\/schema.org\",\"@graph\":[{\"@type\":\"WebPage\",\"@id\":\"https:\/\/www.pmpf.rs.gov.br\/secretaria-de-meio-ambiente\/arlindo-haas\/\",\"url\":\"https:\/\/www.pmpf.rs.gov.br\/secretaria-de-meio-ambiente\/arlindo-haas\/\",\"name\":\"Arlindo Haas - Secretaria de Meio Ambiente\",\"isPartOf\":{\"@id\":\"https:\/\/www.pmpf.rs.gov.br\/secretaria-de-meio-ambiente\/#website\"},\"datePublished\":\"2022-04-11T18:45:11+00:00\",\"dateModified\":\"2023-05-26T13:33:43+00:00\",\"inLanguage\":\"pt-BR\",\"potentialAction\":[{\"@type\":\"ReadAction\",\"target\":[\"https:\/\/www.pmpf.rs.gov.br\/secretaria-de-meio-ambiente\/arlindo-haas\/\"]}]},{\"@type\":\"WebSite\",\"@id\":\"https:\/\/www.pmpf.rs.gov.br\/secretaria-de-meio-ambiente\/#website\",\"url\":\"https:\/\/www.pmpf.rs.gov.br\/secretaria-de-meio-ambiente\/\",\"name\":\"Secretaria de Meio Ambiente\",\"description\":\"S\u00f3 mais um site Prefeitura de Passo Fundo\",\"potentialAction\":[{\"@type\":\"SearchAction\",\"target\":{\"@type\":\"EntryPoint\",\"urlTemplate\":\"https:\/\/www.pmpf.rs.gov.br\/secretaria-de-meio-ambiente\/?s={search_term_string}\"},\"query-input\":{\"@type\":\"PropertyValueSpecification\",\"valueRequired\":true,\"valueName\":\"search_term_string\"}}],\"inLanguage\":\"pt-BR\"}]}<\/script>\n<!-- \/ Yoast SEO plugin. -->","yoast_head_json":{"title":"Arlindo Haas - Secretaria de Meio Ambiente","robots":{"index":"index","follow":"follow","max-snippet":"max-snippet:-1","max-image-preview":"max-image-preview:large","max-video-preview":"max-video-preview:-1"},"canonical":"https:\/\/www.pmpf.rs.gov.br\/secretaria-de-meio-ambiente\/arlindo-haas\/","og_locale":"pt_BR","og_type":"article","og_title":"Arlindo Haas - Secretaria de Meio Ambiente","og_description":"A \u00e1rea p\u00fablica com mais de 22 Hectares conhecida como Reserva Biol\u00f3gica Arlindo Hass, localizada no distrito Invernadinha nas proximidades do Bairro Petr\u00f3polis foi por mais de 40 anos controlada pela Sociedade [&hellip;]","og_url":"https:\/\/www.pmpf.rs.gov.br\/secretaria-de-meio-ambiente\/arlindo-haas\/","og_site_name":"Secretaria de Meio Ambiente","article_modified_time":"2023-05-26T13:33:43+00:00","twitter_card":"summary_large_image","twitter_misc":{"Est. tempo de leitura":"1 minuto"},"schema":{"@context":"https:\/\/schema.org","@graph":[{"@type":"WebPage","@id":"https:\/\/www.pmpf.rs.gov.br\/secretaria-de-meio-ambiente\/arlindo-haas\/","url":"https:\/\/www.pmpf.rs.gov.br\/secretaria-de-meio-ambiente\/arlindo-haas\/","name":"Arlindo Haas - Secretaria de Meio Ambiente","isPartOf":{"@id":"https:\/\/www.pmpf.rs.gov.br\/secretaria-de-meio-ambiente\/#website"},"datePublished":"2022-04-11T18:45:11+00:00","dateModified":"2023-05-26T13:33:43+00:00","inLanguage":"pt-BR","potentialAction":[{"@type":"ReadAction","target":["https:\/\/www.pmpf.rs.gov.br\/secretaria-de-meio-ambiente\/arlindo-haas\/"]}]},{"@type":"WebSite","@id":"https:\/\/www.pmpf.rs.gov.br\/secretaria-de-meio-ambiente\/#website","url":"https:\/\/www.pmpf.rs.gov.br\/secretaria-de-meio-ambiente\/","name":"Secretaria de Meio Ambiente","description":"S\u00f3 mais um site Prefeitura de Passo Fundo","potentialAction":[{"@type":"SearchAction","target":{"@type":"EntryPoint","urlTemplate":"https:\/\/www.pmpf.rs.gov.br\/secretaria-de-meio-ambiente\/?s={search_term_string}"},"query-input":{"@type":"PropertyValueSpecification","valueRequired":true,"valueName":"search_term_string"}}],"inLanguage":"pt-BR"}]}},"_links":{"self":[{"href":"https:\/\/www.pmpf.rs.gov.br\/secretaria-de-meio-ambiente\/wp-json\/wp\/v2\/pages\/1419"}],"collection":[{"href":"https:\/\/www.pmpf.rs.gov.br\/secretaria-de-meio-ambiente\/wp-json\/wp\/v2\/pages"}],"about":[{"href":"https:\/\/www.pmpf.rs.gov.br\/secretaria-de-meio-ambiente\/wp-json\/wp\/v2\/types\/page"}],"author":[{"embeddable":true,"href":"https:\/\/www.pmpf.rs.gov.br\/secretaria-de-meio-ambiente\/wp-json\/wp\/v2\/users\/18"}],"replies":[{"embeddable":true,"href":"https:\/\/www.pmpf.rs.gov.br\/secretaria-de-meio-ambiente\/wp-json\/wp\/v2\/comments?post=1419"}],"version-history":[{"count":9,"href":"https:\/\/www.pmpf.rs.gov.br\/secretaria-de-meio-ambiente\/wp-json\/wp\/v2\/pages\/1419\/revisions"}],"predecessor-version":[{"id":1570,"href":"https:\/\/www.pmpf.rs.gov.br\/secretaria-de-meio-ambiente\/wp-json\/wp\/v2\/pages\/1419\/revisions\/1570"}],"wp:attachment":[{"href":"https:\/\/www.pmpf.rs.gov.br\/secretaria-de-meio-ambiente\/wp-json\/wp\/v2\/media?parent=1419"}],"curies":[{"name":"wp","href":"https:\/\/api.w.org\/{rel}","templated":true}]}}