{"id":1402,"date":"2022-04-11T14:50:42","date_gmt":"2022-04-11T17:50:42","guid":{"rendered":"https:\/\/www.pmpf.rs.gov.br\/secretaria-de-meio-ambiente\/?page_id=1402"},"modified":"2022-04-11T14:53:06","modified_gmt":"2022-04-11T17:53:06","slug":"suiriri","status":"publish","type":"page","link":"https:\/\/www.pmpf.rs.gov.br\/secretaria-de-meio-ambiente\/suiriri\/","title":{"rendered":"Suiriri"},"content":{"rendered":"\n<div class=\"wp-block-image\"><figure class=\"alignleft size-full is-resized\"><img decoding=\"async\" src=\"https:\/\/www.pmpf.rs.gov.br\/secretaria-de-meio-ambiente\/wp-content\/uploads\/sites\/48\/2022\/04\/download.jpg\" alt=\"\" class=\"wp-image-1408\" width=\"292\" \/><\/figure><\/div>\n\n\n\n<p><br>Nome Comum: <strong>Suiriri<\/strong><br>Nome cient\u00edfico: <strong>Tyrannus melancholicus<\/strong><br>Fam\u00edlia: <strong>Tyrannidae<\/strong><br>Esp\u00e9cie migrat\u00f3ria que visita e utiliza o Banhado nas \u00e9pocas em que<br>est\u00e1 pela regi\u00e3o<\/p>\n","protected":false},"excerpt":{"rendered":"<p>Nome Comum: SuiririNome cient\u00edfico: Tyrannus melancholicusFam\u00edlia: TyrannidaeEsp\u00e9cie migrat\u00f3ria que visita e utiliza o Banhado nas \u00e9pocas em queest\u00e1 pela regi\u00e3o<\/p>\n","protected":false},"author":18,"featured_media":0,"parent":0,"menu_order":0,"comment_status":"closed","ping_status":"closed","template":"","meta":{"footnotes":""},"class_list":["post-1402","page","type-page","status-publish","hentry"],"yoast_head":"<!-- This site is optimized with the Yoast SEO plugin v23.8 - https:\/\/yoast.com\/wordpress\/plugins\/seo\/ -->\n<title>Suiriri - Secretaria de Meio Ambiente<\/title>\n<meta name=\"robots\" content=\"index, follow, max-snippet:-1, max-image-preview:large, max-video-preview:-1\" \/>\n<link rel=\"canonical\" href=\"https:\/\/www.pmpf.rs.gov.br\/secretaria-de-meio-ambiente\/suiriri\/\" \/>\n<meta property=\"og:locale\" content=\"pt_BR\" \/>\n<meta property=\"og:type\" content=\"article\" \/>\n<meta property=\"og:title\" content=\"Suiriri - Secretaria de Meio Ambiente\" \/>\n<meta property=\"og:description\" content=\"Nome Comum: SuiririNome cient\u00edfico: Tyrannus melancholicusFam\u00edlia: TyrannidaeEsp\u00e9cie migrat\u00f3ria que visita e utiliza o Banhado nas \u00e9pocas em queest\u00e1 pela regi\u00e3o\" \/>\n<meta property=\"og:url\" content=\"https:\/\/www.pmpf.rs.gov.br\/secretaria-de-meio-ambiente\/suiriri\/\" \/>\n<meta property=\"og:site_name\" content=\"Secretaria de Meio Ambiente\" \/>\n<meta property=\"article:modified_time\" content=\"2022-04-11T17:53:06+00:00\" \/>\n<meta property=\"og:image\" content=\"https:\/\/www.pmpf.rs.gov.br\/secretaria-de-meio-ambiente\/wp-content\/uploads\/sites\/48\/2022\/04\/download.jpg\" \/>\n<meta name=\"twitter:card\" content=\"summary_large_image\" \/>\n<script type=\"application\/ld+json\" class=\"yoast-schema-graph\">{\"@context\":\"https:\/\/schema.org\",\"@graph\":[{\"@type\":\"WebPage\",\"@id\":\"https:\/\/www.pmpf.rs.gov.br\/secretaria-de-meio-ambiente\/suiriri\/\",\"url\":\"https:\/\/www.pmpf.rs.gov.br\/secretaria-de-meio-ambiente\/suiriri\/\",\"name\":\"Suiriri - Secretaria de Meio Ambiente\",\"isPartOf\":{\"@id\":\"https:\/\/www.pmpf.rs.gov.br\/secretaria-de-meio-ambiente\/#website\"},\"primaryImageOfPage\":{\"@id\":\"https:\/\/www.pmpf.rs.gov.br\/secretaria-de-meio-ambiente\/suiriri\/#primaryimage\"},\"image\":{\"@id\":\"https:\/\/www.pmpf.rs.gov.br\/secretaria-de-meio-ambiente\/suiriri\/#primaryimage\"},\"thumbnailUrl\":\"https:\/\/www.pmpf.rs.gov.br\/secretaria-de-meio-ambiente\/wp-content\/uploads\/sites\/48\/2022\/04\/download.jpg\",\"datePublished\":\"2022-04-11T17:50:42+00:00\",\"dateModified\":\"2022-04-11T17:53:06+00:00\",\"inLanguage\":\"pt-BR\",\"potentialAction\":[{\"@type\":\"ReadAction\",\"target\":[\"https:\/\/www.pmpf.rs.gov.br\/secretaria-de-meio-ambiente\/suiriri\/\"]}]},{\"@type\":\"ImageObject\",\"inLanguage\":\"pt-BR\",\"@id\":\"https:\/\/www.pmpf.rs.gov.br\/secretaria-de-meio-ambiente\/suiriri\/#primaryimage\",\"url\":\"https:\/\/www.pmpf.rs.gov.br\/secretaria-de-meio-ambiente\/wp-content\/uploads\/sites\/48\/2022\/04\/download.jpg\",\"contentUrl\":\"https:\/\/www.pmpf.rs.gov.br\/secretaria-de-meio-ambiente\/wp-content\/uploads\/sites\/48\/2022\/04\/download.jpg\",\"width\":259,\"height\":194},{\"@type\":\"WebSite\",\"@id\":\"https:\/\/www.pmpf.rs.gov.br\/secretaria-de-meio-ambiente\/#website\",\"url\":\"https:\/\/www.pmpf.rs.gov.br\/secretaria-de-meio-ambiente\/\",\"name\":\"Secretaria de Meio Ambiente\",\"description\":\"S\u00f3 mais um site Prefeitura de Passo Fundo\",\"potentialAction\":[{\"@type\":\"SearchAction\",\"target\":{\"@type\":\"EntryPoint\",\"urlTemplate\":\"https:\/\/www.pmpf.rs.gov.br\/secretaria-de-meio-ambiente\/?s={search_term_string}\"},\"query-input\":{\"@type\":\"PropertyValueSpecification\",\"valueRequired\":true,\"valueName\":\"search_term_string\"}}],\"inLanguage\":\"pt-BR\"}]}<\/script>\n<!-- \/ Yoast SEO plugin. -->","yoast_head_json":{"title":"Suiriri - Secretaria de Meio Ambiente","robots":{"index":"index","follow":"follow","max-snippet":"max-snippet:-1","max-image-preview":"max-image-preview:large","max-video-preview":"max-video-preview:-1"},"canonical":"https:\/\/www.pmpf.rs.gov.br\/secretaria-de-meio-ambiente\/suiriri\/","og_locale":"pt_BR","og_type":"article","og_title":"Suiriri - Secretaria de Meio Ambiente","og_description":"Nome Comum: SuiririNome cient\u00edfico: Tyrannus melancholicusFam\u00edlia: TyrannidaeEsp\u00e9cie migrat\u00f3ria que visita e utiliza o Banhado nas \u00e9pocas em queest\u00e1 pela regi\u00e3o","og_url":"https:\/\/www.pmpf.rs.gov.br\/secretaria-de-meio-ambiente\/suiriri\/","og_site_name":"Secretaria de Meio Ambiente","article_modified_time":"2022-04-11T17:53:06+00:00","og_image":[{"url":"https:\/\/www.pmpf.rs.gov.br\/secretaria-de-meio-ambiente\/wp-content\/uploads\/sites\/48\/2022\/04\/download.jpg"}],"twitter_card":"summary_large_image","schema":{"@context":"https:\/\/schema.org","@graph":[{"@type":"WebPage","@id":"https:\/\/www.pmpf.rs.gov.br\/secretaria-de-meio-ambiente\/suiriri\/","url":"https:\/\/www.pmpf.rs.gov.br\/secretaria-de-meio-ambiente\/suiriri\/","name":"Suiriri - Secretaria de Meio Ambiente","isPartOf":{"@id":"https:\/\/www.pmpf.rs.gov.br\/secretaria-de-meio-ambiente\/#website"},"primaryImageOfPage":{"@id":"https:\/\/www.pmpf.rs.gov.br\/secretaria-de-meio-ambiente\/suiriri\/#primaryimage"},"image":{"@id":"https:\/\/www.pmpf.rs.gov.br\/secretaria-de-meio-ambiente\/suiriri\/#primaryimage"},"thumbnailUrl":"https:\/\/www.pmpf.rs.gov.br\/secretaria-de-meio-ambiente\/wp-content\/uploads\/sites\/48\/2022\/04\/download.jpg","datePublished":"2022-04-11T17:50:42+00:00","dateModified":"2022-04-11T17:53:06+00:00","inLanguage":"pt-BR","potentialAction":[{"@type":"ReadAction","target":["https:\/\/www.pmpf.rs.gov.br\/secretaria-de-meio-ambiente\/suiriri\/"]}]},{"@type":"ImageObject","inLanguage":"pt-BR","@id":"https:\/\/www.pmpf.rs.gov.br\/secretaria-de-meio-ambiente\/suiriri\/#primaryimage","url":"https:\/\/www.pmpf.rs.gov.br\/secretaria-de-meio-ambiente\/wp-content\/uploads\/sites\/48\/2022\/04\/download.jpg","contentUrl":"https:\/\/www.pmpf.rs.gov.br\/secretaria-de-meio-ambiente\/wp-content\/uploads\/sites\/48\/2022\/04\/download.jpg","width":259,"height":194},{"@type":"WebSite","@id":"https:\/\/www.pmpf.rs.gov.br\/secretaria-de-meio-ambiente\/#website","url":"https:\/\/www.pmpf.rs.gov.br\/secretaria-de-meio-ambiente\/","name":"Secretaria de Meio Ambiente","description":"S\u00f3 mais um site Prefeitura de Passo Fundo","potentialAction":[{"@type":"SearchAction","target":{"@type":"EntryPoint","urlTemplate":"https:\/\/www.pmpf.rs.gov.br\/secretaria-de-meio-ambiente\/?s={search_term_string}"},"query-input":{"@type":"PropertyValueSpecification","valueRequired":true,"valueName":"search_term_string"}}],"inLanguage":"pt-BR"}]}},"_links":{"self":[{"href":"https:\/\/www.pmpf.rs.gov.br\/secretaria-de-meio-ambiente\/wp-json\/wp\/v2\/pages\/1402"}],"collection":[{"href":"https:\/\/www.pmpf.rs.gov.br\/secretaria-de-meio-ambiente\/wp-json\/wp\/v2\/pages"}],"about":[{"href":"https:\/\/www.pmpf.rs.gov.br\/secretaria-de-meio-ambiente\/wp-json\/wp\/v2\/types\/page"}],"author":[{"embeddable":true,"href":"https:\/\/www.pmpf.rs.gov.br\/secretaria-de-meio-ambiente\/wp-json\/wp\/v2\/users\/18"}],"replies":[{"embeddable":true,"href":"https:\/\/www.pmpf.rs.gov.br\/secretaria-de-meio-ambiente\/wp-json\/wp\/v2\/comments?post=1402"}],"version-history":[{"count":3,"href":"https:\/\/www.pmpf.rs.gov.br\/secretaria-de-meio-ambiente\/wp-json\/wp\/v2\/pages\/1402\/revisions"}],"predecessor-version":[{"id":1409,"href":"https:\/\/www.pmpf.rs.gov.br\/secretaria-de-meio-ambiente\/wp-json\/wp\/v2\/pages\/1402\/revisions\/1409"}],"wp:attachment":[{"href":"https:\/\/www.pmpf.rs.gov.br\/secretaria-de-meio-ambiente\/wp-json\/wp\/v2\/media?parent=1402"}],"curies":[{"name":"wp","href":"https:\/\/api.w.org\/{rel}","templated":true}]}}

<div class="wp-block-image"><figure class="alignleft size-full is-resized"><img decoding="async" src="https://www.pmpf.rs.gov.br/secretaria-de-meio-ambiente/wp-content/uploads/sites/48/2022/04/download.jpg" alt="" class="wp-image-1408" width="292" /></figure></div>



<p><br>Nome Comum: <strong>Suiriri</strong><br>Nome científico: <strong>Tyrannus melancholicus</strong><br>Família: <strong>Tyrannidae</strong><br>Espécie migratória que visita e utiliza o Banhado nas épocas em que<br>está pela região</p>

<p>Nome Comum: SuiririNome científico: Tyrannus melancholicusFamília: TyrannidaeEspécie migratória que visita e utiliza o Banhado nas épocas em queestá pela região</p>

<!-- This site is optimized with the Yoast SEO plugin v23.8 - https://yoast.com/wordpress/plugins/seo/ -->
<title>Suiriri - Secretaria de Meio Ambiente</title>
<meta name="robots" content="index, follow, max-snippet:-1, max-image-preview:large, max-video-preview:-1" />
<link rel="canonical" href="https://www.pmpf.rs.gov.br/secretaria-de-meio-ambiente/suiriri/" />
<meta property="og:locale" content="pt_BR" />
<meta property="og:type" content="article" />
<meta property="og:title" content="Suiriri - Secretaria de Meio Ambiente" />
<meta property="og:description" content="Nome Comum: SuiririNome científico: Tyrannus melancholicusFamília: TyrannidaeEspécie migratória que visita e utiliza o Banhado nas épocas em queestá pela região" />
<meta property="og:url" content="https://www.pmpf.rs.gov.br/secretaria-de-meio-ambiente/suiriri/" />
<meta property="og:site_name" content="Secretaria de Meio Ambiente" />
<meta property="article:modified_time" content="2022-04-11T17:53:06+00:00" />
<meta property="og:image" content="https://www.pmpf.rs.gov.br/secretaria-de-meio-ambiente/wp-content/uploads/sites/48/2022/04/download.jpg" />
<meta name="twitter:card" content="summary_large_image" />
<script type="application/ld+json" class="yoast-schema-graph">{"@context":"https://schema.org","@graph":[{"@type":"WebPage","@id":"https://www.pmpf.rs.gov.br/secretaria-de-meio-ambiente/suiriri/","url":"https://www.pmpf.rs.gov.br/secretaria-de-meio-ambiente/suiriri/","name":"Suiriri - Secretaria de Meio Ambiente","isPartOf":{"@id":"https://www.pmpf.rs.gov.br/secretaria-de-meio-ambiente/#website"},"primaryImageOfPage":{"@id":"https://www.pmpf.rs.gov.br/secretaria-de-meio-ambiente/suiriri/#primaryimage"},"image":{"@id":"https://www.pmpf.rs.gov.br/secretaria-de-meio-ambiente/suiriri/#primaryimage"},"thumbnailUrl":"https://www.pmpf.rs.gov.br/secretaria-de-meio-ambiente/wp-content/uploads/sites/48/2022/04/download.jpg","datePublished":"2022-04-11T17:50:42+00:00","dateModified":"2022-04-11T17:53:06+00:00","inLanguage":"pt-BR","potentialAction":[{"@type":"ReadAction","target":["https://www.pmpf.rs.gov.br/secretaria-de-meio-ambiente/suiriri/"]}]},{"@type":"ImageObject","inLanguage":"pt-BR","@id":"https://www.pmpf.rs.gov.br/secretaria-de-meio-ambiente/suiriri/#primaryimage","url":"https://www.pmpf.rs.gov.br/secretaria-de-meio-ambiente/wp-content/uploads/sites/48/2022/04/download.jpg","contentUrl":"https://www.pmpf.rs.gov.br/secretaria-de-meio-ambiente/wp-content/uploads/sites/48/2022/04/download.jpg","width":259,"height":194},{"@type":"WebSite","@id":"https://www.pmpf.rs.gov.br/secretaria-de-meio-ambiente/#website","url":"https://www.pmpf.rs.gov.br/secretaria-de-meio-ambiente/","name":"Secretaria de Meio Ambiente","description":"Só mais um site Prefeitura de Passo Fundo","potentialAction":[{"@type":"SearchAction","target":{"@type":"EntryPoint","urlTemplate":"https://www.pmpf.rs.gov.br/secretaria-de-meio-ambiente/?s={search_term_string}"},"query-input":{"@type":"PropertyValueSpecification","valueRequired":true,"valueName":"search_term_string"}}],"inLanguage":"pt-BR"}]}</script>
<!-- / Yoast SEO plugin. -->

Nome Comum: SuiririNome científico: Tyrannus melancholicusFamília: TyrannidaeEspécie migratória que visita e utiliza o Banhado nas épocas em queestá pela região

Só mais um site Prefeitura de Passo Fundo
