{"id":5,"date":"2021-12-21T17:49:12","date_gmt":"2021-12-21T20:49:12","guid":{"rendered":"https:\/\/www.pmpf.rs.gov.br\/secretaria-de-habitacao\/?page_id=5"},"modified":"2022-01-24T14:36:12","modified_gmt":"2022-01-24T17:36:12","slug":"habitacao","status":"publish","type":"page","link":"https:\/\/www.pmpf.rs.gov.br\/secretaria-de-habitacao\/","title":{"rendered":"Inicial"},"content":{"rendered":"\n<h2 class=\"wp-block-heading\"><\/h2>\n\n\n\n<div class=\"wp-block-image\"><figure class=\"alignleft size-full is-resized\"><img loading=\"lazy\" decoding=\"async\" src=\"https:\/\/www.pmpf.rs.gov.br\/secretaria-de-habitacao\/wp-content\/uploads\/sites\/47\/2021\/12\/I2013-12-10_05_39_06_164470.jpg\" alt=\"\" class=\"wp-image-6\" width=\"271\" height=\"180\" srcset=\"https:\/\/www.pmpf.rs.gov.br\/secretaria-de-habitacao\/wp-content\/uploads\/sites\/47\/2021\/12\/I2013-12-10_05_39_06_164470.jpg 600w, https:\/\/www.pmpf.rs.gov.br\/secretaria-de-habitacao\/wp-content\/uploads\/sites\/47\/2021\/12\/I2013-12-10_05_39_06_164470-300x199.jpg 300w\" sizes=\"(max-width: 271px) 100vw, 271px\" \/><\/figure><\/div>\n\n\n\n<p>A Secretaria de Habita\u00e7\u00e3o \u00e9 o \u00f3rg\u00e3o encarregado de coordenar as atividades de assentamento, reassentamento e melhoramento das condi\u00e7\u00f5es de habita\u00e7\u00e3o de fam\u00edlias de baixa renda; constru\u00e7\u00e3o de moradias e melhorias de unidades habitacionais; produ\u00e7\u00e3o de lotes urbanizados; da urbaniza\u00e7\u00e3o de favelas e revitaliza\u00e7\u00e3o de \u00e1reas degradadas para uso habitacional; regulariza\u00e7\u00e3o fundi\u00e1ria; saneamento b\u00e1sico pertinente ao esgotamento sanit\u00e1rio; organiza\u00e7\u00e3o comunit\u00e1ria em programas habitacionais, al\u00e9m das compet\u00eancias pertinentes \u00e0 secretaria.<\/p>\n","protected":false},"excerpt":{"rendered":"<p>A Secretaria de Habita\u00e7\u00e3o \u00e9 o \u00f3rg\u00e3o encarregado de coordenar as atividades de assentamento, reassentamento e melhoramento das condi\u00e7\u00f5es de habita\u00e7\u00e3o de fam\u00edlias de baixa renda; constru\u00e7\u00e3o de moradias e melhorias de [&hellip;]<\/p>\n","protected":false},"author":1,"featured_media":432,"parent":0,"menu_order":0,"comment_status":"closed","ping_status":"closed","template":"page_secretaria_sem_sidebar.php","meta":{"footnotes":""},"class_list":["post-5","page","type-page","status-publish","has-post-thumbnail","hentry"],"yoast_head":"<!-- This site is optimized with the Yoast SEO plugin v23.8 - https:\/\/yoast.com\/wordpress\/plugins\/seo\/ -->\n<title>Inicial - Secretaria de Habita\u00e7\u00e3o<\/title>\n<meta name=\"robots\" content=\"index, follow, max-snippet:-1, max-image-preview:large, max-video-preview:-1\" \/>\n<link rel=\"canonical\" href=\"https:\/\/www.pmpf.rs.gov.br\/secretaria-de-habitacao\/\" \/>\n<meta property=\"og:locale\" content=\"pt_BR\" \/>\n<meta property=\"og:type\" content=\"article\" \/>\n<meta property=\"og:title\" content=\"Inicial - Secretaria de Habita\u00e7\u00e3o\" \/>\n<meta property=\"og:description\" content=\"A Secretaria de Habita\u00e7\u00e3o \u00e9 o \u00f3rg\u00e3o encarregado de coordenar as atividades de assentamento, reassentamento e melhoramento das condi\u00e7\u00f5es de habita\u00e7\u00e3o de fam\u00edlias de baixa renda; constru\u00e7\u00e3o de moradias e melhorias de [&hellip;]\" \/>\n<meta property=\"og:url\" content=\"https:\/\/www.pmpf.rs.gov.br\/secretaria-de-habitacao\/\" \/>\n<meta property=\"og:site_name\" content=\"Secretaria de Habita\u00e7\u00e3o\" \/>\n<meta property=\"article:modified_time\" content=\"2022-01-24T17:36:12+00:00\" \/>\n<meta name=\"twitter:card\" content=\"summary_large_image\" \/>\n<meta name=\"twitter:label1\" content=\"Est. tempo de leitura\" \/>\n\t<meta name=\"twitter:data1\" content=\"1 minuto\" \/>\n<script type=\"application\/ld+json\" class=\"yoast-schema-graph\">{\"@context\":\"https:\/\/schema.org\",\"@graph\":[{\"@type\":\"WebPage\",\"@id\":\"https:\/\/www.pmpf.rs.gov.br\/secretaria-de-habitacao\/\",\"url\":\"https:\/\/www.pmpf.rs.gov.br\/secretaria-de-habitacao\/\",\"name\":\"Inicial - Secretaria de Habita\u00e7\u00e3o\",\"isPartOf\":{\"@id\":\"https:\/\/www.pmpf.rs.gov.br\/secretaria-de-habitacao\/#website\"},\"primaryImageOfPage\":{\"@id\":\"https:\/\/www.pmpf.rs.gov.br\/secretaria-de-habitacao\/#primaryimage\"},\"image\":{\"@id\":\"https:\/\/www.pmpf.rs.gov.br\/secretaria-de-habitacao\/#primaryimage\"},\"thumbnailUrl\":\"https:\/\/www.pmpf.rs.gov.br\/secretaria-de-habitacao\/wp-content\/uploads\/sites\/47\/2021\/12\/icone-home.svg\",\"datePublished\":\"2021-12-21T20:49:12+00:00\",\"dateModified\":\"2022-01-24T17:36:12+00:00\",\"inLanguage\":\"pt-BR\",\"potentialAction\":[{\"@type\":\"ReadAction\",\"target\":[\"https:\/\/www.pmpf.rs.gov.br\/secretaria-de-habitacao\/\"]}]},{\"@type\":\"ImageObject\",\"inLanguage\":\"pt-BR\",\"@id\":\"https:\/\/www.pmpf.rs.gov.br\/secretaria-de-habitacao\/#primaryimage\",\"url\":\"https:\/\/www.pmpf.rs.gov.br\/secretaria-de-habitacao\/wp-content\/uploads\/sites\/47\/2021\/12\/icone-home.svg\",\"contentUrl\":\"https:\/\/www.pmpf.rs.gov.br\/secretaria-de-habitacao\/wp-content\/uploads\/sites\/47\/2021\/12\/icone-home.svg\",\"width\":280,\"height\":280},{\"@type\":\"WebSite\",\"@id\":\"https:\/\/www.pmpf.rs.gov.br\/secretaria-de-habitacao\/#website\",\"url\":\"https:\/\/www.pmpf.rs.gov.br\/secretaria-de-habitacao\/\",\"name\":\"Secretaria de Habita\u00e7\u00e3o\",\"description\":\"Prefeitura de Passo Fundo\",\"potentialAction\":[{\"@type\":\"SearchAction\",\"target\":{\"@type\":\"EntryPoint\",\"urlTemplate\":\"https:\/\/www.pmpf.rs.gov.br\/secretaria-de-habitacao\/?s={search_term_string}\"},\"query-input\":{\"@type\":\"PropertyValueSpecification\",\"valueRequired\":true,\"valueName\":\"search_term_string\"}}],\"inLanguage\":\"pt-BR\"}]}<\/script>\n<!-- \/ Yoast SEO plugin. -->","yoast_head_json":{"title":"Inicial - Secretaria de Habita\u00e7\u00e3o","robots":{"index":"index","follow":"follow","max-snippet":"max-snippet:-1","max-image-preview":"max-image-preview:large","max-video-preview":"max-video-preview:-1"},"canonical":"https:\/\/www.pmpf.rs.gov.br\/secretaria-de-habitacao\/","og_locale":"pt_BR","og_type":"article","og_title":"Inicial - Secretaria de Habita\u00e7\u00e3o","og_description":"A Secretaria de Habita\u00e7\u00e3o \u00e9 o \u00f3rg\u00e3o encarregado de coordenar as atividades de assentamento, reassentamento e melhoramento das condi\u00e7\u00f5es de habita\u00e7\u00e3o de fam\u00edlias de baixa renda; constru\u00e7\u00e3o de moradias e melhorias de [&hellip;]","og_url":"https:\/\/www.pmpf.rs.gov.br\/secretaria-de-habitacao\/","og_site_name":"Secretaria de Habita\u00e7\u00e3o","article_modified_time":"2022-01-24T17:36:12+00:00","twitter_card":"summary_large_image","twitter_misc":{"Est. tempo de leitura":"1 minuto"},"schema":{"@context":"https:\/\/schema.org","@graph":[{"@type":"WebPage","@id":"https:\/\/www.pmpf.rs.gov.br\/secretaria-de-habitacao\/","url":"https:\/\/www.pmpf.rs.gov.br\/secretaria-de-habitacao\/","name":"Inicial - Secretaria de Habita\u00e7\u00e3o","isPartOf":{"@id":"https:\/\/www.pmpf.rs.gov.br\/secretaria-de-habitacao\/#website"},"primaryImageOfPage":{"@id":"https:\/\/www.pmpf.rs.gov.br\/secretaria-de-habitacao\/#primaryimage"},"image":{"@id":"https:\/\/www.pmpf.rs.gov.br\/secretaria-de-habitacao\/#primaryimage"},"thumbnailUrl":"https:\/\/www.pmpf.rs.gov.br\/secretaria-de-habitacao\/wp-content\/uploads\/sites\/47\/2021\/12\/icone-home.svg","datePublished":"2021-12-21T20:49:12+00:00","dateModified":"2022-01-24T17:36:12+00:00","inLanguage":"pt-BR","potentialAction":[{"@type":"ReadAction","target":["https:\/\/www.pmpf.rs.gov.br\/secretaria-de-habitacao\/"]}]},{"@type":"ImageObject","inLanguage":"pt-BR","@id":"https:\/\/www.pmpf.rs.gov.br\/secretaria-de-habitacao\/#primaryimage","url":"https:\/\/www.pmpf.rs.gov.br\/secretaria-de-habitacao\/wp-content\/uploads\/sites\/47\/2021\/12\/icone-home.svg","contentUrl":"https:\/\/www.pmpf.rs.gov.br\/secretaria-de-habitacao\/wp-content\/uploads\/sites\/47\/2021\/12\/icone-home.svg","width":280,"height":280},{"@type":"WebSite","@id":"https:\/\/www.pmpf.rs.gov.br\/secretaria-de-habitacao\/#website","url":"https:\/\/www.pmpf.rs.gov.br\/secretaria-de-habitacao\/","name":"Secretaria de Habita\u00e7\u00e3o","description":"Prefeitura de Passo Fundo","potentialAction":[{"@type":"SearchAction","target":{"@type":"EntryPoint","urlTemplate":"https:\/\/www.pmpf.rs.gov.br\/secretaria-de-habitacao\/?s={search_term_string}"},"query-input":{"@type":"PropertyValueSpecification","valueRequired":true,"valueName":"search_term_string"}}],"inLanguage":"pt-BR"}]}},"_links":{"self":[{"href":"https:\/\/www.pmpf.rs.gov.br\/secretaria-de-habitacao\/wp-json\/wp\/v2\/pages\/5"}],"collection":[{"href":"https:\/\/www.pmpf.rs.gov.br\/secretaria-de-habitacao\/wp-json\/wp\/v2\/pages"}],"about":[{"href":"https:\/\/www.pmpf.rs.gov.br\/secretaria-de-habitacao\/wp-json\/wp\/v2\/types\/page"}],"author":[{"embeddable":true,"href":"https:\/\/www.pmpf.rs.gov.br\/secretaria-de-habitacao\/wp-json\/wp\/v2\/users\/1"}],"replies":[{"embeddable":true,"href":"https:\/\/www.pmpf.rs.gov.br\/secretaria-de-habitacao\/wp-json\/wp\/v2\/comments?post=5"}],"version-history":[{"count":7,"href":"https:\/\/www.pmpf.rs.gov.br\/secretaria-de-habitacao\/wp-json\/wp\/v2\/pages\/5\/revisions"}],"predecessor-version":[{"id":443,"href":"https:\/\/www.pmpf.rs.gov.br\/secretaria-de-habitacao\/wp-json\/wp\/v2\/pages\/5\/revisions\/443"}],"wp:featuredmedia":[{"embeddable":true,"href":"https:\/\/www.pmpf.rs.gov.br\/secretaria-de-habitacao\/wp-json\/wp\/v2\/media\/432"}],"wp:attachment":[{"href":"https:\/\/www.pmpf.rs.gov.br\/secretaria-de-habitacao\/wp-json\/wp\/v2\/media?parent=5"}],"curies":[{"name":"wp","href":"https:\/\/api.w.org\/{rel}","templated":true}]}}

<h2 class="wp-block-heading"></h2>



<div class="wp-block-image"><figure class="alignleft size-full is-resized"><img loading="lazy" decoding="async" src="https://www.pmpf.rs.gov.br/secretaria-de-habitacao/wp-content/uploads/sites/47/2021/12/I2013-12-10_05_39_06_164470.jpg" alt="" class="wp-image-6" width="271" height="180" srcset="https://www.pmpf.rs.gov.br/secretaria-de-habitacao/wp-content/uploads/sites/47/2021/12/I2013-12-10_05_39_06_164470.jpg 600w, https://www.pmpf.rs.gov.br/secretaria-de-habitacao/wp-content/uploads/sites/47/2021/12/I2013-12-10_05_39_06_164470-300x199.jpg 300w" sizes="(max-width: 271px) 100vw, 271px" /></figure></div>



<p>A Secretaria de Habitação é o órgão encarregado de coordenar as atividades de assentamento, reassentamento e melhoramento das condições de habitação de famílias de baixa renda; construção de moradias e melhorias de unidades habitacionais; produção de lotes urbanizados; da urbanização de favelas e revitalização de áreas degradadas para uso habitacional; regularização fundiária; saneamento básico pertinente ao esgotamento sanitário; organização comunitária em programas habitacionais, além das competências pertinentes à secretaria.</p>

<p>A Secretaria de Habitação é o órgão encarregado de coordenar as atividades de assentamento, reassentamento e melhoramento das condições de habitação de famílias de baixa renda; construção de moradias e melhorias de [&hellip;]</p>

<!-- This site is optimized with the Yoast SEO plugin v23.8 - https://yoast.com/wordpress/plugins/seo/ -->
<title>Inicial - Secretaria de Habitação</title>
<meta name="robots" content="index, follow, max-snippet:-1, max-image-preview:large, max-video-preview:-1" />
<link rel="canonical" href="https://www.pmpf.rs.gov.br/secretaria-de-habitacao/" />
<meta property="og:locale" content="pt_BR" />
<meta property="og:type" content="article" />
<meta property="og:title" content="Inicial - Secretaria de Habitação" />
<meta property="og:description" content="A Secretaria de Habitação é o órgão encarregado de coordenar as atividades de assentamento, reassentamento e melhoramento das condições de habitação de famílias de baixa renda; construção de moradias e melhorias de [&hellip;]" />
<meta property="og:url" content="https://www.pmpf.rs.gov.br/secretaria-de-habitacao/" />
<meta property="og:site_name" content="Secretaria de Habitação" />
<meta property="article:modified_time" content="2022-01-24T17:36:12+00:00" />
<meta name="twitter:card" content="summary_large_image" />
<meta name="twitter:label1" content="Est. tempo de leitura" />
	<meta name="twitter:data1" content="1 minuto" />
<script type="application/ld+json" class="yoast-schema-graph">{"@context":"https://schema.org","@graph":[{"@type":"WebPage","@id":"https://www.pmpf.rs.gov.br/secretaria-de-habitacao/","url":"https://www.pmpf.rs.gov.br/secretaria-de-habitacao/","name":"Inicial - Secretaria de Habitação","isPartOf":{"@id":"https://www.pmpf.rs.gov.br/secretaria-de-habitacao/#website"},"primaryImageOfPage":{"@id":"https://www.pmpf.rs.gov.br/secretaria-de-habitacao/#primaryimage"},"image":{"@id":"https://www.pmpf.rs.gov.br/secretaria-de-habitacao/#primaryimage"},"thumbnailUrl":"https://www.pmpf.rs.gov.br/secretaria-de-habitacao/wp-content/uploads/sites/47/2021/12/icone-home.svg","datePublished":"2021-12-21T20:49:12+00:00","dateModified":"2022-01-24T17:36:12+00:00","inLanguage":"pt-BR","potentialAction":[{"@type":"ReadAction","target":["https://www.pmpf.rs.gov.br/secretaria-de-habitacao/"]}]},{"@type":"ImageObject","inLanguage":"pt-BR","@id":"https://www.pmpf.rs.gov.br/secretaria-de-habitacao/#primaryimage","url":"https://www.pmpf.rs.gov.br/secretaria-de-habitacao/wp-content/uploads/sites/47/2021/12/icone-home.svg","contentUrl":"https://www.pmpf.rs.gov.br/secretaria-de-habitacao/wp-content/uploads/sites/47/2021/12/icone-home.svg","width":280,"height":280},{"@type":"WebSite","@id":"https://www.pmpf.rs.gov.br/secretaria-de-habitacao/#website","url":"https://www.pmpf.rs.gov.br/secretaria-de-habitacao/","name":"Secretaria de Habitação","description":"Prefeitura de Passo Fundo","potentialAction":[{"@type":"SearchAction","target":{"@type":"EntryPoint","urlTemplate":"https://www.pmpf.rs.gov.br/secretaria-de-habitacao/?s={search_term_string}"},"query-input":{"@type":"PropertyValueSpecification","valueRequired":true,"valueName":"search_term_string"}}],"inLanguage":"pt-BR"}]}</script>
<!-- / Yoast SEO plugin. -->

Inicial - Secretaria de Habitação

A Secretaria de Habitação é o órgão encarregado de coordenar as atividades de assentamento, reassentamento e melhoramento das condições de habitação de famílias de baixa renda; construção de moradias e melhorias de [&hellip;]

Secretaria de Habitação
