{"id":18,"date":"2021-12-21T18:07:03","date_gmt":"2021-12-21T21:07:03","guid":{"rendered":"https:\/\/www.pmpf.rs.gov.br\/secretaria-de-habitacao\/?page_id=18"},"modified":"2022-02-10T11:11:27","modified_gmt":"2022-02-10T14:11:27","slug":"estrutura","status":"publish","type":"page","link":"https:\/\/www.pmpf.rs.gov.br\/secretaria-de-habitacao\/estrutura\/","title":{"rendered":"Estrutura Administrativa"},"content":{"rendered":"\n<h2 class=\"wp-block-heading\"><\/h2>\n\n\n\n<p><strong>Coordenadoria de Administra\u00e7\u00e3o e Planejamento<\/strong><\/p>\n\n\n\n<p>\u00c9 o \u00f3rg\u00e3o respons\u00e1vel pelo controle de frequ\u00eancia (assiduidade e pontualidade) dos servidores com a elabora\u00e7\u00e3o da efetividade mensal; elabora\u00e7\u00e3o do registro e acompanhamento de f\u00e9rias, licen\u00e7as e outras situa\u00e7\u00f5es funcionais; recebimento, controle interno e expedi\u00e7\u00e3o dos processos internos e administrativos; elabora\u00e7\u00e3o de requisi\u00e7\u00f5es de materiais, servi\u00e7os, equipamentos e o consequente empenho com documento fiscal respectivo anexo, bem como o registro de entrada de materiais e equipamentos adquiridos para controle da demanda e conserva\u00e7\u00e3o dos mesmos; apoio administrativo \u00e0s demais coordenadorias e n\u00facleos da Secretaria; controle da efici\u00eancia e efic\u00e1cia de todos os \u00f3rg\u00e3os da Secretaria, como tamb\u00e9m de todos os processos e procedimentos administrativos; controle da execu\u00e7\u00e3o or\u00e7ament\u00e1ria da Secretaria; correspond\u00eancia oficial e demais servi\u00e7os da Secretaria.<\/p>\n\n\n\n<p><strong>Coordenadoria de Habita\u00e7\u00e3o Popular<\/strong><\/p>\n\n\n\n<p>\u00c9 o \u00f3rg\u00e3o respons\u00e1vel por identificar as \u00e1reas degradadas e de risco para moradia; coordenar as atividades de assentamento e reassentamento; melhorias nas condi\u00e7\u00f5es de habita\u00e7\u00e3o; cria\u00e7\u00e3o de loteamentos e projetos habitacionais, constru\u00e7\u00e3o de moradias; produ\u00e7\u00e3o de lotes urbanizados; revitaliza\u00e7\u00e3o de \u00e1reas degradadas para o uso habitacional; regulariza\u00e7\u00e3o fundi\u00e1ria; propor pol\u00edticas de aplica\u00e7\u00e3o de recursos do Fundo Municipal de Habita\u00e7\u00e3o e Bem Estar Social; propor e firmar conv\u00eanios com o Governo Federal e ou Estadual; controlar e distribuir os materiais de constru\u00e7\u00e3o para fam\u00edlias socialmente vulner\u00e1veis; realizar levantamento planim\u00e9trico e planialtim\u00e9trico das \u00e1reas dispon\u00edveis para novos projetos habitacionais; orientar e auxiliar os respectivos n\u00facleos na execu\u00e7\u00e3o das compet\u00eancias atribu\u00eddas.<\/p>\n\n\n\n<p>Estrutura da Coordenadoria<br>a) N\u00facleo de Constru\u00e7\u00e3o Civil<br>b) N\u00facleo de Projetos Habitacionais<br>c) N\u00facleo de Saneamento B\u00e1sico<\/p>\n\n\n\n<p><strong>Coordenadoria de Diagn\u00f3stico Habitacional<\/strong><\/p>\n\n\n\n<p>\u00c9 o \u00f3rg\u00e3o respons\u00e1vel por cadastrar e fazer levantamento socioecon\u00f4mico das pessoas que n\u00e3o possuem moradia para inser\u00e7\u00e3o nos programas habitacionais adequados; realizar o levantamento, e deix\u00e1-lo permanentemente atualizado, do deficit habitacional no munic\u00edpio; estabelecer a interface com o Conselho Municipal da Habita\u00e7\u00e3o e Bem Estar Social, Associa\u00e7\u00f5es de Moradores, Cooperativas Habitacionais e demais entidades afins; quest\u00f5es pertinentes ao servi\u00e7o social; elabora\u00e7\u00e3o, coordena\u00e7\u00e3o, operacionaliza\u00e7\u00e3o, monitoramento e avalia\u00e7\u00e3o t\u00e9cnica dos projetos sociais relacionados aos programas habitacionais.<\/p>\n\n\n\n<hr class=\"wp-block-separator\"\/>\n","protected":false},"excerpt":{"rendered":"<p>Coordenadoria de Administra\u00e7\u00e3o e Planejamento \u00c9 o \u00f3rg\u00e3o respons\u00e1vel pelo controle de frequ\u00eancia (assiduidade e pontualidade) dos servidores com a elabora\u00e7\u00e3o da efetividade mensal; elabora\u00e7\u00e3o do registro e acompanhamento de f\u00e9rias, licen\u00e7as [&hellip;]<\/p>\n","protected":false},"author":1,"featured_media":0,"parent":0,"menu_order":0,"comment_status":"closed","ping_status":"closed","template":"","meta":{"footnotes":""},"class_list":["post-18","page","type-page","status-publish","hentry"],"yoast_head":"<!-- This site is optimized with the Yoast SEO plugin v23.8 - https:\/\/yoast.com\/wordpress\/plugins\/seo\/ -->\n<title>Estrutura Administrativa - Secretaria de Habita\u00e7\u00e3o<\/title>\n<meta name=\"robots\" content=\"index, follow, max-snippet:-1, max-image-preview:large, max-video-preview:-1\" \/>\n<link rel=\"canonical\" href=\"https:\/\/www.pmpf.rs.gov.br\/secretaria-de-habitacao\/estrutura\/\" \/>\n<meta property=\"og:locale\" content=\"pt_BR\" \/>\n<meta property=\"og:type\" content=\"article\" \/>\n<meta property=\"og:title\" content=\"Estrutura Administrativa - Secretaria de Habita\u00e7\u00e3o\" \/>\n<meta property=\"og:description\" content=\"Coordenadoria de Administra\u00e7\u00e3o e Planejamento \u00c9 o \u00f3rg\u00e3o respons\u00e1vel pelo controle de frequ\u00eancia (assiduidade e pontualidade) dos servidores com a elabora\u00e7\u00e3o da efetividade mensal; elabora\u00e7\u00e3o do registro e acompanhamento de f\u00e9rias, licen\u00e7as [&hellip;]\" \/>\n<meta property=\"og:url\" content=\"https:\/\/www.pmpf.rs.gov.br\/secretaria-de-habitacao\/estrutura\/\" \/>\n<meta property=\"og:site_name\" content=\"Secretaria de Habita\u00e7\u00e3o\" \/>\n<meta property=\"article:modified_time\" content=\"2022-02-10T14:11:27+00:00\" \/>\n<meta name=\"twitter:card\" content=\"summary_large_image\" \/>\n<meta name=\"twitter:label1\" content=\"Est. tempo de leitura\" \/>\n\t<meta name=\"twitter:data1\" content=\"2 minutos\" \/>\n<script type=\"application\/ld+json\" class=\"yoast-schema-graph\">{\"@context\":\"https:\/\/schema.org\",\"@graph\":[{\"@type\":\"WebPage\",\"@id\":\"https:\/\/www.pmpf.rs.gov.br\/secretaria-de-habitacao\/estrutura\/\",\"url\":\"https:\/\/www.pmpf.rs.gov.br\/secretaria-de-habitacao\/estrutura\/\",\"name\":\"Estrutura Administrativa - Secretaria de Habita\u00e7\u00e3o\",\"isPartOf\":{\"@id\":\"https:\/\/www.pmpf.rs.gov.br\/secretaria-de-habitacao\/#website\"},\"datePublished\":\"2021-12-21T21:07:03+00:00\",\"dateModified\":\"2022-02-10T14:11:27+00:00\",\"inLanguage\":\"pt-BR\",\"potentialAction\":[{\"@type\":\"ReadAction\",\"target\":[\"https:\/\/www.pmpf.rs.gov.br\/secretaria-de-habitacao\/estrutura\/\"]}]},{\"@type\":\"WebSite\",\"@id\":\"https:\/\/www.pmpf.rs.gov.br\/secretaria-de-habitacao\/#website\",\"url\":\"https:\/\/www.pmpf.rs.gov.br\/secretaria-de-habitacao\/\",\"name\":\"Secretaria de Habita\u00e7\u00e3o\",\"description\":\"Prefeitura de Passo Fundo\",\"potentialAction\":[{\"@type\":\"SearchAction\",\"target\":{\"@type\":\"EntryPoint\",\"urlTemplate\":\"https:\/\/www.pmpf.rs.gov.br\/secretaria-de-habitacao\/?s={search_term_string}\"},\"query-input\":{\"@type\":\"PropertyValueSpecification\",\"valueRequired\":true,\"valueName\":\"search_term_string\"}}],\"inLanguage\":\"pt-BR\"}]}<\/script>\n<!-- \/ Yoast SEO plugin. -->","yoast_head_json":{"title":"Estrutura Administrativa - Secretaria de Habita\u00e7\u00e3o","robots":{"index":"index","follow":"follow","max-snippet":"max-snippet:-1","max-image-preview":"max-image-preview:large","max-video-preview":"max-video-preview:-1"},"canonical":"https:\/\/www.pmpf.rs.gov.br\/secretaria-de-habitacao\/estrutura\/","og_locale":"pt_BR","og_type":"article","og_title":"Estrutura Administrativa - Secretaria de Habita\u00e7\u00e3o","og_description":"Coordenadoria de Administra\u00e7\u00e3o e Planejamento \u00c9 o \u00f3rg\u00e3o respons\u00e1vel pelo controle de frequ\u00eancia (assiduidade e pontualidade) dos servidores com a elabora\u00e7\u00e3o da efetividade mensal; elabora\u00e7\u00e3o do registro e acompanhamento de f\u00e9rias, licen\u00e7as [&hellip;]","og_url":"https:\/\/www.pmpf.rs.gov.br\/secretaria-de-habitacao\/estrutura\/","og_site_name":"Secretaria de Habita\u00e7\u00e3o","article_modified_time":"2022-02-10T14:11:27+00:00","twitter_card":"summary_large_image","twitter_misc":{"Est. tempo de leitura":"2 minutos"},"schema":{"@context":"https:\/\/schema.org","@graph":[{"@type":"WebPage","@id":"https:\/\/www.pmpf.rs.gov.br\/secretaria-de-habitacao\/estrutura\/","url":"https:\/\/www.pmpf.rs.gov.br\/secretaria-de-habitacao\/estrutura\/","name":"Estrutura Administrativa - Secretaria de Habita\u00e7\u00e3o","isPartOf":{"@id":"https:\/\/www.pmpf.rs.gov.br\/secretaria-de-habitacao\/#website"},"datePublished":"2021-12-21T21:07:03+00:00","dateModified":"2022-02-10T14:11:27+00:00","inLanguage":"pt-BR","potentialAction":[{"@type":"ReadAction","target":["https:\/\/www.pmpf.rs.gov.br\/secretaria-de-habitacao\/estrutura\/"]}]},{"@type":"WebSite","@id":"https:\/\/www.pmpf.rs.gov.br\/secretaria-de-habitacao\/#website","url":"https:\/\/www.pmpf.rs.gov.br\/secretaria-de-habitacao\/","name":"Secretaria de Habita\u00e7\u00e3o","description":"Prefeitura de Passo Fundo","potentialAction":[{"@type":"SearchAction","target":{"@type":"EntryPoint","urlTemplate":"https:\/\/www.pmpf.rs.gov.br\/secretaria-de-habitacao\/?s={search_term_string}"},"query-input":{"@type":"PropertyValueSpecification","valueRequired":true,"valueName":"search_term_string"}}],"inLanguage":"pt-BR"}]}},"_links":{"self":[{"href":"https:\/\/www.pmpf.rs.gov.br\/secretaria-de-habitacao\/wp-json\/wp\/v2\/pages\/18"}],"collection":[{"href":"https:\/\/www.pmpf.rs.gov.br\/secretaria-de-habitacao\/wp-json\/wp\/v2\/pages"}],"about":[{"href":"https:\/\/www.pmpf.rs.gov.br\/secretaria-de-habitacao\/wp-json\/wp\/v2\/types\/page"}],"author":[{"embeddable":true,"href":"https:\/\/www.pmpf.rs.gov.br\/secretaria-de-habitacao\/wp-json\/wp\/v2\/users\/1"}],"replies":[{"embeddable":true,"href":"https:\/\/www.pmpf.rs.gov.br\/secretaria-de-habitacao\/wp-json\/wp\/v2\/comments?post=18"}],"version-history":[{"count":3,"href":"https:\/\/www.pmpf.rs.gov.br\/secretaria-de-habitacao\/wp-json\/wp\/v2\/pages\/18\/revisions"}],"predecessor-version":[{"id":446,"href":"https:\/\/www.pmpf.rs.gov.br\/secretaria-de-habitacao\/wp-json\/wp\/v2\/pages\/18\/revisions\/446"}],"wp:attachment":[{"href":"https:\/\/www.pmpf.rs.gov.br\/secretaria-de-habitacao\/wp-json\/wp\/v2\/media?parent=18"}],"curies":[{"name":"wp","href":"https:\/\/api.w.org\/{rel}","templated":true}]}}

<h2 class="wp-block-heading"></h2>



<p><strong>Coordenadoria de Administração e Planejamento</strong></p>



<p>É o órgão responsável pelo controle de frequência (assiduidade e pontualidade) dos servidores com a elaboração da efetividade mensal; elaboração do registro e acompanhamento de férias, licenças e outras situações funcionais; recebimento, controle interno e expedição dos processos internos e administrativos; elaboração de requisições de materiais, serviços, equipamentos e o consequente empenho com documento fiscal respectivo anexo, bem como o registro de entrada de materiais e equipamentos adquiridos para controle da demanda e conservação dos mesmos; apoio administrativo às demais coordenadorias e núcleos da Secretaria; controle da eficiência e eficácia de todos os órgãos da Secretaria, como também de todos os processos e procedimentos administrativos; controle da execução orçamentária da Secretaria; correspondência oficial e demais serviços da Secretaria.</p>



<p><strong>Coordenadoria de Habitação Popular</strong></p>



<p>É o órgão responsável por identificar as áreas degradadas e de risco para moradia; coordenar as atividades de assentamento e reassentamento; melhorias nas condições de habitação; criação de loteamentos e projetos habitacionais, construção de moradias; produção de lotes urbanizados; revitalização de áreas degradadas para o uso habitacional; regularização fundiária; propor políticas de aplicação de recursos do Fundo Municipal de Habitação e Bem Estar Social; propor e firmar convênios com o Governo Federal e ou Estadual; controlar e distribuir os materiais de construção para famílias socialmente vulneráveis; realizar levantamento planimétrico e planialtimétrico das áreas disponíveis para novos projetos habitacionais; orientar e auxiliar os respectivos núcleos na execução das competências atribuídas.</p>



<p>Estrutura da Coordenadoria<br>a) Núcleo de Construção Civil<br>b) Núcleo de Projetos Habitacionais<br>c) Núcleo de Saneamento Básico</p>



<p><strong>Coordenadoria de Diagnóstico Habitacional</strong></p>



<p>É o órgão responsável por cadastrar e fazer levantamento socioeconômico das pessoas que não possuem moradia para inserção nos programas habitacionais adequados; realizar o levantamento, e deixá-lo permanentemente atualizado, do deficit habitacional no município; estabelecer a interface com o Conselho Municipal da Habitação e Bem Estar Social, Associações de Moradores, Cooperativas Habitacionais e demais entidades afins; questões pertinentes ao serviço social; elaboração, coordenação, operacionalização, monitoramento e avaliação técnica dos projetos sociais relacionados aos programas habitacionais.</p>



<hr class="wp-block-separator"/>

<p>Coordenadoria de Administração e Planejamento É o órgão responsável pelo controle de frequência (assiduidade e pontualidade) dos servidores com a elaboração da efetividade mensal; elaboração do registro e acompanhamento de férias, licenças [&hellip;]</p>

<!-- This site is optimized with the Yoast SEO plugin v23.8 - https://yoast.com/wordpress/plugins/seo/ -->
<title>Estrutura Administrativa - Secretaria de Habitação</title>
<meta name="robots" content="index, follow, max-snippet:-1, max-image-preview:large, max-video-preview:-1" />
<link rel="canonical" href="https://www.pmpf.rs.gov.br/secretaria-de-habitacao/estrutura/" />
<meta property="og:locale" content="pt_BR" />
<meta property="og:type" content="article" />
<meta property="og:title" content="Estrutura Administrativa - Secretaria de Habitação" />
<meta property="og:description" content="Coordenadoria de Administração e Planejamento É o órgão responsável pelo controle de frequência (assiduidade e pontualidade) dos servidores com a elaboração da efetividade mensal; elaboração do registro e acompanhamento de férias, licenças [&hellip;]" />
<meta property="og:url" content="https://www.pmpf.rs.gov.br/secretaria-de-habitacao/estrutura/" />
<meta property="og:site_name" content="Secretaria de Habitação" />
<meta property="article:modified_time" content="2022-02-10T14:11:27+00:00" />
<meta name="twitter:card" content="summary_large_image" />
<meta name="twitter:label1" content="Est. tempo de leitura" />
	<meta name="twitter:data1" content="2 minutos" />
<script type="application/ld+json" class="yoast-schema-graph">{"@context":"https://schema.org","@graph":[{"@type":"WebPage","@id":"https://www.pmpf.rs.gov.br/secretaria-de-habitacao/estrutura/","url":"https://www.pmpf.rs.gov.br/secretaria-de-habitacao/estrutura/","name":"Estrutura Administrativa - Secretaria de Habitação","isPartOf":{"@id":"https://www.pmpf.rs.gov.br/secretaria-de-habitacao/#website"},"datePublished":"2021-12-21T21:07:03+00:00","dateModified":"2022-02-10T14:11:27+00:00","inLanguage":"pt-BR","potentialAction":[{"@type":"ReadAction","target":["https://www.pmpf.rs.gov.br/secretaria-de-habitacao/estrutura/"]}]},{"@type":"WebSite","@id":"https://www.pmpf.rs.gov.br/secretaria-de-habitacao/#website","url":"https://www.pmpf.rs.gov.br/secretaria-de-habitacao/","name":"Secretaria de Habitação","description":"Prefeitura de Passo Fundo","potentialAction":[{"@type":"SearchAction","target":{"@type":"EntryPoint","urlTemplate":"https://www.pmpf.rs.gov.br/secretaria-de-habitacao/?s={search_term_string}"},"query-input":{"@type":"PropertyValueSpecification","valueRequired":true,"valueName":"search_term_string"}}],"inLanguage":"pt-BR"}]}</script>
<!-- / Yoast SEO plugin. -->

Estrutura Administrativa - Secretaria de Habitação

Coordenadoria de Administração e Planejamento É o órgão responsável pelo controle de frequência (assiduidade e pontualidade) dos servidores com a elaboração da efetividade mensal; elaboração do registro e acompanhamento de férias, licenças [&hellip;]

Secretaria de Habitação
