{"id":15,"date":"2021-12-21T18:06:08","date_gmt":"2021-12-21T21:06:08","guid":{"rendered":"https:\/\/www.pmpf.rs.gov.br\/secretaria-de-habitacao\/?page_id=15"},"modified":"2025-04-25T14:29:01","modified_gmt":"2025-04-25T17:29:01","slug":"conheca-o-secretario","status":"publish","type":"page","link":"https:\/\/www.pmpf.rs.gov.br\/secretaria-de-habitacao\/conheca-o-secretario\/","title":{"rendered":"Conhe\u00e7a o Secret\u00e1rio"},"content":{"rendered":"\n<h2 class=\"wp-block-heading\" id=\"gestao-2021-2024-paulo-cesar-caletti\">Fernando M\u00fcller Pires<\/h2>\n\n\n\n<p><br>\u00c9 natural de Palmeira das Miss\u00f5es, formado em Gest\u00e3o P\u00fablica pela Faculdade IMED\/Atitus, e possui especializa\u00e7\u00f5es em \u00e1reas como Gest\u00e3o de Projetos e Direito. Ele traz uma vasta experi\u00eancia na administra\u00e7\u00e3o p\u00fablica e j\u00e1 ocupou cargos de lideran\u00e7a como Diretor Operacional e Presidente da Codepas.<\/p>\n\n\n\n<hr class=\"wp-block-separator has-alpha-channel-opacity\"\/>\n","protected":false},"excerpt":{"rendered":"<p>Fernando M\u00fcller Pires \u00c9 natural de Palmeira das Miss\u00f5es, formado em Gest\u00e3o P\u00fablica pela Faculdade IMED\/Atitus, e possui especializa\u00e7\u00f5es em \u00e1reas como Gest\u00e3o de Projetos e Direito. Ele traz uma vasta experi\u00eancia [&hellip;]<\/p>\n","protected":false},"author":1,"featured_media":0,"parent":0,"menu_order":0,"comment_status":"closed","ping_status":"closed","template":"","meta":{"footnotes":""},"class_list":["post-15","page","type-page","status-publish","hentry"],"yoast_head":"<!-- This site is optimized with the Yoast SEO plugin v23.8 - https:\/\/yoast.com\/wordpress\/plugins\/seo\/ -->\n<title>Conhe\u00e7a o Secret\u00e1rio - Secretaria de Habita\u00e7\u00e3o<\/title>\n<meta name=\"robots\" content=\"index, follow, max-snippet:-1, max-image-preview:large, max-video-preview:-1\" \/>\n<link rel=\"canonical\" href=\"https:\/\/www.pmpf.rs.gov.br\/secretaria-de-habitacao\/conheca-o-secretario\/\" \/>\n<meta property=\"og:locale\" content=\"pt_BR\" \/>\n<meta property=\"og:type\" content=\"article\" \/>\n<meta property=\"og:title\" content=\"Conhe\u00e7a o Secret\u00e1rio - Secretaria de Habita\u00e7\u00e3o\" \/>\n<meta property=\"og:description\" content=\"Fernando M\u00fcller Pires \u00c9 natural de Palmeira das Miss\u00f5es, formado em Gest\u00e3o P\u00fablica pela Faculdade IMED\/Atitus, e possui especializa\u00e7\u00f5es em \u00e1reas como Gest\u00e3o de Projetos e Direito. Ele traz uma vasta experi\u00eancia [&hellip;]\" \/>\n<meta property=\"og:url\" content=\"https:\/\/www.pmpf.rs.gov.br\/secretaria-de-habitacao\/conheca-o-secretario\/\" \/>\n<meta property=\"og:site_name\" content=\"Secretaria de Habita\u00e7\u00e3o\" \/>\n<meta property=\"article:modified_time\" content=\"2025-04-25T17:29:01+00:00\" \/>\n<meta name=\"twitter:card\" content=\"summary_large_image\" \/>\n<meta name=\"twitter:label1\" content=\"Est. tempo de leitura\" \/>\n\t<meta name=\"twitter:data1\" content=\"1 minuto\" \/>\n<script type=\"application\/ld+json\" class=\"yoast-schema-graph\">{\"@context\":\"https:\/\/schema.org\",\"@graph\":[{\"@type\":\"WebPage\",\"@id\":\"https:\/\/www.pmpf.rs.gov.br\/secretaria-de-habitacao\/conheca-o-secretario\/\",\"url\":\"https:\/\/www.pmpf.rs.gov.br\/secretaria-de-habitacao\/conheca-o-secretario\/\",\"name\":\"Conhe\u00e7a o Secret\u00e1rio - Secretaria de Habita\u00e7\u00e3o\",\"isPartOf\":{\"@id\":\"https:\/\/www.pmpf.rs.gov.br\/secretaria-de-habitacao\/#website\"},\"datePublished\":\"2021-12-21T21:06:08+00:00\",\"dateModified\":\"2025-04-25T17:29:01+00:00\",\"inLanguage\":\"pt-BR\",\"potentialAction\":[{\"@type\":\"ReadAction\",\"target\":[\"https:\/\/www.pmpf.rs.gov.br\/secretaria-de-habitacao\/conheca-o-secretario\/\"]}]},{\"@type\":\"WebSite\",\"@id\":\"https:\/\/www.pmpf.rs.gov.br\/secretaria-de-habitacao\/#website\",\"url\":\"https:\/\/www.pmpf.rs.gov.br\/secretaria-de-habitacao\/\",\"name\":\"Secretaria de Habita\u00e7\u00e3o\",\"description\":\"Prefeitura de Passo Fundo\",\"potentialAction\":[{\"@type\":\"SearchAction\",\"target\":{\"@type\":\"EntryPoint\",\"urlTemplate\":\"https:\/\/www.pmpf.rs.gov.br\/secretaria-de-habitacao\/?s={search_term_string}\"},\"query-input\":{\"@type\":\"PropertyValueSpecification\",\"valueRequired\":true,\"valueName\":\"search_term_string\"}}],\"inLanguage\":\"pt-BR\"}]}<\/script>\n<!-- \/ Yoast SEO plugin. -->","yoast_head_json":{"title":"Conhe\u00e7a o Secret\u00e1rio - Secretaria de Habita\u00e7\u00e3o","robots":{"index":"index","follow":"follow","max-snippet":"max-snippet:-1","max-image-preview":"max-image-preview:large","max-video-preview":"max-video-preview:-1"},"canonical":"https:\/\/www.pmpf.rs.gov.br\/secretaria-de-habitacao\/conheca-o-secretario\/","og_locale":"pt_BR","og_type":"article","og_title":"Conhe\u00e7a o Secret\u00e1rio - Secretaria de Habita\u00e7\u00e3o","og_description":"Fernando M\u00fcller Pires \u00c9 natural de Palmeira das Miss\u00f5es, formado em Gest\u00e3o P\u00fablica pela Faculdade IMED\/Atitus, e possui especializa\u00e7\u00f5es em \u00e1reas como Gest\u00e3o de Projetos e Direito. Ele traz uma vasta experi\u00eancia [&hellip;]","og_url":"https:\/\/www.pmpf.rs.gov.br\/secretaria-de-habitacao\/conheca-o-secretario\/","og_site_name":"Secretaria de Habita\u00e7\u00e3o","article_modified_time":"2025-04-25T17:29:01+00:00","twitter_card":"summary_large_image","twitter_misc":{"Est. tempo de leitura":"1 minuto"},"schema":{"@context":"https:\/\/schema.org","@graph":[{"@type":"WebPage","@id":"https:\/\/www.pmpf.rs.gov.br\/secretaria-de-habitacao\/conheca-o-secretario\/","url":"https:\/\/www.pmpf.rs.gov.br\/secretaria-de-habitacao\/conheca-o-secretario\/","name":"Conhe\u00e7a o Secret\u00e1rio - Secretaria de Habita\u00e7\u00e3o","isPartOf":{"@id":"https:\/\/www.pmpf.rs.gov.br\/secretaria-de-habitacao\/#website"},"datePublished":"2021-12-21T21:06:08+00:00","dateModified":"2025-04-25T17:29:01+00:00","inLanguage":"pt-BR","potentialAction":[{"@type":"ReadAction","target":["https:\/\/www.pmpf.rs.gov.br\/secretaria-de-habitacao\/conheca-o-secretario\/"]}]},{"@type":"WebSite","@id":"https:\/\/www.pmpf.rs.gov.br\/secretaria-de-habitacao\/#website","url":"https:\/\/www.pmpf.rs.gov.br\/secretaria-de-habitacao\/","name":"Secretaria de Habita\u00e7\u00e3o","description":"Prefeitura de Passo Fundo","potentialAction":[{"@type":"SearchAction","target":{"@type":"EntryPoint","urlTemplate":"https:\/\/www.pmpf.rs.gov.br\/secretaria-de-habitacao\/?s={search_term_string}"},"query-input":{"@type":"PropertyValueSpecification","valueRequired":true,"valueName":"search_term_string"}}],"inLanguage":"pt-BR"}]}},"_links":{"self":[{"href":"https:\/\/www.pmpf.rs.gov.br\/secretaria-de-habitacao\/wp-json\/wp\/v2\/pages\/15"}],"collection":[{"href":"https:\/\/www.pmpf.rs.gov.br\/secretaria-de-habitacao\/wp-json\/wp\/v2\/pages"}],"about":[{"href":"https:\/\/www.pmpf.rs.gov.br\/secretaria-de-habitacao\/wp-json\/wp\/v2\/types\/page"}],"author":[{"embeddable":true,"href":"https:\/\/www.pmpf.rs.gov.br\/secretaria-de-habitacao\/wp-json\/wp\/v2\/users\/1"}],"replies":[{"embeddable":true,"href":"https:\/\/www.pmpf.rs.gov.br\/secretaria-de-habitacao\/wp-json\/wp\/v2\/comments?post=15"}],"version-history":[{"count":9,"href":"https:\/\/www.pmpf.rs.gov.br\/secretaria-de-habitacao\/wp-json\/wp\/v2\/pages\/15\/revisions"}],"predecessor-version":[{"id":493,"href":"https:\/\/www.pmpf.rs.gov.br\/secretaria-de-habitacao\/wp-json\/wp\/v2\/pages\/15\/revisions\/493"}],"wp:attachment":[{"href":"https:\/\/www.pmpf.rs.gov.br\/secretaria-de-habitacao\/wp-json\/wp\/v2\/media?parent=15"}],"curies":[{"name":"wp","href":"https:\/\/api.w.org\/{rel}","templated":true}]}}

Conheça o Secretário

<h2 class="wp-block-heading" id="gestao-2021-2024-paulo-cesar-caletti">Fernando Müller Pires</h2>



<p><br>É natural de Palmeira das Missões, formado em Gestão Pública pela Faculdade IMED/Atitus, e possui especializações em áreas como Gestão de Projetos e Direito. Ele traz uma vasta experiência na administração pública e já ocupou cargos de liderança como Diretor Operacional e Presidente da Codepas.</p>



<hr class="wp-block-separator has-alpha-channel-opacity"/>

<p>Fernando Müller Pires É natural de Palmeira das Missões, formado em Gestão Pública pela Faculdade IMED/Atitus, e possui especializações em áreas como Gestão de Projetos e Direito. Ele traz uma vasta experiência [&hellip;]</p>

<!-- This site is optimized with the Yoast SEO plugin v23.8 - https://yoast.com/wordpress/plugins/seo/ -->
<title>Conheça o Secretário - Secretaria de Habitação</title>
<meta name="robots" content="index, follow, max-snippet:-1, max-image-preview:large, max-video-preview:-1" />
<link rel="canonical" href="https://www.pmpf.rs.gov.br/secretaria-de-habitacao/conheca-o-secretario/" />
<meta property="og:locale" content="pt_BR" />
<meta property="og:type" content="article" />
<meta property="og:title" content="Conheça o Secretário - Secretaria de Habitação" />
<meta property="og:description" content="Fernando Müller Pires É natural de Palmeira das Missões, formado em Gestão Pública pela Faculdade IMED/Atitus, e possui especializações em áreas como Gestão de Projetos e Direito. Ele traz uma vasta experiência [&hellip;]" />
<meta property="og:url" content="https://www.pmpf.rs.gov.br/secretaria-de-habitacao/conheca-o-secretario/" />
<meta property="og:site_name" content="Secretaria de Habitação" />
<meta property="article:modified_time" content="2025-04-25T17:29:01+00:00" />
<meta name="twitter:card" content="summary_large_image" />
<meta name="twitter:label1" content="Est. tempo de leitura" />
	<meta name="twitter:data1" content="1 minuto" />
<script type="application/ld+json" class="yoast-schema-graph">{"@context":"https://schema.org","@graph":[{"@type":"WebPage","@id":"https://www.pmpf.rs.gov.br/secretaria-de-habitacao/conheca-o-secretario/","url":"https://www.pmpf.rs.gov.br/secretaria-de-habitacao/conheca-o-secretario/","name":"Conheça o Secretário - Secretaria de Habitação","isPartOf":{"@id":"https://www.pmpf.rs.gov.br/secretaria-de-habitacao/#website"},"datePublished":"2021-12-21T21:06:08+00:00","dateModified":"2025-04-25T17:29:01+00:00","inLanguage":"pt-BR","potentialAction":[{"@type":"ReadAction","target":["https://www.pmpf.rs.gov.br/secretaria-de-habitacao/conheca-o-secretario/"]}]},{"@type":"WebSite","@id":"https://www.pmpf.rs.gov.br/secretaria-de-habitacao/#website","url":"https://www.pmpf.rs.gov.br/secretaria-de-habitacao/","name":"Secretaria de Habitação","description":"Prefeitura de Passo Fundo","potentialAction":[{"@type":"SearchAction","target":{"@type":"EntryPoint","urlTemplate":"https://www.pmpf.rs.gov.br/secretaria-de-habitacao/?s={search_term_string}"},"query-input":{"@type":"PropertyValueSpecification","valueRequired":true,"valueName":"search_term_string"}}],"inLanguage":"pt-BR"}]}</script>
<!-- / Yoast SEO plugin. -->

Conheça o Secretário - Secretaria de Habitação

Fernando Müller Pires É natural de Palmeira das Missões, formado em Gestão Pública pela Faculdade IMED/Atitus, e possui especializações em áreas como Gestão de Projetos e Direito. Ele traz uma vasta experiência [&hellip;]

Secretaria de Habitação
