{"id":1796,"date":"2022-02-03T15:48:01","date_gmt":"2022-02-03T18:48:01","guid":{"rendered":"https:\/\/www.pmpf.rs.gov.br\/secretaria-de-desenvolvimento-economico\/?page_id=1796"},"modified":"2022-02-03T15:50:01","modified_gmt":"2022-02-03T18:50:01","slug":"estrutura","status":"publish","type":"page","link":"https:\/\/www.pmpf.rs.gov.br\/secretaria-de-desenvolvimento-economico\/estrutura\/","title":{"rendered":"Estrutura"},"content":{"rendered":"\n<h1 class=\"wp-block-heading\"><\/h1>\n\n\n\n<h2 class=\"wp-block-heading\">Coordenadoria de Administra\u00e7\u00e3o e Planejamento<\/h2>\n\n\n\n<p>Realiza controle de frequ\u00eancia (assiduidade e pontualidade) dos servidores, elabora a efetividade mensal, o registro e acompanhamento de f\u00e9rias, licen\u00e7as e outras situa\u00e7\u00f5es funcionais.<\/p>\n\n\n\n<p>Departamento que tamb\u00e9m recebe controle interno e expedi\u00e7\u00e3o dos processos internos e administrativos, executa a elabora\u00e7\u00e3o de requisi\u00e7\u00f5es de materiais, servi\u00e7os, equipamentos e o consequente empenho, bem como o registro de entrada de materiais e equipamentos adquiridos para controle da demanda e conserva\u00e7\u00e3o.<\/p>\n\n\n\n<p>Executa a tarefa de apoio administrativo \u00e0s demais coordenadorias e n\u00facleos da SDE, atua no controle da efici\u00eancia e efic\u00e1cia de todos os departamentos da Secretaria e de todos os processos e procedimentos administrativos. Ainda, faz o controle da execu\u00e7\u00e3o or\u00e7ament\u00e1ria, da correspond\u00eancia oficial e demais servi\u00e7os da SDE.<\/p>\n\n\n\n<h1 class=\"wp-block-heading\"><\/h1>\n\n\n\n<h2 class=\"wp-block-heading\">Coordenadoria <em>Infra-estrutura e Projetos Especiais<\/em><\/h2>\n\n\n\n<p>Parte integrante da SDE respons\u00e1vel por coordenar todos os projetos e conv\u00eanios da Secretaria. Possui a\u00e7\u00e3o direta no&nbsp; desenvolvimento de estudos para projetos de desenvolvimento econ\u00f4mico e social, visando o impacto socioambiental e a proje\u00e7\u00e3o ao futuro de Passo Fundo.<\/p>\n\n\n\n<p>Departamento que analisa as potencialidades de novos empreendimentos e elabora pol\u00edticas para atra\u00e7\u00e3o de empresas e o seu desenvolvimento.<\/p>\n\n\n\n<p>Promove a busca de novos nichos de mercados, desenvolve e analisa projetos em conjunto com os organismos internacionais, assim com Governo Estadual e Federal, para a capta\u00e7\u00e3o de recursos que viabilizem projetos de desenvolvimento econ\u00f4mico.<\/p>\n\n\n\n<h1 class=\"wp-block-heading\"><\/h1>\n\n\n\n<h2 class=\"wp-block-heading\">Coordenadoria Empresarial<\/h2>\n\n\n\n<p>Departamento respons\u00e1vel por receber empreendedores que procuram o munic\u00edpio de&nbsp; Passo Fundo, na busca por incentivos econ\u00f4micos ou fiscais.<\/p>\n\n\n\n<p>Atua na apresenta\u00e7\u00e3o de \u00e1reas dispon\u00edveis para a instala\u00e7\u00e3o de ind\u00fastrias ou empresas, emitindo an\u00e1lise e parecer sobre as solicita\u00e7\u00f5es.<\/p>\n\n\n\n<p>A Coordenadoria Empresarial est\u00e1 estruturada pelo N\u00facleo de Fomento e pelo N\u00facleo de Promo\u00e7\u00e3o.<\/p>\n","protected":false},"excerpt":{"rendered":"<p>Coordenadoria de Administra\u00e7\u00e3o e Planejamento Realiza controle de frequ\u00eancia (assiduidade e pontualidade) dos servidores, elabora a efetividade mensal, o registro e acompanhamento de f\u00e9rias, licen\u00e7as e outras situa\u00e7\u00f5es funcionais. Departamento que tamb\u00e9m [&hellip;]<\/p>\n","protected":false},"author":13,"featured_media":0,"parent":0,"menu_order":0,"comment_status":"closed","ping_status":"closed","template":"","meta":{"footnotes":""},"class_list":["post-1796","page","type-page","status-publish","hentry"],"yoast_head":"<!-- This site is optimized with the Yoast SEO plugin v23.8 - https:\/\/yoast.com\/wordpress\/plugins\/seo\/ -->\n<title>Estrutura - Secretaria de Desenvolvimento Econ\u00f4mico<\/title>\n<meta name=\"robots\" content=\"index, follow, max-snippet:-1, max-image-preview:large, max-video-preview:-1\" \/>\n<link rel=\"canonical\" href=\"https:\/\/www.pmpf.rs.gov.br\/secretaria-de-desenvolvimento-economico\/estrutura\/\" \/>\n<meta property=\"og:locale\" content=\"pt_BR\" \/>\n<meta property=\"og:type\" content=\"article\" \/>\n<meta property=\"og:title\" content=\"Estrutura - Secretaria de Desenvolvimento Econ\u00f4mico\" \/>\n<meta property=\"og:description\" content=\"Coordenadoria de Administra\u00e7\u00e3o e Planejamento Realiza controle de frequ\u00eancia (assiduidade e pontualidade) dos servidores, elabora a efetividade mensal, o registro e acompanhamento de f\u00e9rias, licen\u00e7as e outras situa\u00e7\u00f5es funcionais. Departamento que tamb\u00e9m [&hellip;]\" \/>\n<meta property=\"og:url\" content=\"https:\/\/www.pmpf.rs.gov.br\/secretaria-de-desenvolvimento-economico\/estrutura\/\" \/>\n<meta property=\"og:site_name\" content=\"Secretaria de Desenvolvimento Econ\u00f4mico\" \/>\n<meta property=\"article:modified_time\" content=\"2022-02-03T18:50:01+00:00\" \/>\n<meta name=\"twitter:card\" content=\"summary_large_image\" \/>\n<meta name=\"twitter:label1\" content=\"Est. tempo de leitura\" \/>\n\t<meta name=\"twitter:data1\" content=\"2 minutos\" \/>\n<script type=\"application\/ld+json\" class=\"yoast-schema-graph\">{\"@context\":\"https:\/\/schema.org\",\"@graph\":[{\"@type\":\"WebPage\",\"@id\":\"https:\/\/www.pmpf.rs.gov.br\/secretaria-de-desenvolvimento-economico\/estrutura\/\",\"url\":\"https:\/\/www.pmpf.rs.gov.br\/secretaria-de-desenvolvimento-economico\/estrutura\/\",\"name\":\"Estrutura - Secretaria de Desenvolvimento Econ\u00f4mico\",\"isPartOf\":{\"@id\":\"https:\/\/www.pmpf.rs.gov.br\/secretaria-de-desenvolvimento-economico\/#website\"},\"datePublished\":\"2022-02-03T18:48:01+00:00\",\"dateModified\":\"2022-02-03T18:50:01+00:00\",\"inLanguage\":\"pt-BR\",\"potentialAction\":[{\"@type\":\"ReadAction\",\"target\":[\"https:\/\/www.pmpf.rs.gov.br\/secretaria-de-desenvolvimento-economico\/estrutura\/\"]}]},{\"@type\":\"WebSite\",\"@id\":\"https:\/\/www.pmpf.rs.gov.br\/secretaria-de-desenvolvimento-economico\/#website\",\"url\":\"https:\/\/www.pmpf.rs.gov.br\/secretaria-de-desenvolvimento-economico\/\",\"name\":\"Secretaria de Desenvolvimento Econ\u00f4mico\",\"description\":\"S\u00f3 mais um site Prefeitura de Passo Fundo\",\"potentialAction\":[{\"@type\":\"SearchAction\",\"target\":{\"@type\":\"EntryPoint\",\"urlTemplate\":\"https:\/\/www.pmpf.rs.gov.br\/secretaria-de-desenvolvimento-economico\/?s={search_term_string}\"},\"query-input\":{\"@type\":\"PropertyValueSpecification\",\"valueRequired\":true,\"valueName\":\"search_term_string\"}}],\"inLanguage\":\"pt-BR\"}]}<\/script>\n<!-- \/ Yoast SEO plugin. -->","yoast_head_json":{"title":"Estrutura - Secretaria de Desenvolvimento Econ\u00f4mico","robots":{"index":"index","follow":"follow","max-snippet":"max-snippet:-1","max-image-preview":"max-image-preview:large","max-video-preview":"max-video-preview:-1"},"canonical":"https:\/\/www.pmpf.rs.gov.br\/secretaria-de-desenvolvimento-economico\/estrutura\/","og_locale":"pt_BR","og_type":"article","og_title":"Estrutura - Secretaria de Desenvolvimento Econ\u00f4mico","og_description":"Coordenadoria de Administra\u00e7\u00e3o e Planejamento Realiza controle de frequ\u00eancia (assiduidade e pontualidade) dos servidores, elabora a efetividade mensal, o registro e acompanhamento de f\u00e9rias, licen\u00e7as e outras situa\u00e7\u00f5es funcionais. Departamento que tamb\u00e9m [&hellip;]","og_url":"https:\/\/www.pmpf.rs.gov.br\/secretaria-de-desenvolvimento-economico\/estrutura\/","og_site_name":"Secretaria de Desenvolvimento Econ\u00f4mico","article_modified_time":"2022-02-03T18:50:01+00:00","twitter_card":"summary_large_image","twitter_misc":{"Est. tempo de leitura":"2 minutos"},"schema":{"@context":"https:\/\/schema.org","@graph":[{"@type":"WebPage","@id":"https:\/\/www.pmpf.rs.gov.br\/secretaria-de-desenvolvimento-economico\/estrutura\/","url":"https:\/\/www.pmpf.rs.gov.br\/secretaria-de-desenvolvimento-economico\/estrutura\/","name":"Estrutura - Secretaria de Desenvolvimento Econ\u00f4mico","isPartOf":{"@id":"https:\/\/www.pmpf.rs.gov.br\/secretaria-de-desenvolvimento-economico\/#website"},"datePublished":"2022-02-03T18:48:01+00:00","dateModified":"2022-02-03T18:50:01+00:00","inLanguage":"pt-BR","potentialAction":[{"@type":"ReadAction","target":["https:\/\/www.pmpf.rs.gov.br\/secretaria-de-desenvolvimento-economico\/estrutura\/"]}]},{"@type":"WebSite","@id":"https:\/\/www.pmpf.rs.gov.br\/secretaria-de-desenvolvimento-economico\/#website","url":"https:\/\/www.pmpf.rs.gov.br\/secretaria-de-desenvolvimento-economico\/","name":"Secretaria de Desenvolvimento Econ\u00f4mico","description":"S\u00f3 mais um site Prefeitura de Passo Fundo","potentialAction":[{"@type":"SearchAction","target":{"@type":"EntryPoint","urlTemplate":"https:\/\/www.pmpf.rs.gov.br\/secretaria-de-desenvolvimento-economico\/?s={search_term_string}"},"query-input":{"@type":"PropertyValueSpecification","valueRequired":true,"valueName":"search_term_string"}}],"inLanguage":"pt-BR"}]}},"_links":{"self":[{"href":"https:\/\/www.pmpf.rs.gov.br\/secretaria-de-desenvolvimento-economico\/wp-json\/wp\/v2\/pages\/1796"}],"collection":[{"href":"https:\/\/www.pmpf.rs.gov.br\/secretaria-de-desenvolvimento-economico\/wp-json\/wp\/v2\/pages"}],"about":[{"href":"https:\/\/www.pmpf.rs.gov.br\/secretaria-de-desenvolvimento-economico\/wp-json\/wp\/v2\/types\/page"}],"author":[{"embeddable":true,"href":"https:\/\/www.pmpf.rs.gov.br\/secretaria-de-desenvolvimento-economico\/wp-json\/wp\/v2\/users\/13"}],"replies":[{"embeddable":true,"href":"https:\/\/www.pmpf.rs.gov.br\/secretaria-de-desenvolvimento-economico\/wp-json\/wp\/v2\/comments?post=1796"}],"version-history":[{"count":4,"href":"https:\/\/www.pmpf.rs.gov.br\/secretaria-de-desenvolvimento-economico\/wp-json\/wp\/v2\/pages\/1796\/revisions"}],"predecessor-version":[{"id":1801,"href":"https:\/\/www.pmpf.rs.gov.br\/secretaria-de-desenvolvimento-economico\/wp-json\/wp\/v2\/pages\/1796\/revisions\/1801"}],"wp:attachment":[{"href":"https:\/\/www.pmpf.rs.gov.br\/secretaria-de-desenvolvimento-economico\/wp-json\/wp\/v2\/media?parent=1796"}],"curies":[{"name":"wp","href":"https:\/\/api.w.org\/{rel}","templated":true}]}}