{"id":1350,"date":"2022-03-02T08:34:03","date_gmt":"2022-03-02T11:34:03","guid":{"rendered":"https:\/\/www.pmpf.rs.gov.br\/secretaria-de-cidadania-e-assistencia-social\/?post_type=servicos&#038;p=1350"},"modified":"2022-03-02T10:02:29","modified_gmt":"2022-03-02T13:02:29","slug":"projeto-egregora","status":"publish","type":"servicos","link":"https:\/\/www.pmpf.rs.gov.br\/secretaria-de-cidadania-e-assistencia-social\/servicos\/projeto-egregora\/","title":{"rendered":"Projeto Egr\u00e9gora"},"content":{"rendered":"\n<div class=\"wp-block-columns has-grey-background-color has-background is-layout-flex wp-container-core-columns-is-layout-1 wp-block-columns-is-layout-flex\">\n<div class=\"wp-block-column is-layout-flow wp-block-column-is-layout-flow\">\n<p class=\"has-medium-font-size\"><\/p>\n\n\n\n<p>Soma de energias coletivas do bem em torno de um objetivo comum. Institu\u00eddo no munic\u00edpio em agosto\/2015, atrav\u00e9s de Termo de Coopera\u00e7\u00e3o entre o Minist\u00e9rio P\u00fablico, Poder Judici\u00e1rio, Poder Executivo, Poder Legislativo, Defensoria P\u00fablica, Conselhos Tutelares, Conselho de Direitos da Crian\u00e7a e do Adolescente \u2013 COMDICA, com a 7\u00aa Coordenadoria Regional de Educa\u00e7\u00e3o e a Associa\u00e7\u00e3o Comercial, Industrial, de Servi\u00e7os e Agroneg\u00f3cio do munic\u00edpio de Passo Fundo, firmaram Termo de Coopera\u00e7\u00e3o no que trata da implementa\u00e7\u00e3o do projeto denominado Egr\u00e9gora.<\/p>\n\n\n\n<p><strong>Objetivo:<\/strong><\/p>\n\n\n\n<p><em>&nbsp;(\u2026) prioritariamente, envolver os diversos segmentos da SOCIEDADE local com as quest\u00f5es que dizem respeito \u00e0 prote\u00e7\u00e3o dos direitos fundamentais de crian\u00e7as e adolescentes em situa\u00e7\u00e3o de viola\u00e7\u00e3o de direitos em, raz\u00e3o da priva\u00e7\u00e3o do conv\u00edvio familiar e da consequente inser\u00e7\u00e3o em Programa Municipal de Acolhimento Institucional ou Familiar do Munic\u00edpio de Passo Fundo, e, paralelamente, refor\u00e7ar as responsabilidades legais das demais Institui\u00e7\u00f5es, Poderes e \u00d3rg\u00e3os Oficiais encarregados da defesa dos direitos da crian\u00e7a e do adolescente. (2015, p. 1)<\/em><\/p>\n<\/div>\n<\/div>\n\n\n\n<hr class=\"wp-block-separator\"\/>\n\n\n\n<p class=\"has-medium-font-size\"><strong>Como participar<\/strong><\/p>\n\n\n\n<ol class=\"wp-block-list\"><li>A comunidade poder\u00e1 participar por meio de entidades sociais, empresariais, esportivas, entre outras, al\u00e9m de profissionais liberais e pessoas f\u00edsicas e jur\u00eddicas, mantendo e apoiando os programas municipais de acolhimento institucional e familiar de crian\u00e7as e adolescentes atrav\u00e9s da doa\u00e7\u00e3o de recursos financeiros e materiais; apoiando e orientando os trabalhadores que atuam junto \u00e0s unidades de acolhimento pela realiza\u00e7\u00e3o de cursos, capacita\u00e7\u00f5es, oferta de atendimento psicol\u00f3gico, etc.; ofertando servi\u00e7os nas \u00e1reas de educa\u00e7\u00e3o, sa\u00fade, esporte, lazer, cultura, profissionaliza\u00e7\u00e3o gradual, entre outros.<\/li><li>Contatos: (<em>54) 3312 3070<\/em> e e-mail: semcas@pmpf.rs.gov.br.<\/li><\/ol>\n\n\n\n<hr class=\"wp-block-separator\"\/>\n","protected":false},"featured_media":1352,"template":"","canal":[4],"quem":[5],"servico_tags":[6],"class_list":["post-1350","servicos","type-servicos","status-publish","has-post-thumbnail","hentry","canal-presencial","quem-cidadao","servico_tags-assistencia-social"],"yoast_head":"<!-- This site is optimized with the Yoast SEO plugin v23.8 - https:\/\/yoast.com\/wordpress\/plugins\/seo\/ -->\n<title>Projeto Egr\u00e9gora - Secretaria de Cidadania e Assist\u00eancia Social<\/title>\n<meta name=\"robots\" content=\"index, follow, max-snippet:-1, max-image-preview:large, max-video-preview:-1\" \/>\n<link rel=\"canonical\" href=\"https:\/\/www.pmpf.rs.gov.br\/secretaria-de-cidadania-e-assistencia-social\/servicos\/projeto-egregora\/\" \/>\n<meta property=\"og:locale\" content=\"pt_BR\" \/>\n<meta property=\"og:type\" content=\"article\" \/>\n<meta property=\"og:title\" content=\"Projeto Egr\u00e9gora - Secretaria de Cidadania e Assist\u00eancia Social\" \/>\n<meta property=\"og:description\" content=\"Soma de energias coletivas do bem em torno de um objetivo comum. Institu\u00eddo no munic\u00edpio em agosto\/2015, atrav\u00e9s de Termo de Coopera\u00e7\u00e3o entre o Minist\u00e9rio P\u00fablico, Poder Judici\u00e1rio, Poder Executivo, Poder Legislativo, [&hellip;]\" \/>\n<meta property=\"og:url\" content=\"https:\/\/www.pmpf.rs.gov.br\/secretaria-de-cidadania-e-assistencia-social\/servicos\/projeto-egregora\/\" \/>\n<meta property=\"og:site_name\" content=\"Secretaria de Cidadania e Assist\u00eancia Social\" \/>\n<meta property=\"article:modified_time\" content=\"2022-03-02T13:02:29+00:00\" \/>\n<meta property=\"og:image\" content=\"https:\/\/www.pmpf.rs.gov.br\/secretaria-de-cidadania-e-assistencia-social\/wp-content\/uploads\/sites\/24\/2022\/03\/egregora.jpg\" \/>\n\t<meta property=\"og:image:width\" content=\"340\" \/>\n\t<meta property=\"og:image:height\" content=\"240\" \/>\n\t<meta property=\"og:image:type\" content=\"image\/jpeg\" \/>\n<meta name=\"twitter:card\" content=\"summary_large_image\" \/>\n<meta name=\"twitter:label1\" content=\"Est. tempo de leitura\" \/>\n\t<meta name=\"twitter:data1\" content=\"1 minuto\" \/>\n<script type=\"application\/ld+json\" class=\"yoast-schema-graph\">{\"@context\":\"https:\/\/schema.org\",\"@graph\":[{\"@type\":\"WebPage\",\"@id\":\"https:\/\/www.pmpf.rs.gov.br\/secretaria-de-cidadania-e-assistencia-social\/servicos\/projeto-egregora\/\",\"url\":\"https:\/\/www.pmpf.rs.gov.br\/secretaria-de-cidadania-e-assistencia-social\/servicos\/projeto-egregora\/\",\"name\":\"Projeto Egr\u00e9gora - Secretaria de Cidadania e Assist\u00eancia Social\",\"isPartOf\":{\"@id\":\"https:\/\/www.pmpf.rs.gov.br\/secretaria-de-cidadania-e-assistencia-social\/#website\"},\"primaryImageOfPage\":{\"@id\":\"https:\/\/www.pmpf.rs.gov.br\/secretaria-de-cidadania-e-assistencia-social\/servicos\/projeto-egregora\/#primaryimage\"},\"image\":{\"@id\":\"https:\/\/www.pmpf.rs.gov.br\/secretaria-de-cidadania-e-assistencia-social\/servicos\/projeto-egregora\/#primaryimage\"},\"thumbnailUrl\":\"https:\/\/www.pmpf.rs.gov.br\/secretaria-de-cidadania-e-assistencia-social\/wp-content\/uploads\/sites\/24\/2022\/03\/egregora.jpg\",\"datePublished\":\"2022-03-02T11:34:03+00:00\",\"dateModified\":\"2022-03-02T13:02:29+00:00\",\"breadcrumb\":{\"@id\":\"https:\/\/www.pmpf.rs.gov.br\/secretaria-de-cidadania-e-assistencia-social\/servicos\/projeto-egregora\/#breadcrumb\"},\"inLanguage\":\"pt-BR\",\"potentialAction\":[{\"@type\":\"ReadAction\",\"target\":[\"https:\/\/www.pmpf.rs.gov.br\/secretaria-de-cidadania-e-assistencia-social\/servicos\/projeto-egregora\/\"]}]},{\"@type\":\"ImageObject\",\"inLanguage\":\"pt-BR\",\"@id\":\"https:\/\/www.pmpf.rs.gov.br\/secretaria-de-cidadania-e-assistencia-social\/servicos\/projeto-egregora\/#primaryimage\",\"url\":\"https:\/\/www.pmpf.rs.gov.br\/secretaria-de-cidadania-e-assistencia-social\/wp-content\/uploads\/sites\/24\/2022\/03\/egregora.jpg\",\"contentUrl\":\"https:\/\/www.pmpf.rs.gov.br\/secretaria-de-cidadania-e-assistencia-social\/wp-content\/uploads\/sites\/24\/2022\/03\/egregora.jpg\",\"width\":340,\"height\":240},{\"@type\":\"BreadcrumbList\",\"@id\":\"https:\/\/www.pmpf.rs.gov.br\/secretaria-de-cidadania-e-assistencia-social\/servicos\/projeto-egregora\/#breadcrumb\",\"itemListElement\":[{\"@type\":\"ListItem\",\"position\":1,\"name\":\"Servi\u00e7os\",\"item\":\"https:\/\/www.pmpf.rs.gov.br\/secretaria-de-cidadania-e-assistencia-social\/servicos\/\"},{\"@type\":\"ListItem\",\"position\":2,\"name\":\"Projeto Egr\u00e9gora\"}]},{\"@type\":\"WebSite\",\"@id\":\"https:\/\/www.pmpf.rs.gov.br\/secretaria-de-cidadania-e-assistencia-social\/#website\",\"url\":\"https:\/\/www.pmpf.rs.gov.br\/secretaria-de-cidadania-e-assistencia-social\/\",\"name\":\"Secretaria de Cidadania e Assist\u00eancia Social\",\"description\":\"S\u00f3 mais um site Prefeitura de Passo Fundo\",\"potentialAction\":[{\"@type\":\"SearchAction\",\"target\":{\"@type\":\"EntryPoint\",\"urlTemplate\":\"https:\/\/www.pmpf.rs.gov.br\/secretaria-de-cidadania-e-assistencia-social\/?s={search_term_string}\"},\"query-input\":{\"@type\":\"PropertyValueSpecification\",\"valueRequired\":true,\"valueName\":\"search_term_string\"}}],\"inLanguage\":\"pt-BR\"}]}<\/script>\n<!-- \/ Yoast SEO plugin. -->","yoast_head_json":{"title":"Projeto Egr\u00e9gora - Secretaria de Cidadania e Assist\u00eancia Social","robots":{"index":"index","follow":"follow","max-snippet":"max-snippet:-1","max-image-preview":"max-image-preview:large","max-video-preview":"max-video-preview:-1"},"canonical":"https:\/\/www.pmpf.rs.gov.br\/secretaria-de-cidadania-e-assistencia-social\/servicos\/projeto-egregora\/","og_locale":"pt_BR","og_type":"article","og_title":"Projeto Egr\u00e9gora - Secretaria de Cidadania e Assist\u00eancia Social","og_description":"Soma de energias coletivas do bem em torno de um objetivo comum. Institu\u00eddo no munic\u00edpio em agosto\/2015, atrav\u00e9s de Termo de Coopera\u00e7\u00e3o entre o Minist\u00e9rio P\u00fablico, Poder Judici\u00e1rio, Poder Executivo, Poder Legislativo, [&hellip;]","og_url":"https:\/\/www.pmpf.rs.gov.br\/secretaria-de-cidadania-e-assistencia-social\/servicos\/projeto-egregora\/","og_site_name":"Secretaria de Cidadania e Assist\u00eancia Social","article_modified_time":"2022-03-02T13:02:29+00:00","og_image":[{"width":340,"height":240,"url":"https:\/\/www.pmpf.rs.gov.br\/secretaria-de-cidadania-e-assistencia-social\/wp-content\/uploads\/sites\/24\/2022\/03\/egregora.jpg","type":"image\/jpeg"}],"twitter_card":"summary_large_image","twitter_misc":{"Est. tempo de leitura":"1 minuto"},"schema":{"@context":"https:\/\/schema.org","@graph":[{"@type":"WebPage","@id":"https:\/\/www.pmpf.rs.gov.br\/secretaria-de-cidadania-e-assistencia-social\/servicos\/projeto-egregora\/","url":"https:\/\/www.pmpf.rs.gov.br\/secretaria-de-cidadania-e-assistencia-social\/servicos\/projeto-egregora\/","name":"Projeto Egr\u00e9gora - Secretaria de Cidadania e Assist\u00eancia Social","isPartOf":{"@id":"https:\/\/www.pmpf.rs.gov.br\/secretaria-de-cidadania-e-assistencia-social\/#website"},"primaryImageOfPage":{"@id":"https:\/\/www.pmpf.rs.gov.br\/secretaria-de-cidadania-e-assistencia-social\/servicos\/projeto-egregora\/#primaryimage"},"image":{"@id":"https:\/\/www.pmpf.rs.gov.br\/secretaria-de-cidadania-e-assistencia-social\/servicos\/projeto-egregora\/#primaryimage"},"thumbnailUrl":"https:\/\/www.pmpf.rs.gov.br\/secretaria-de-cidadania-e-assistencia-social\/wp-content\/uploads\/sites\/24\/2022\/03\/egregora.jpg","datePublished":"2022-03-02T11:34:03+00:00","dateModified":"2022-03-02T13:02:29+00:00","breadcrumb":{"@id":"https:\/\/www.pmpf.rs.gov.br\/secretaria-de-cidadania-e-assistencia-social\/servicos\/projeto-egregora\/#breadcrumb"},"inLanguage":"pt-BR","potentialAction":[{"@type":"ReadAction","target":["https:\/\/www.pmpf.rs.gov.br\/secretaria-de-cidadania-e-assistencia-social\/servicos\/projeto-egregora\/"]}]},{"@type":"ImageObject","inLanguage":"pt-BR","@id":"https:\/\/www.pmpf.rs.gov.br\/secretaria-de-cidadania-e-assistencia-social\/servicos\/projeto-egregora\/#primaryimage","url":"https:\/\/www.pmpf.rs.gov.br\/secretaria-de-cidadania-e-assistencia-social\/wp-content\/uploads\/sites\/24\/2022\/03\/egregora.jpg","contentUrl":"https:\/\/www.pmpf.rs.gov.br\/secretaria-de-cidadania-e-assistencia-social\/wp-content\/uploads\/sites\/24\/2022\/03\/egregora.jpg","width":340,"height":240},{"@type":"BreadcrumbList","@id":"https:\/\/www.pmpf.rs.gov.br\/secretaria-de-cidadania-e-assistencia-social\/servicos\/projeto-egregora\/#breadcrumb","itemListElement":[{"@type":"ListItem","position":1,"name":"Servi\u00e7os","item":"https:\/\/www.pmpf.rs.gov.br\/secretaria-de-cidadania-e-assistencia-social\/servicos\/"},{"@type":"ListItem","position":2,"name":"Projeto Egr\u00e9gora"}]},{"@type":"WebSite","@id":"https:\/\/www.pmpf.rs.gov.br\/secretaria-de-cidadania-e-assistencia-social\/#website","url":"https:\/\/www.pmpf.rs.gov.br\/secretaria-de-cidadania-e-assistencia-social\/","name":"Secretaria de Cidadania e Assist\u00eancia Social","description":"S\u00f3 mais um site Prefeitura de Passo Fundo","potentialAction":[{"@type":"SearchAction","target":{"@type":"EntryPoint","urlTemplate":"https:\/\/www.pmpf.rs.gov.br\/secretaria-de-cidadania-e-assistencia-social\/?s={search_term_string}"},"query-input":{"@type":"PropertyValueSpecification","valueRequired":true,"valueName":"search_term_string"}}],"inLanguage":"pt-BR"}]}},"_links":{"self":[{"href":"https:\/\/www.pmpf.rs.gov.br\/secretaria-de-cidadania-e-assistencia-social\/wp-json\/wp\/v2\/servicos\/1350"}],"collection":[{"href":"https:\/\/www.pmpf.rs.gov.br\/secretaria-de-cidadania-e-assistencia-social\/wp-json\/wp\/v2\/servicos"}],"about":[{"href":"https:\/\/www.pmpf.rs.gov.br\/secretaria-de-cidadania-e-assistencia-social\/wp-json\/wp\/v2\/types\/servicos"}],"wp:featuredmedia":[{"embeddable":true,"href":"https:\/\/www.pmpf.rs.gov.br\/secretaria-de-cidadania-e-assistencia-social\/wp-json\/wp\/v2\/media\/1352"}],"wp:attachment":[{"href":"https:\/\/www.pmpf.rs.gov.br\/secretaria-de-cidadania-e-assistencia-social\/wp-json\/wp\/v2\/media?parent=1350"}],"wp:term":[{"taxonomy":"canal","embeddable":true,"href":"https:\/\/www.pmpf.rs.gov.br\/secretaria-de-cidadania-e-assistencia-social\/wp-json\/wp\/v2\/canal?post=1350"},{"taxonomy":"quem","embeddable":true,"href":"https:\/\/www.pmpf.rs.gov.br\/secretaria-de-cidadania-e-assistencia-social\/wp-json\/wp\/v2\/quem?post=1350"},{"taxonomy":"servico_tags","embeddable":true,"href":"https:\/\/www.pmpf.rs.gov.br\/secretaria-de-cidadania-e-assistencia-social\/wp-json\/wp\/v2\/servico_tags?post=1350"}],"curies":[{"name":"wp","href":"https:\/\/api.w.org\/{rel}","templated":true}]}}

Projeto Egrégora

<div class="wp-block-columns has-grey-background-color has-background is-layout-flex wp-container-core-columns-is-layout-1 wp-block-columns-is-layout-flex">
<div class="wp-block-column is-layout-flow wp-block-column-is-layout-flow">
<p class="has-medium-font-size"></p>



<p>Soma de energias coletivas do bem em torno de um objetivo comum. Instituído no município em agosto/2015, através de Termo de Cooperação entre o Ministério Público, Poder Judiciário, Poder Executivo, Poder Legislativo, Defensoria Pública, Conselhos Tutelares, Conselho de Direitos da Criança e do Adolescente – COMDICA, com a 7ª Coordenadoria Regional de Educação e a Associação Comercial, Industrial, de Serviços e Agronegócio do município de Passo Fundo, firmaram Termo de Cooperação no que trata da implementação do projeto denominado Egrégora.</p>



<p><strong>Objetivo:</strong></p>



<p><em>&nbsp;(…) prioritariamente, envolver os diversos segmentos da SOCIEDADE local com as questões que dizem respeito à proteção dos direitos fundamentais de crianças e adolescentes em situação de violação de direitos em, razão da privação do convívio familiar e da consequente inserção em Programa Municipal de Acolhimento Institucional ou Familiar do Município de Passo Fundo, e, paralelamente, reforçar as responsabilidades legais das demais Instituições, Poderes e Órgãos Oficiais encarregados da defesa dos direitos da criança e do adolescente. (2015, p. 1)</em></p>
</div>
</div>



<hr class="wp-block-separator"/>



<p class="has-medium-font-size"><strong>Como participar</strong></p>



<ol class="wp-block-list"><li>A comunidade poderá participar por meio de entidades sociais, empresariais, esportivas, entre outras, além de profissionais liberais e pessoas físicas e jurídicas, mantendo e apoiando os programas municipais de acolhimento institucional e familiar de crianças e adolescentes através da doação de recursos financeiros e materiais; apoiando e orientando os trabalhadores que atuam junto às unidades de acolhimento pela realização de cursos, capacitações, oferta de atendimento psicológico, etc.; ofertando serviços nas áreas de educação, saúde, esporte, lazer, cultura, profissionalização gradual, entre outros.</li><li>Contatos: (<em>54) 3312 3070</em> e e-mail: semcas@pmpf.rs.gov.br.</li></ol>



<hr class="wp-block-separator"/>

<!-- This site is optimized with the Yoast SEO plugin v23.8 - https://yoast.com/wordpress/plugins/seo/ -->
<title>Projeto Egrégora - Secretaria de Cidadania e Assistência Social</title>
<meta name="robots" content="index, follow, max-snippet:-1, max-image-preview:large, max-video-preview:-1" />
<link rel="canonical" href="https://www.pmpf.rs.gov.br/secretaria-de-cidadania-e-assistencia-social/servicos/projeto-egregora/" />
<meta property="og:locale" content="pt_BR" />
<meta property="og:type" content="article" />
<meta property="og:title" content="Projeto Egrégora - Secretaria de Cidadania e Assistência Social" />
<meta property="og:description" content="Soma de energias coletivas do bem em torno de um objetivo comum. Instituído no município em agosto/2015, através de Termo de Cooperação entre o Ministério Público, Poder Judiciário, Poder Executivo, Poder Legislativo, [&hellip;]" />
<meta property="og:url" content="https://www.pmpf.rs.gov.br/secretaria-de-cidadania-e-assistencia-social/servicos/projeto-egregora/" />
<meta property="og:site_name" content="Secretaria de Cidadania e Assistência Social" />
<meta property="article:modified_time" content="2022-03-02T13:02:29+00:00" />
<meta property="og:image" content="https://www.pmpf.rs.gov.br/secretaria-de-cidadania-e-assistencia-social/wp-content/uploads/sites/24/2022/03/egregora.jpg" />
	<meta property="og:image:width" content="340" />
	<meta property="og:image:height" content="240" />
	<meta property="og:image:type" content="image/jpeg" />
<meta name="twitter:card" content="summary_large_image" />
<meta name="twitter:label1" content="Est. tempo de leitura" />
	<meta name="twitter:data1" content="1 minuto" />
<script type="application/ld+json" class="yoast-schema-graph">{"@context":"https://schema.org","@graph":[{"@type":"WebPage","@id":"https://www.pmpf.rs.gov.br/secretaria-de-cidadania-e-assistencia-social/servicos/projeto-egregora/","url":"https://www.pmpf.rs.gov.br/secretaria-de-cidadania-e-assistencia-social/servicos/projeto-egregora/","name":"Projeto Egrégora - Secretaria de Cidadania e Assistência Social","isPartOf":{"@id":"https://www.pmpf.rs.gov.br/secretaria-de-cidadania-e-assistencia-social/#website"},"primaryImageOfPage":{"@id":"https://www.pmpf.rs.gov.br/secretaria-de-cidadania-e-assistencia-social/servicos/projeto-egregora/#primaryimage"},"image":{"@id":"https://www.pmpf.rs.gov.br/secretaria-de-cidadania-e-assistencia-social/servicos/projeto-egregora/#primaryimage"},"thumbnailUrl":"https://www.pmpf.rs.gov.br/secretaria-de-cidadania-e-assistencia-social/wp-content/uploads/sites/24/2022/03/egregora.jpg","datePublished":"2022-03-02T11:34:03+00:00","dateModified":"2022-03-02T13:02:29+00:00","breadcrumb":{"@id":"https://www.pmpf.rs.gov.br/secretaria-de-cidadania-e-assistencia-social/servicos/projeto-egregora/#breadcrumb"},"inLanguage":"pt-BR","potentialAction":[{"@type":"ReadAction","target":["https://www.pmpf.rs.gov.br/secretaria-de-cidadania-e-assistencia-social/servicos/projeto-egregora/"]}]},{"@type":"ImageObject","inLanguage":"pt-BR","@id":"https://www.pmpf.rs.gov.br/secretaria-de-cidadania-e-assistencia-social/servicos/projeto-egregora/#primaryimage","url":"https://www.pmpf.rs.gov.br/secretaria-de-cidadania-e-assistencia-social/wp-content/uploads/sites/24/2022/03/egregora.jpg","contentUrl":"https://www.pmpf.rs.gov.br/secretaria-de-cidadania-e-assistencia-social/wp-content/uploads/sites/24/2022/03/egregora.jpg","width":340,"height":240},{"@type":"BreadcrumbList","@id":"https://www.pmpf.rs.gov.br/secretaria-de-cidadania-e-assistencia-social/servicos/projeto-egregora/#breadcrumb","itemListElement":[{"@type":"ListItem","position":1,"name":"Serviços","item":"https://www.pmpf.rs.gov.br/secretaria-de-cidadania-e-assistencia-social/servicos/"},{"@type":"ListItem","position":2,"name":"Projeto Egrégora"}]},{"@type":"WebSite","@id":"https://www.pmpf.rs.gov.br/secretaria-de-cidadania-e-assistencia-social/#website","url":"https://www.pmpf.rs.gov.br/secretaria-de-cidadania-e-assistencia-social/","name":"Secretaria de Cidadania e Assistência Social","description":"Só mais um site Prefeitura de Passo Fundo","potentialAction":[{"@type":"SearchAction","target":{"@type":"EntryPoint","urlTemplate":"https://www.pmpf.rs.gov.br/secretaria-de-cidadania-e-assistencia-social/?s={search_term_string}"},"query-input":{"@type":"PropertyValueSpecification","valueRequired":true,"valueName":"search_term_string"}}],"inLanguage":"pt-BR"}]}</script>
<!-- / Yoast SEO plugin. -->

Projeto Egrégora - Secretaria de Cidadania e Assistência Social

Soma de energias coletivas do bem em torno de um objetivo comum. Instituído no município em agosto/2015, através de Termo de Cooperação entre o Ministério Público, Poder Judiciário, Poder Executivo, Poder Legislativo, [&hellip;]

Secretaria de Cidadania e Assistência Social

Serviços

Só mais um site Prefeitura de Passo Fundo
