{"id":61,"date":"2021-11-16T14:17:14","date_gmt":"2021-11-16T17:17:14","guid":{"rendered":"https:\/\/www.pmpf.rs.gov.br\/secretaria-de-cidadania-e-assistencia-social\/?page_id=61"},"modified":"2021-11-16T14:17:31","modified_gmt":"2021-11-16T17:17:31","slug":"programa-guarda-subsidiada","status":"publish","type":"page","link":"https:\/\/www.pmpf.rs.gov.br\/secretaria-de-cidadania-e-assistencia-social\/programa-guarda-subsidiada\/","title":{"rendered":"Programa Guarda Subsidiada"},"content":{"rendered":"\n<h2 class=\"wp-block-heading\">Institu\u00eddo no munic\u00edpio pela Lei n\u00ba 5148\/2015<\/h2>\n\n\n\n<p><em><strong>Art. 1\u00ba&nbsp;<\/strong>Fica institu\u00eddo o Programa de Guarda Subsidiada de crian\u00e7as e adolescentes em situa\u00e7\u00e3o de risco por viola\u00e7\u00e3o de direitos, como parte integrante da pol\u00edtica de atendimento de assist\u00eancia social do Munic\u00edpio de Passo Fundo.<\/em><\/p>\n\n\n\n<p><em><strong>Art. 2\u00ba<\/strong>&nbsp;A Guarda Subsidiada se constitui na guarda de crian\u00e7a ou adolescente por fam\u00edlia extensa ou ampliada que manifeste o desejo em assumir os cuidados dos protegidos, oferecendo meios para atender as necessidades de alimenta\u00e7\u00e3o, sa\u00fade, educa\u00e7\u00e3o e lazer, com acompanhamento direto das Secretarias Municipais de Cidadania e Assist\u00eancia Social, Sa\u00fade, Educa\u00e7\u00e3o e Habita\u00e7\u00e3o, concomitantemente com o Conselho Tutelar, Minist\u00e9rio P\u00fablico e Poder Judici\u00e1rio.<\/em><\/p>\n\n\n\n<p><em><strong>Art. 7\u00ba<\/strong>&nbsp;S\u00e3o requisitos para participar do Programa de Guarda Subsidiada:<\/em><\/p>\n\n\n\n<ol class=\"wp-block-list\" type=\"I\"><li>pessoas maiores de 18 anos;<\/li><li>concord\u00e2ncia de todos os membros da fam\u00edlia;<\/li><li>residir no munic\u00edpio de Passo Fundo;<\/li><li>disponibilidade de tempo e interesse em oferecer prote\u00e7\u00e3o \u00e0s crian\u00e7as e adolescentes;<\/li><li>ter, ao menos um dos respons\u00e1veis, declara\u00e7\u00e3o de rendimentos;<\/li><li>parecer psicossocial favor\u00e1vel da Equipe T\u00e9cnica do Programa.<\/li><\/ol>\n\n\n\n<p><em><strong>Art. 10<\/strong>&nbsp;A inclus\u00e3o da crian\u00e7a ou adolescente no Programa de Guarda Subsidiada depender\u00e1 do deferimento da guarda pela autoridade judici\u00e1ria competente.\u201d<\/em><em><em><\/em><\/em><\/p>\n","protected":false},"excerpt":{"rendered":"<p>Institu\u00eddo no munic\u00edpio pela Lei n\u00ba 5148\/2015 Art. 1\u00ba&nbsp;Fica institu\u00eddo o Programa de Guarda Subsidiada de crian\u00e7as e adolescentes em situa\u00e7\u00e3o de risco por viola\u00e7\u00e3o de direitos, como parte integrante da pol\u00edtica [&hellip;]<\/p>\n","protected":false},"author":1,"featured_media":0,"parent":0,"menu_order":0,"comment_status":"closed","ping_status":"closed","template":"","meta":{"footnotes":""},"class_list":["post-61","page","type-page","status-publish","hentry"],"yoast_head":"<!-- This site is optimized with the Yoast SEO plugin v23.8 - https:\/\/yoast.com\/wordpress\/plugins\/seo\/ -->\n<title>Programa Guarda Subsidiada - Secretaria de Cidadania e Assist\u00eancia Social<\/title>\n<meta name=\"robots\" content=\"index, follow, max-snippet:-1, max-image-preview:large, max-video-preview:-1\" \/>\n<link rel=\"canonical\" href=\"https:\/\/www.pmpf.rs.gov.br\/secretaria-de-cidadania-e-assistencia-social\/programa-guarda-subsidiada\/\" \/>\n<meta property=\"og:locale\" content=\"pt_BR\" \/>\n<meta property=\"og:type\" content=\"article\" \/>\n<meta property=\"og:title\" content=\"Programa Guarda Subsidiada - Secretaria de Cidadania e Assist\u00eancia Social\" \/>\n<meta property=\"og:description\" content=\"Institu\u00eddo no munic\u00edpio pela Lei n\u00ba 5148\/2015 Art. 1\u00ba&nbsp;Fica institu\u00eddo o Programa de Guarda Subsidiada de crian\u00e7as e adolescentes em situa\u00e7\u00e3o de risco por viola\u00e7\u00e3o de direitos, como parte integrante da pol\u00edtica [&hellip;]\" \/>\n<meta property=\"og:url\" content=\"https:\/\/www.pmpf.rs.gov.br\/secretaria-de-cidadania-e-assistencia-social\/programa-guarda-subsidiada\/\" \/>\n<meta property=\"og:site_name\" content=\"Secretaria de Cidadania e Assist\u00eancia Social\" \/>\n<meta property=\"article:modified_time\" content=\"2021-11-16T17:17:31+00:00\" \/>\n<meta name=\"twitter:card\" content=\"summary_large_image\" \/>\n<meta name=\"twitter:label1\" content=\"Est. tempo de leitura\" \/>\n\t<meta name=\"twitter:data1\" content=\"1 minuto\" \/>\n<script type=\"application\/ld+json\" class=\"yoast-schema-graph\">{\"@context\":\"https:\/\/schema.org\",\"@graph\":[{\"@type\":\"WebPage\",\"@id\":\"https:\/\/www.pmpf.rs.gov.br\/secretaria-de-cidadania-e-assistencia-social\/programa-guarda-subsidiada\/\",\"url\":\"https:\/\/www.pmpf.rs.gov.br\/secretaria-de-cidadania-e-assistencia-social\/programa-guarda-subsidiada\/\",\"name\":\"Programa Guarda Subsidiada - Secretaria de Cidadania e Assist\u00eancia Social\",\"isPartOf\":{\"@id\":\"https:\/\/www.pmpf.rs.gov.br\/secretaria-de-cidadania-e-assistencia-social\/#website\"},\"datePublished\":\"2021-11-16T17:17:14+00:00\",\"dateModified\":\"2021-11-16T17:17:31+00:00\",\"inLanguage\":\"pt-BR\",\"potentialAction\":[{\"@type\":\"ReadAction\",\"target\":[\"https:\/\/www.pmpf.rs.gov.br\/secretaria-de-cidadania-e-assistencia-social\/programa-guarda-subsidiada\/\"]}]},{\"@type\":\"WebSite\",\"@id\":\"https:\/\/www.pmpf.rs.gov.br\/secretaria-de-cidadania-e-assistencia-social\/#website\",\"url\":\"https:\/\/www.pmpf.rs.gov.br\/secretaria-de-cidadania-e-assistencia-social\/\",\"name\":\"Secretaria de Cidadania e Assist\u00eancia Social\",\"description\":\"S\u00f3 mais um site Prefeitura de Passo Fundo\",\"potentialAction\":[{\"@type\":\"SearchAction\",\"target\":{\"@type\":\"EntryPoint\",\"urlTemplate\":\"https:\/\/www.pmpf.rs.gov.br\/secretaria-de-cidadania-e-assistencia-social\/?s={search_term_string}\"},\"query-input\":{\"@type\":\"PropertyValueSpecification\",\"valueRequired\":true,\"valueName\":\"search_term_string\"}}],\"inLanguage\":\"pt-BR\"}]}<\/script>\n<!-- \/ Yoast SEO plugin. -->","yoast_head_json":{"title":"Programa Guarda Subsidiada - Secretaria de Cidadania e Assist\u00eancia Social","robots":{"index":"index","follow":"follow","max-snippet":"max-snippet:-1","max-image-preview":"max-image-preview:large","max-video-preview":"max-video-preview:-1"},"canonical":"https:\/\/www.pmpf.rs.gov.br\/secretaria-de-cidadania-e-assistencia-social\/programa-guarda-subsidiada\/","og_locale":"pt_BR","og_type":"article","og_title":"Programa Guarda Subsidiada - Secretaria de Cidadania e Assist\u00eancia Social","og_description":"Institu\u00eddo no munic\u00edpio pela Lei n\u00ba 5148\/2015 Art. 1\u00ba&nbsp;Fica institu\u00eddo o Programa de Guarda Subsidiada de crian\u00e7as e adolescentes em situa\u00e7\u00e3o de risco por viola\u00e7\u00e3o de direitos, como parte integrante da pol\u00edtica [&hellip;]","og_url":"https:\/\/www.pmpf.rs.gov.br\/secretaria-de-cidadania-e-assistencia-social\/programa-guarda-subsidiada\/","og_site_name":"Secretaria de Cidadania e Assist\u00eancia Social","article_modified_time":"2021-11-16T17:17:31+00:00","twitter_card":"summary_large_image","twitter_misc":{"Est. tempo de leitura":"1 minuto"},"schema":{"@context":"https:\/\/schema.org","@graph":[{"@type":"WebPage","@id":"https:\/\/www.pmpf.rs.gov.br\/secretaria-de-cidadania-e-assistencia-social\/programa-guarda-subsidiada\/","url":"https:\/\/www.pmpf.rs.gov.br\/secretaria-de-cidadania-e-assistencia-social\/programa-guarda-subsidiada\/","name":"Programa Guarda Subsidiada - Secretaria de Cidadania e Assist\u00eancia Social","isPartOf":{"@id":"https:\/\/www.pmpf.rs.gov.br\/secretaria-de-cidadania-e-assistencia-social\/#website"},"datePublished":"2021-11-16T17:17:14+00:00","dateModified":"2021-11-16T17:17:31+00:00","inLanguage":"pt-BR","potentialAction":[{"@type":"ReadAction","target":["https:\/\/www.pmpf.rs.gov.br\/secretaria-de-cidadania-e-assistencia-social\/programa-guarda-subsidiada\/"]}]},{"@type":"WebSite","@id":"https:\/\/www.pmpf.rs.gov.br\/secretaria-de-cidadania-e-assistencia-social\/#website","url":"https:\/\/www.pmpf.rs.gov.br\/secretaria-de-cidadania-e-assistencia-social\/","name":"Secretaria de Cidadania e Assist\u00eancia Social","description":"S\u00f3 mais um site Prefeitura de Passo Fundo","potentialAction":[{"@type":"SearchAction","target":{"@type":"EntryPoint","urlTemplate":"https:\/\/www.pmpf.rs.gov.br\/secretaria-de-cidadania-e-assistencia-social\/?s={search_term_string}"},"query-input":{"@type":"PropertyValueSpecification","valueRequired":true,"valueName":"search_term_string"}}],"inLanguage":"pt-BR"}]}},"_links":{"self":[{"href":"https:\/\/www.pmpf.rs.gov.br\/secretaria-de-cidadania-e-assistencia-social\/wp-json\/wp\/v2\/pages\/61"}],"collection":[{"href":"https:\/\/www.pmpf.rs.gov.br\/secretaria-de-cidadania-e-assistencia-social\/wp-json\/wp\/v2\/pages"}],"about":[{"href":"https:\/\/www.pmpf.rs.gov.br\/secretaria-de-cidadania-e-assistencia-social\/wp-json\/wp\/v2\/types\/page"}],"author":[{"embeddable":true,"href":"https:\/\/www.pmpf.rs.gov.br\/secretaria-de-cidadania-e-assistencia-social\/wp-json\/wp\/v2\/users\/1"}],"replies":[{"embeddable":true,"href":"https:\/\/www.pmpf.rs.gov.br\/secretaria-de-cidadania-e-assistencia-social\/wp-json\/wp\/v2\/comments?post=61"}],"version-history":[{"count":1,"href":"https:\/\/www.pmpf.rs.gov.br\/secretaria-de-cidadania-e-assistencia-social\/wp-json\/wp\/v2\/pages\/61\/revisions"}],"predecessor-version":[{"id":62,"href":"https:\/\/www.pmpf.rs.gov.br\/secretaria-de-cidadania-e-assistencia-social\/wp-json\/wp\/v2\/pages\/61\/revisions\/62"}],"wp:attachment":[{"href":"https:\/\/www.pmpf.rs.gov.br\/secretaria-de-cidadania-e-assistencia-social\/wp-json\/wp\/v2\/media?parent=61"}],"curies":[{"name":"wp","href":"https:\/\/api.w.org\/{rel}","templated":true}]}}

<h2 class="wp-block-heading">Instituído no município pela Lei nº 5148/2015</h2>



<p><em><strong>Art. 1º&nbsp;</strong>Fica instituído o Programa de Guarda Subsidiada de crianças e adolescentes em situação de risco por violação de direitos, como parte integrante da política de atendimento de assistência social do Município de Passo Fundo.</em></p>



<p><em><strong>Art. 2º</strong>&nbsp;A Guarda Subsidiada se constitui na guarda de criança ou adolescente por família extensa ou ampliada que manifeste o desejo em assumir os cuidados dos protegidos, oferecendo meios para atender as necessidades de alimentação, saúde, educação e lazer, com acompanhamento direto das Secretarias Municipais de Cidadania e Assistência Social, Saúde, Educação e Habitação, concomitantemente com o Conselho Tutelar, Ministério Público e Poder Judiciário.</em></p>



<p><em><strong>Art. 7º</strong>&nbsp;São requisitos para participar do Programa de Guarda Subsidiada:</em></p>



<ol class="wp-block-list" type="I"><li>pessoas maiores de 18 anos;</li><li>concordância de todos os membros da família;</li><li>residir no município de Passo Fundo;</li><li>disponibilidade de tempo e interesse em oferecer proteção às crianças e adolescentes;</li><li>ter, ao menos um dos responsáveis, declaração de rendimentos;</li><li>parecer psicossocial favorável da Equipe Técnica do Programa.</li></ol>



<p><em><strong>Art. 10</strong>&nbsp;A inclusão da criança ou adolescente no Programa de Guarda Subsidiada dependerá do deferimento da guarda pela autoridade judiciária competente.”</em><em><em></em></em></p>

<p>Instituído no município pela Lei nº 5148/2015 Art. 1º&nbsp;Fica instituído o Programa de Guarda Subsidiada de crianças e adolescentes em situação de risco por violação de direitos, como parte integrante da política [&hellip;]</p>

<!-- This site is optimized with the Yoast SEO plugin v23.8 - https://yoast.com/wordpress/plugins/seo/ -->
<title>Programa Guarda Subsidiada - Secretaria de Cidadania e Assistência Social</title>
<meta name="robots" content="index, follow, max-snippet:-1, max-image-preview:large, max-video-preview:-1" />
<link rel="canonical" href="https://www.pmpf.rs.gov.br/secretaria-de-cidadania-e-assistencia-social/programa-guarda-subsidiada/" />
<meta property="og:locale" content="pt_BR" />
<meta property="og:type" content="article" />
<meta property="og:title" content="Programa Guarda Subsidiada - Secretaria de Cidadania e Assistência Social" />
<meta property="og:description" content="Instituído no município pela Lei nº 5148/2015 Art. 1º&nbsp;Fica instituído o Programa de Guarda Subsidiada de crianças e adolescentes em situação de risco por violação de direitos, como parte integrante da política [&hellip;]" />
<meta property="og:url" content="https://www.pmpf.rs.gov.br/secretaria-de-cidadania-e-assistencia-social/programa-guarda-subsidiada/" />
<meta property="og:site_name" content="Secretaria de Cidadania e Assistência Social" />
<meta property="article:modified_time" content="2021-11-16T17:17:31+00:00" />
<meta name="twitter:card" content="summary_large_image" />
<meta name="twitter:label1" content="Est. tempo de leitura" />
	<meta name="twitter:data1" content="1 minuto" />
<script type="application/ld+json" class="yoast-schema-graph">{"@context":"https://schema.org","@graph":[{"@type":"WebPage","@id":"https://www.pmpf.rs.gov.br/secretaria-de-cidadania-e-assistencia-social/programa-guarda-subsidiada/","url":"https://www.pmpf.rs.gov.br/secretaria-de-cidadania-e-assistencia-social/programa-guarda-subsidiada/","name":"Programa Guarda Subsidiada - Secretaria de Cidadania e Assistência Social","isPartOf":{"@id":"https://www.pmpf.rs.gov.br/secretaria-de-cidadania-e-assistencia-social/#website"},"datePublished":"2021-11-16T17:17:14+00:00","dateModified":"2021-11-16T17:17:31+00:00","inLanguage":"pt-BR","potentialAction":[{"@type":"ReadAction","target":["https://www.pmpf.rs.gov.br/secretaria-de-cidadania-e-assistencia-social/programa-guarda-subsidiada/"]}]},{"@type":"WebSite","@id":"https://www.pmpf.rs.gov.br/secretaria-de-cidadania-e-assistencia-social/#website","url":"https://www.pmpf.rs.gov.br/secretaria-de-cidadania-e-assistencia-social/","name":"Secretaria de Cidadania e Assistência Social","description":"Só mais um site Prefeitura de Passo Fundo","potentialAction":[{"@type":"SearchAction","target":{"@type":"EntryPoint","urlTemplate":"https://www.pmpf.rs.gov.br/secretaria-de-cidadania-e-assistencia-social/?s={search_term_string}"},"query-input":{"@type":"PropertyValueSpecification","valueRequired":true,"valueName":"search_term_string"}}],"inLanguage":"pt-BR"}]}</script>
<!-- / Yoast SEO plugin. -->

Programa Guarda Subsidiada - Secretaria de Cidadania e Assistência Social

Instituído no município pela Lei nº 5148/2015 Art. 1º&nbsp;Fica instituído o Programa de Guarda Subsidiada de crianças e adolescentes em situação de risco por violação de direitos, como parte integrante da política [&hellip;]

Secretaria de Cidadania e Assistência Social

Só mais um site Prefeitura de Passo Fundo
