{"id":51,"date":"2021-11-16T14:07:44","date_gmt":"2021-11-16T17:07:44","guid":{"rendered":"https:\/\/www.pmpf.rs.gov.br\/secretaria-de-cidadania-e-assistencia-social\/?page_id=51"},"modified":"2021-11-16T14:07:46","modified_gmt":"2021-11-16T17:07:46","slug":"centro-pop-julio-rosa","status":"publish","type":"page","link":"https:\/\/www.pmpf.rs.gov.br\/secretaria-de-cidadania-e-assistencia-social\/centro-pop-julio-rosa\/","title":{"rendered":"Centro Pop J\u00falio Rosa"},"content":{"rendered":"\n<h2 class=\"wp-block-heading\">Servi\u00e7o especializado para pessoas em situa\u00e7\u00e3o de rua<\/h2>\n\n\n\n<p>O Centro de Refer\u00eancia Especializado para Popula\u00e7\u00e3o em Situa\u00e7\u00e3o de Rua \u2013 Centro Pop J\u00falio Rosa, \u00e9 uma unidade p\u00fablica voltada para o atendimento especializado \u00e0 popula\u00e7\u00e3o em situa\u00e7\u00e3o de rua. O Centro POP representa espa\u00e7o de refer\u00eancia para o conv\u00edvio social e o desenvolvimento de rela\u00e7\u00f5es de solidariedade, afetividade e respeito. Essa unidade tamb\u00e9m funciona como ponto de apoio para pessoas que moram e\/ou sobrevivem nas ruas. Promove o acesso a espa\u00e7os de guarda de pertences, de higiene pessoal, de alimenta\u00e7\u00e3o e provis\u00e3o de documenta\u00e7\u00e3o. O endere\u00e7o do Centro Pop pode ser usado como refer\u00eancia do usu\u00e1rio.<\/p>\n\n\n\n<p class=\"has-text-align-center\"><strong>Servi\u00e7os Ofertados no Centro Pop J\u00falio Rosa:<\/strong><\/p>\n\n\n\n<p><strong>Servi\u00e7o Especializado para Pessoas em Situa\u00e7\u00e3o de Rua<\/strong><br>Servi\u00e7o ofertado para pessoas que utilizam as ruas como espa\u00e7o de moradia e\/ou sobreviv\u00eancia. Tem a finalidade de assegurar atendimento e atividades direcionadas para o desenvolvimento de sociabilidades, na perspectiva de fortalecimento de v\u00ednculos interpessoais e\/ou familiares que oportunizem a constru\u00e7\u00e3o de novos projetos de vida. Oferece trabalho t\u00e9cnico para a an\u00e1lise das demandas dos usu\u00e1rios, orienta\u00e7\u00e3o individual e grupal e encaminhamentos a outros servi\u00e7os socioassistenciais e das demais pol\u00edticas p\u00fablicas que possam contribuir na constru\u00e7\u00e3o da autonomia, da inser\u00e7\u00e3o social e da prote\u00e7\u00e3o \u00e0s situa\u00e7\u00f5es de viol\u00eancia. Promove o acesso a espa\u00e7os de guarda de pertences, de higiene pessoal, de alimenta\u00e7\u00e3o e provis\u00e3o de documenta\u00e7\u00e3o civil. Proporciona endere\u00e7o institucional para utiliza\u00e7\u00e3o, como refer\u00eancia, do usu\u00e1rio. Realiza atendimentos individuais e coletivos, oficinas e atividades de conv\u00edvio e socializa\u00e7\u00e3o, al\u00e9m de a\u00e7\u00f5es que incentivem o protagonismo e a participa\u00e7\u00e3o social das pessoas em situa\u00e7\u00e3o de rua.<\/p>\n\n\n\n<p><strong>Servi\u00e7o Especializado em Abordagem Social<\/strong><br>Servi\u00e7o ofertado, de forma continuada e programada, com a finalidade de assegurar trabalho social de abordagem e busca ativa que identifique, nos territ\u00f3rios, a incid\u00eancia de trabalho infantil, explora\u00e7\u00e3o sexual de crian\u00e7as e adolescentes, situa\u00e7\u00e3o de rua, dentre outras. O servi\u00e7o \u00e9 realizado por uma equipe de educadores sociais que identifica fam\u00edlias e indiv\u00edduos em situa\u00e7\u00e3o de risco pessoal e social em espa\u00e7os p\u00fablicos, garantindo aten\u00e7\u00e3o \u00e0s necessidades imediatas das pessoas atendidas.<\/p>\n\n\n\n<p><strong>P\u00fablico Atendido:<\/strong>&nbsp;Fam\u00edlias e indiv\u00edduos em situa\u00e7\u00e3o de rua<\/p>\n\n\n\n<p><strong>Equipe de Refer\u00eancia:<\/strong>&nbsp;Composta por profissionais com n\u00edvel de escolaridade, m\u00e9dio e superior. Equipe T\u00e9cnica de Refer\u00eancia:<br><em>Coordena\u00e7\u00e3o<\/em><br><em>Assistente Social:&nbsp;<\/em>01<\/p>\n\n\n\n<p><strong>Endere\u00e7o<\/strong>&nbsp;Rua: Morom,2649 CEP 99.010-035<br>e-mail:centropopjr@pmpf.rs.gov.br<br>Fone:3314-5278<\/p>\n","protected":false},"excerpt":{"rendered":"<p>Servi\u00e7o especializado para pessoas em situa\u00e7\u00e3o de rua O Centro de Refer\u00eancia Especializado para Popula\u00e7\u00e3o em Situa\u00e7\u00e3o de Rua \u2013 Centro Pop J\u00falio Rosa, \u00e9 uma unidade p\u00fablica voltada para o atendimento [&hellip;]<\/p>\n","protected":false},"author":1,"featured_media":0,"parent":0,"menu_order":0,"comment_status":"closed","ping_status":"closed","template":"","meta":{"footnotes":""},"class_list":["post-51","page","type-page","status-publish","hentry"],"yoast_head":"<!-- This site is optimized with the Yoast SEO plugin v23.8 - https:\/\/yoast.com\/wordpress\/plugins\/seo\/ -->\n<title>Centro Pop J\u00falio Rosa - Secretaria de Cidadania e Assist\u00eancia Social<\/title>\n<meta name=\"robots\" content=\"index, follow, max-snippet:-1, max-image-preview:large, max-video-preview:-1\" \/>\n<link rel=\"canonical\" href=\"https:\/\/www.pmpf.rs.gov.br\/secretaria-de-cidadania-e-assistencia-social\/centro-pop-julio-rosa\/\" \/>\n<meta property=\"og:locale\" content=\"pt_BR\" \/>\n<meta property=\"og:type\" content=\"article\" \/>\n<meta property=\"og:title\" content=\"Centro Pop J\u00falio Rosa - Secretaria de Cidadania e Assist\u00eancia Social\" \/>\n<meta property=\"og:description\" content=\"Servi\u00e7o especializado para pessoas em situa\u00e7\u00e3o de rua O Centro de Refer\u00eancia Especializado para Popula\u00e7\u00e3o em Situa\u00e7\u00e3o de Rua \u2013 Centro Pop J\u00falio Rosa, \u00e9 uma unidade p\u00fablica voltada para o atendimento [&hellip;]\" \/>\n<meta property=\"og:url\" content=\"https:\/\/www.pmpf.rs.gov.br\/secretaria-de-cidadania-e-assistencia-social\/centro-pop-julio-rosa\/\" \/>\n<meta property=\"og:site_name\" content=\"Secretaria de Cidadania e Assist\u00eancia Social\" \/>\n<meta property=\"article:modified_time\" content=\"2021-11-16T17:07:46+00:00\" \/>\n<meta name=\"twitter:card\" content=\"summary_large_image\" \/>\n<meta name=\"twitter:label1\" content=\"Est. tempo de leitura\" \/>\n\t<meta name=\"twitter:data1\" content=\"2 minutos\" \/>\n<script type=\"application\/ld+json\" class=\"yoast-schema-graph\">{\"@context\":\"https:\/\/schema.org\",\"@graph\":[{\"@type\":\"WebPage\",\"@id\":\"https:\/\/www.pmpf.rs.gov.br\/secretaria-de-cidadania-e-assistencia-social\/centro-pop-julio-rosa\/\",\"url\":\"https:\/\/www.pmpf.rs.gov.br\/secretaria-de-cidadania-e-assistencia-social\/centro-pop-julio-rosa\/\",\"name\":\"Centro Pop J\u00falio Rosa - Secretaria de Cidadania e Assist\u00eancia Social\",\"isPartOf\":{\"@id\":\"https:\/\/www.pmpf.rs.gov.br\/secretaria-de-cidadania-e-assistencia-social\/#website\"},\"datePublished\":\"2021-11-16T17:07:44+00:00\",\"dateModified\":\"2021-11-16T17:07:46+00:00\",\"inLanguage\":\"pt-BR\",\"potentialAction\":[{\"@type\":\"ReadAction\",\"target\":[\"https:\/\/www.pmpf.rs.gov.br\/secretaria-de-cidadania-e-assistencia-social\/centro-pop-julio-rosa\/\"]}]},{\"@type\":\"WebSite\",\"@id\":\"https:\/\/www.pmpf.rs.gov.br\/secretaria-de-cidadania-e-assistencia-social\/#website\",\"url\":\"https:\/\/www.pmpf.rs.gov.br\/secretaria-de-cidadania-e-assistencia-social\/\",\"name\":\"Secretaria de Cidadania e Assist\u00eancia Social\",\"description\":\"S\u00f3 mais um site Prefeitura de Passo Fundo\",\"potentialAction\":[{\"@type\":\"SearchAction\",\"target\":{\"@type\":\"EntryPoint\",\"urlTemplate\":\"https:\/\/www.pmpf.rs.gov.br\/secretaria-de-cidadania-e-assistencia-social\/?s={search_term_string}\"},\"query-input\":{\"@type\":\"PropertyValueSpecification\",\"valueRequired\":true,\"valueName\":\"search_term_string\"}}],\"inLanguage\":\"pt-BR\"}]}<\/script>\n<!-- \/ Yoast SEO plugin. -->","yoast_head_json":{"title":"Centro Pop J\u00falio Rosa - Secretaria de Cidadania e Assist\u00eancia Social","robots":{"index":"index","follow":"follow","max-snippet":"max-snippet:-1","max-image-preview":"max-image-preview:large","max-video-preview":"max-video-preview:-1"},"canonical":"https:\/\/www.pmpf.rs.gov.br\/secretaria-de-cidadania-e-assistencia-social\/centro-pop-julio-rosa\/","og_locale":"pt_BR","og_type":"article","og_title":"Centro Pop J\u00falio Rosa - Secretaria de Cidadania e Assist\u00eancia Social","og_description":"Servi\u00e7o especializado para pessoas em situa\u00e7\u00e3o de rua O Centro de Refer\u00eancia Especializado para Popula\u00e7\u00e3o em Situa\u00e7\u00e3o de Rua \u2013 Centro Pop J\u00falio Rosa, \u00e9 uma unidade p\u00fablica voltada para o atendimento [&hellip;]","og_url":"https:\/\/www.pmpf.rs.gov.br\/secretaria-de-cidadania-e-assistencia-social\/centro-pop-julio-rosa\/","og_site_name":"Secretaria de Cidadania e Assist\u00eancia Social","article_modified_time":"2021-11-16T17:07:46+00:00","twitter_card":"summary_large_image","twitter_misc":{"Est. tempo de leitura":"2 minutos"},"schema":{"@context":"https:\/\/schema.org","@graph":[{"@type":"WebPage","@id":"https:\/\/www.pmpf.rs.gov.br\/secretaria-de-cidadania-e-assistencia-social\/centro-pop-julio-rosa\/","url":"https:\/\/www.pmpf.rs.gov.br\/secretaria-de-cidadania-e-assistencia-social\/centro-pop-julio-rosa\/","name":"Centro Pop J\u00falio Rosa - Secretaria de Cidadania e Assist\u00eancia Social","isPartOf":{"@id":"https:\/\/www.pmpf.rs.gov.br\/secretaria-de-cidadania-e-assistencia-social\/#website"},"datePublished":"2021-11-16T17:07:44+00:00","dateModified":"2021-11-16T17:07:46+00:00","inLanguage":"pt-BR","potentialAction":[{"@type":"ReadAction","target":["https:\/\/www.pmpf.rs.gov.br\/secretaria-de-cidadania-e-assistencia-social\/centro-pop-julio-rosa\/"]}]},{"@type":"WebSite","@id":"https:\/\/www.pmpf.rs.gov.br\/secretaria-de-cidadania-e-assistencia-social\/#website","url":"https:\/\/www.pmpf.rs.gov.br\/secretaria-de-cidadania-e-assistencia-social\/","name":"Secretaria de Cidadania e Assist\u00eancia Social","description":"S\u00f3 mais um site Prefeitura de Passo Fundo","potentialAction":[{"@type":"SearchAction","target":{"@type":"EntryPoint","urlTemplate":"https:\/\/www.pmpf.rs.gov.br\/secretaria-de-cidadania-e-assistencia-social\/?s={search_term_string}"},"query-input":{"@type":"PropertyValueSpecification","valueRequired":true,"valueName":"search_term_string"}}],"inLanguage":"pt-BR"}]}},"_links":{"self":[{"href":"https:\/\/www.pmpf.rs.gov.br\/secretaria-de-cidadania-e-assistencia-social\/wp-json\/wp\/v2\/pages\/51"}],"collection":[{"href":"https:\/\/www.pmpf.rs.gov.br\/secretaria-de-cidadania-e-assistencia-social\/wp-json\/wp\/v2\/pages"}],"about":[{"href":"https:\/\/www.pmpf.rs.gov.br\/secretaria-de-cidadania-e-assistencia-social\/wp-json\/wp\/v2\/types\/page"}],"author":[{"embeddable":true,"href":"https:\/\/www.pmpf.rs.gov.br\/secretaria-de-cidadania-e-assistencia-social\/wp-json\/wp\/v2\/users\/1"}],"replies":[{"embeddable":true,"href":"https:\/\/www.pmpf.rs.gov.br\/secretaria-de-cidadania-e-assistencia-social\/wp-json\/wp\/v2\/comments?post=51"}],"version-history":[{"count":1,"href":"https:\/\/www.pmpf.rs.gov.br\/secretaria-de-cidadania-e-assistencia-social\/wp-json\/wp\/v2\/pages\/51\/revisions"}],"predecessor-version":[{"id":52,"href":"https:\/\/www.pmpf.rs.gov.br\/secretaria-de-cidadania-e-assistencia-social\/wp-json\/wp\/v2\/pages\/51\/revisions\/52"}],"wp:attachment":[{"href":"https:\/\/www.pmpf.rs.gov.br\/secretaria-de-cidadania-e-assistencia-social\/wp-json\/wp\/v2\/media?parent=51"}],"curies":[{"name":"wp","href":"https:\/\/api.w.org\/{rel}","templated":true}]}}