{"id":46,"date":"2021-11-16T14:06:19","date_gmt":"2021-11-16T17:06:19","guid":{"rendered":"https:\/\/www.pmpf.rs.gov.br\/secretaria-de-cidadania-e-assistencia-social\/?page_id=46"},"modified":"2021-11-16T14:06:20","modified_gmt":"2021-11-16T17:06:20","slug":"centro-de-referencia-de-atendimento-a-mulher-cram","status":"publish","type":"page","link":"https:\/\/www.pmpf.rs.gov.br\/secretaria-de-cidadania-e-assistencia-social\/centro-de-referencia-de-atendimento-a-mulher-cram\/","title":{"rendered":"Centro de Refer\u00eancia de Atendimento \u00e0 Mulher &#8211; CRAM"},"content":{"rendered":"\n<h2 class=\"wp-block-heading\">Centro de Refer\u00eancia de Atendimento \u00e0 Mulher<\/h2>\n\n\n\n<p>O Centro de Refer\u00eancia de Atendimento \u00e0 Mulher presta acolhida, acompanhamento psicol\u00f3gico e social, e orienta\u00e7\u00e3o jur\u00eddica \u00e0s mulheres em situa\u00e7\u00e3o de viol\u00eancia, visando \u00e0 ruptura da situa\u00e7\u00e3o de viol\u00eancia e \u00e0 constru\u00e7\u00e3o da cidadania das mulheres, por meio de atendimento intersetorial e interdisciplinar. Al\u00e9m do atendimento das situa\u00e7\u00f5es de viol\u00eancia identificadas cabe a este servi\u00e7o tamb\u00e9m a realiza\u00e7\u00e3o de a\u00e7\u00f5es de preven\u00e7\u00e3o \u00e0 viol\u00eancia contra mulher.<\/p>\n\n\n\n<p><strong>Endere\u00e7o:<\/strong>&nbsp;Rua Pantale\u00e3o Bolner, 286 \u2013 Bairro Jos\u00e9 Alexandre Z\u00e1chia Cep. 99 042 -580<br><strong>Telefone:<\/strong>&nbsp;54 3313 8654<br><strong>E-mail:&nbsp;<\/strong>cram@pmpf.rs.gov.br<\/p>\n","protected":false},"excerpt":{"rendered":"<p>Centro de Refer\u00eancia de Atendimento \u00e0 Mulher O Centro de Refer\u00eancia de Atendimento \u00e0 Mulher presta acolhida, acompanhamento psicol\u00f3gico e social, e orienta\u00e7\u00e3o jur\u00eddica \u00e0s mulheres em situa\u00e7\u00e3o de viol\u00eancia, visando \u00e0 [&hellip;]<\/p>\n","protected":false},"author":1,"featured_media":0,"parent":0,"menu_order":0,"comment_status":"closed","ping_status":"closed","template":"","meta":{"footnotes":""},"class_list":["post-46","page","type-page","status-publish","hentry"],"yoast_head":"<!-- This site is optimized with the Yoast SEO plugin v23.8 - https:\/\/yoast.com\/wordpress\/plugins\/seo\/ -->\n<title>Centro de Refer\u00eancia de Atendimento \u00e0 Mulher - CRAM - Secretaria de Cidadania e Assist\u00eancia Social<\/title>\n<meta name=\"robots\" content=\"index, follow, max-snippet:-1, max-image-preview:large, max-video-preview:-1\" \/>\n<link rel=\"canonical\" href=\"https:\/\/www.pmpf.rs.gov.br\/secretaria-de-cidadania-e-assistencia-social\/centro-de-referencia-de-atendimento-a-mulher-cram\/\" \/>\n<meta property=\"og:locale\" content=\"pt_BR\" \/>\n<meta property=\"og:type\" content=\"article\" \/>\n<meta property=\"og:title\" content=\"Centro de Refer\u00eancia de Atendimento \u00e0 Mulher - CRAM - Secretaria de Cidadania e Assist\u00eancia Social\" \/>\n<meta property=\"og:description\" content=\"Centro de Refer\u00eancia de Atendimento \u00e0 Mulher O Centro de Refer\u00eancia de Atendimento \u00e0 Mulher presta acolhida, acompanhamento psicol\u00f3gico e social, e orienta\u00e7\u00e3o jur\u00eddica \u00e0s mulheres em situa\u00e7\u00e3o de viol\u00eancia, visando \u00e0 [&hellip;]\" \/>\n<meta property=\"og:url\" content=\"https:\/\/www.pmpf.rs.gov.br\/secretaria-de-cidadania-e-assistencia-social\/centro-de-referencia-de-atendimento-a-mulher-cram\/\" \/>\n<meta property=\"og:site_name\" content=\"Secretaria de Cidadania e Assist\u00eancia Social\" \/>\n<meta property=\"article:modified_time\" content=\"2021-11-16T17:06:20+00:00\" \/>\n<meta name=\"twitter:card\" content=\"summary_large_image\" \/>\n<meta name=\"twitter:label1\" content=\"Est. tempo de leitura\" \/>\n\t<meta name=\"twitter:data1\" content=\"1 minuto\" \/>\n<script type=\"application\/ld+json\" class=\"yoast-schema-graph\">{\"@context\":\"https:\/\/schema.org\",\"@graph\":[{\"@type\":\"WebPage\",\"@id\":\"https:\/\/www.pmpf.rs.gov.br\/secretaria-de-cidadania-e-assistencia-social\/centro-de-referencia-de-atendimento-a-mulher-cram\/\",\"url\":\"https:\/\/www.pmpf.rs.gov.br\/secretaria-de-cidadania-e-assistencia-social\/centro-de-referencia-de-atendimento-a-mulher-cram\/\",\"name\":\"Centro de Refer\u00eancia de Atendimento \u00e0 Mulher - CRAM - Secretaria de Cidadania e Assist\u00eancia Social\",\"isPartOf\":{\"@id\":\"https:\/\/www.pmpf.rs.gov.br\/secretaria-de-cidadania-e-assistencia-social\/#website\"},\"datePublished\":\"2021-11-16T17:06:19+00:00\",\"dateModified\":\"2021-11-16T17:06:20+00:00\",\"inLanguage\":\"pt-BR\",\"potentialAction\":[{\"@type\":\"ReadAction\",\"target\":[\"https:\/\/www.pmpf.rs.gov.br\/secretaria-de-cidadania-e-assistencia-social\/centro-de-referencia-de-atendimento-a-mulher-cram\/\"]}]},{\"@type\":\"WebSite\",\"@id\":\"https:\/\/www.pmpf.rs.gov.br\/secretaria-de-cidadania-e-assistencia-social\/#website\",\"url\":\"https:\/\/www.pmpf.rs.gov.br\/secretaria-de-cidadania-e-assistencia-social\/\",\"name\":\"Secretaria de Cidadania e Assist\u00eancia Social\",\"description\":\"S\u00f3 mais um site Prefeitura de Passo Fundo\",\"potentialAction\":[{\"@type\":\"SearchAction\",\"target\":{\"@type\":\"EntryPoint\",\"urlTemplate\":\"https:\/\/www.pmpf.rs.gov.br\/secretaria-de-cidadania-e-assistencia-social\/?s={search_term_string}\"},\"query-input\":{\"@type\":\"PropertyValueSpecification\",\"valueRequired\":true,\"valueName\":\"search_term_string\"}}],\"inLanguage\":\"pt-BR\"}]}<\/script>\n<!-- \/ Yoast SEO plugin. -->","yoast_head_json":{"title":"Centro de Refer\u00eancia de Atendimento \u00e0 Mulher - CRAM - Secretaria de Cidadania e Assist\u00eancia Social","robots":{"index":"index","follow":"follow","max-snippet":"max-snippet:-1","max-image-preview":"max-image-preview:large","max-video-preview":"max-video-preview:-1"},"canonical":"https:\/\/www.pmpf.rs.gov.br\/secretaria-de-cidadania-e-assistencia-social\/centro-de-referencia-de-atendimento-a-mulher-cram\/","og_locale":"pt_BR","og_type":"article","og_title":"Centro de Refer\u00eancia de Atendimento \u00e0 Mulher - CRAM - Secretaria de Cidadania e Assist\u00eancia Social","og_description":"Centro de Refer\u00eancia de Atendimento \u00e0 Mulher O Centro de Refer\u00eancia de Atendimento \u00e0 Mulher presta acolhida, acompanhamento psicol\u00f3gico e social, e orienta\u00e7\u00e3o jur\u00eddica \u00e0s mulheres em situa\u00e7\u00e3o de viol\u00eancia, visando \u00e0 [&hellip;]","og_url":"https:\/\/www.pmpf.rs.gov.br\/secretaria-de-cidadania-e-assistencia-social\/centro-de-referencia-de-atendimento-a-mulher-cram\/","og_site_name":"Secretaria de Cidadania e Assist\u00eancia Social","article_modified_time":"2021-11-16T17:06:20+00:00","twitter_card":"summary_large_image","twitter_misc":{"Est. tempo de leitura":"1 minuto"},"schema":{"@context":"https:\/\/schema.org","@graph":[{"@type":"WebPage","@id":"https:\/\/www.pmpf.rs.gov.br\/secretaria-de-cidadania-e-assistencia-social\/centro-de-referencia-de-atendimento-a-mulher-cram\/","url":"https:\/\/www.pmpf.rs.gov.br\/secretaria-de-cidadania-e-assistencia-social\/centro-de-referencia-de-atendimento-a-mulher-cram\/","name":"Centro de Refer\u00eancia de Atendimento \u00e0 Mulher - CRAM - Secretaria de Cidadania e Assist\u00eancia Social","isPartOf":{"@id":"https:\/\/www.pmpf.rs.gov.br\/secretaria-de-cidadania-e-assistencia-social\/#website"},"datePublished":"2021-11-16T17:06:19+00:00","dateModified":"2021-11-16T17:06:20+00:00","inLanguage":"pt-BR","potentialAction":[{"@type":"ReadAction","target":["https:\/\/www.pmpf.rs.gov.br\/secretaria-de-cidadania-e-assistencia-social\/centro-de-referencia-de-atendimento-a-mulher-cram\/"]}]},{"@type":"WebSite","@id":"https:\/\/www.pmpf.rs.gov.br\/secretaria-de-cidadania-e-assistencia-social\/#website","url":"https:\/\/www.pmpf.rs.gov.br\/secretaria-de-cidadania-e-assistencia-social\/","name":"Secretaria de Cidadania e Assist\u00eancia Social","description":"S\u00f3 mais um site Prefeitura de Passo Fundo","potentialAction":[{"@type":"SearchAction","target":{"@type":"EntryPoint","urlTemplate":"https:\/\/www.pmpf.rs.gov.br\/secretaria-de-cidadania-e-assistencia-social\/?s={search_term_string}"},"query-input":{"@type":"PropertyValueSpecification","valueRequired":true,"valueName":"search_term_string"}}],"inLanguage":"pt-BR"}]}},"_links":{"self":[{"href":"https:\/\/www.pmpf.rs.gov.br\/secretaria-de-cidadania-e-assistencia-social\/wp-json\/wp\/v2\/pages\/46"}],"collection":[{"href":"https:\/\/www.pmpf.rs.gov.br\/secretaria-de-cidadania-e-assistencia-social\/wp-json\/wp\/v2\/pages"}],"about":[{"href":"https:\/\/www.pmpf.rs.gov.br\/secretaria-de-cidadania-e-assistencia-social\/wp-json\/wp\/v2\/types\/page"}],"author":[{"embeddable":true,"href":"https:\/\/www.pmpf.rs.gov.br\/secretaria-de-cidadania-e-assistencia-social\/wp-json\/wp\/v2\/users\/1"}],"replies":[{"embeddable":true,"href":"https:\/\/www.pmpf.rs.gov.br\/secretaria-de-cidadania-e-assistencia-social\/wp-json\/wp\/v2\/comments?post=46"}],"version-history":[{"count":1,"href":"https:\/\/www.pmpf.rs.gov.br\/secretaria-de-cidadania-e-assistencia-social\/wp-json\/wp\/v2\/pages\/46\/revisions"}],"predecessor-version":[{"id":47,"href":"https:\/\/www.pmpf.rs.gov.br\/secretaria-de-cidadania-e-assistencia-social\/wp-json\/wp\/v2\/pages\/46\/revisions\/47"}],"wp:attachment":[{"href":"https:\/\/www.pmpf.rs.gov.br\/secretaria-de-cidadania-e-assistencia-social\/wp-json\/wp\/v2\/media?parent=46"}],"curies":[{"name":"wp","href":"https:\/\/api.w.org\/{rel}","templated":true}]}}