{"id":1788,"date":"2026-03-10T10:32:14","date_gmt":"2026-03-10T13:32:14","guid":{"rendered":"https:\/\/www.pmpf.rs.gov.br\/secretaria-de-cidadania-e-assistencia-social\/?post_type=eventos&#038;p=1788"},"modified":"2026-03-10T10:35:02","modified_gmt":"2026-03-10T13:35:02","slug":"programacao-do-mes-da-mulher-saude-do-sono-da-mulher","status":"publish","type":"eventos","link":"https:\/\/www.pmpf.rs.gov.br\/secretaria-de-cidadania-e-assistencia-social\/eventos\/programacao-do-mes-da-mulher-saude-do-sono-da-mulher\/","title":{"rendered":"Palestras &#8220;Sa\u00fade do Sono da Mulher&#8221; e &#8220;Cuidados B\u00e1sicos da Vida, Sa\u00fade e Beleza&#8221;"},"content":{"rendered":"\n<p>Aberto ao p\u00fablico<\/p>\n","protected":false},"featured_media":0,"template":"","class_list":["post-1788","eventos","type-eventos","status-publish","hentry"],"yoast_head":"<!-- This site is optimized with the Yoast SEO plugin v23.8 - https:\/\/yoast.com\/wordpress\/plugins\/seo\/ -->\n<title>Palestras &quot;Sa\u00fade do Sono da Mulher&quot; e &quot;Cuidados B\u00e1sicos da Vida, Sa\u00fade e Beleza&quot; - Secretaria de Cidadania e Assist\u00eancia Social<\/title>\n<meta name=\"robots\" content=\"index, follow, max-snippet:-1, max-image-preview:large, max-video-preview:-1\" \/>\n<link rel=\"canonical\" href=\"https:\/\/www.pmpf.rs.gov.br\/secretaria-de-cidadania-e-assistencia-social\/eventos\/programacao-do-mes-da-mulher-saude-do-sono-da-mulher\/\" \/>\n<meta property=\"og:locale\" content=\"pt_BR\" \/>\n<meta property=\"og:type\" content=\"article\" \/>\n<meta property=\"og:title\" content=\"Palestras &quot;Sa\u00fade do Sono da Mulher&quot; e &quot;Cuidados B\u00e1sicos da Vida, Sa\u00fade e Beleza&quot; - Secretaria de Cidadania e Assist\u00eancia Social\" \/>\n<meta property=\"og:description\" content=\"Aberto ao p\u00fablico\" \/>\n<meta property=\"og:url\" content=\"https:\/\/www.pmpf.rs.gov.br\/secretaria-de-cidadania-e-assistencia-social\/eventos\/programacao-do-mes-da-mulher-saude-do-sono-da-mulher\/\" \/>\n<meta property=\"og:site_name\" content=\"Secretaria de Cidadania e Assist\u00eancia Social\" \/>\n<meta property=\"article:modified_time\" content=\"2026-03-10T13:35:02+00:00\" \/>\n<meta name=\"twitter:card\" content=\"summary_large_image\" \/>\n<script type=\"application\/ld+json\" class=\"yoast-schema-graph\">{\"@context\":\"https:\/\/schema.org\",\"@graph\":[{\"@type\":\"WebPage\",\"@id\":\"https:\/\/www.pmpf.rs.gov.br\/secretaria-de-cidadania-e-assistencia-social\/eventos\/programacao-do-mes-da-mulher-saude-do-sono-da-mulher\/\",\"url\":\"https:\/\/www.pmpf.rs.gov.br\/secretaria-de-cidadania-e-assistencia-social\/eventos\/programacao-do-mes-da-mulher-saude-do-sono-da-mulher\/\",\"name\":\"Palestras \\\"Sa\u00fade do Sono da Mulher\\\" e \\\"Cuidados B\u00e1sicos da Vida, Sa\u00fade e Beleza\\\" - Secretaria de Cidadania e Assist\u00eancia Social\",\"isPartOf\":{\"@id\":\"https:\/\/www.pmpf.rs.gov.br\/secretaria-de-cidadania-e-assistencia-social\/#website\"},\"datePublished\":\"2026-03-10T13:32:14+00:00\",\"dateModified\":\"2026-03-10T13:35:02+00:00\",\"breadcrumb\":{\"@id\":\"https:\/\/www.pmpf.rs.gov.br\/secretaria-de-cidadania-e-assistencia-social\/eventos\/programacao-do-mes-da-mulher-saude-do-sono-da-mulher\/#breadcrumb\"},\"inLanguage\":\"pt-BR\",\"potentialAction\":[{\"@type\":\"ReadAction\",\"target\":[\"https:\/\/www.pmpf.rs.gov.br\/secretaria-de-cidadania-e-assistencia-social\/eventos\/programacao-do-mes-da-mulher-saude-do-sono-da-mulher\/\"]}]},{\"@type\":\"BreadcrumbList\",\"@id\":\"https:\/\/www.pmpf.rs.gov.br\/secretaria-de-cidadania-e-assistencia-social\/eventos\/programacao-do-mes-da-mulher-saude-do-sono-da-mulher\/#breadcrumb\",\"itemListElement\":[{\"@type\":\"ListItem\",\"position\":1,\"name\":\"Eventos\",\"item\":\"https:\/\/www.pmpf.rs.gov.br\/secretaria-de-cidadania-e-assistencia-social\/eventos\/\"},{\"@type\":\"ListItem\",\"position\":2,\"name\":\"Palestras &#8220;Sa\u00fade do Sono da Mulher&#8221; e &#8220;Cuidados B\u00e1sicos da Vida, Sa\u00fade e Beleza&#8221;\"}]},{\"@type\":\"WebSite\",\"@id\":\"https:\/\/www.pmpf.rs.gov.br\/secretaria-de-cidadania-e-assistencia-social\/#website\",\"url\":\"https:\/\/www.pmpf.rs.gov.br\/secretaria-de-cidadania-e-assistencia-social\/\",\"name\":\"Secretaria de Cidadania e Assist\u00eancia Social\",\"description\":\"S\u00f3 mais um site Prefeitura de Passo Fundo\",\"potentialAction\":[{\"@type\":\"SearchAction\",\"target\":{\"@type\":\"EntryPoint\",\"urlTemplate\":\"https:\/\/www.pmpf.rs.gov.br\/secretaria-de-cidadania-e-assistencia-social\/?s={search_term_string}\"},\"query-input\":{\"@type\":\"PropertyValueSpecification\",\"valueRequired\":true,\"valueName\":\"search_term_string\"}}],\"inLanguage\":\"pt-BR\"}]}<\/script>\n<!-- \/ Yoast SEO plugin. -->","yoast_head_json":{"title":"Palestras \"Sa\u00fade do Sono da Mulher\" e \"Cuidados B\u00e1sicos da Vida, Sa\u00fade e Beleza\" - Secretaria de Cidadania e Assist\u00eancia Social","robots":{"index":"index","follow":"follow","max-snippet":"max-snippet:-1","max-image-preview":"max-image-preview:large","max-video-preview":"max-video-preview:-1"},"canonical":"https:\/\/www.pmpf.rs.gov.br\/secretaria-de-cidadania-e-assistencia-social\/eventos\/programacao-do-mes-da-mulher-saude-do-sono-da-mulher\/","og_locale":"pt_BR","og_type":"article","og_title":"Palestras \"Sa\u00fade do Sono da Mulher\" e \"Cuidados B\u00e1sicos da Vida, Sa\u00fade e Beleza\" - Secretaria de Cidadania e Assist\u00eancia Social","og_description":"Aberto ao p\u00fablico","og_url":"https:\/\/www.pmpf.rs.gov.br\/secretaria-de-cidadania-e-assistencia-social\/eventos\/programacao-do-mes-da-mulher-saude-do-sono-da-mulher\/","og_site_name":"Secretaria de Cidadania e Assist\u00eancia Social","article_modified_time":"2026-03-10T13:35:02+00:00","twitter_card":"summary_large_image","schema":{"@context":"https:\/\/schema.org","@graph":[{"@type":"WebPage","@id":"https:\/\/www.pmpf.rs.gov.br\/secretaria-de-cidadania-e-assistencia-social\/eventos\/programacao-do-mes-da-mulher-saude-do-sono-da-mulher\/","url":"https:\/\/www.pmpf.rs.gov.br\/secretaria-de-cidadania-e-assistencia-social\/eventos\/programacao-do-mes-da-mulher-saude-do-sono-da-mulher\/","name":"Palestras \"Sa\u00fade do Sono da Mulher\" e \"Cuidados B\u00e1sicos da Vida, Sa\u00fade e Beleza\" - Secretaria de Cidadania e Assist\u00eancia Social","isPartOf":{"@id":"https:\/\/www.pmpf.rs.gov.br\/secretaria-de-cidadania-e-assistencia-social\/#website"},"datePublished":"2026-03-10T13:32:14+00:00","dateModified":"2026-03-10T13:35:02+00:00","breadcrumb":{"@id":"https:\/\/www.pmpf.rs.gov.br\/secretaria-de-cidadania-e-assistencia-social\/eventos\/programacao-do-mes-da-mulher-saude-do-sono-da-mulher\/#breadcrumb"},"inLanguage":"pt-BR","potentialAction":[{"@type":"ReadAction","target":["https:\/\/www.pmpf.rs.gov.br\/secretaria-de-cidadania-e-assistencia-social\/eventos\/programacao-do-mes-da-mulher-saude-do-sono-da-mulher\/"]}]},{"@type":"BreadcrumbList","@id":"https:\/\/www.pmpf.rs.gov.br\/secretaria-de-cidadania-e-assistencia-social\/eventos\/programacao-do-mes-da-mulher-saude-do-sono-da-mulher\/#breadcrumb","itemListElement":[{"@type":"ListItem","position":1,"name":"Eventos","item":"https:\/\/www.pmpf.rs.gov.br\/secretaria-de-cidadania-e-assistencia-social\/eventos\/"},{"@type":"ListItem","position":2,"name":"Palestras &#8220;Sa\u00fade do Sono da Mulher&#8221; e &#8220;Cuidados B\u00e1sicos da Vida, Sa\u00fade e Beleza&#8221;"}]},{"@type":"WebSite","@id":"https:\/\/www.pmpf.rs.gov.br\/secretaria-de-cidadania-e-assistencia-social\/#website","url":"https:\/\/www.pmpf.rs.gov.br\/secretaria-de-cidadania-e-assistencia-social\/","name":"Secretaria de Cidadania e Assist\u00eancia Social","description":"S\u00f3 mais um site Prefeitura de Passo Fundo","potentialAction":[{"@type":"SearchAction","target":{"@type":"EntryPoint","urlTemplate":"https:\/\/www.pmpf.rs.gov.br\/secretaria-de-cidadania-e-assistencia-social\/?s={search_term_string}"},"query-input":{"@type":"PropertyValueSpecification","valueRequired":true,"valueName":"search_term_string"}}],"inLanguage":"pt-BR"}]}},"_links":{"self":[{"href":"https:\/\/www.pmpf.rs.gov.br\/secretaria-de-cidadania-e-assistencia-social\/wp-json\/wp\/v2\/eventos\/1788"}],"collection":[{"href":"https:\/\/www.pmpf.rs.gov.br\/secretaria-de-cidadania-e-assistencia-social\/wp-json\/wp\/v2\/eventos"}],"about":[{"href":"https:\/\/www.pmpf.rs.gov.br\/secretaria-de-cidadania-e-assistencia-social\/wp-json\/wp\/v2\/types\/eventos"}],"wp:attachment":[{"href":"https:\/\/www.pmpf.rs.gov.br\/secretaria-de-cidadania-e-assistencia-social\/wp-json\/wp\/v2\/media?parent=1788"}],"curies":[{"name":"wp","href":"https:\/\/api.w.org\/{rel}","templated":true}]}}

Palestras &#8220;Saúde do Sono da Mulher&#8221; e &#8220;Cuidados Básicos da Vida, Saúde e Beleza&#8221;

<p>Aberto ao público</p>

<!-- This site is optimized with the Yoast SEO plugin v23.8 - https://yoast.com/wordpress/plugins/seo/ -->
<title>Palestras &quot;Saúde do Sono da Mulher&quot; e &quot;Cuidados Básicos da Vida, Saúde e Beleza&quot; - Secretaria de Cidadania e Assistência Social</title>
<meta name="robots" content="index, follow, max-snippet:-1, max-image-preview:large, max-video-preview:-1" />
<link rel="canonical" href="https://www.pmpf.rs.gov.br/secretaria-de-cidadania-e-assistencia-social/eventos/programacao-do-mes-da-mulher-saude-do-sono-da-mulher/" />
<meta property="og:locale" content="pt_BR" />
<meta property="og:type" content="article" />
<meta property="og:title" content="Palestras &quot;Saúde do Sono da Mulher&quot; e &quot;Cuidados Básicos da Vida, Saúde e Beleza&quot; - Secretaria de Cidadania e Assistência Social" />
<meta property="og:description" content="Aberto ao público" />
<meta property="og:url" content="https://www.pmpf.rs.gov.br/secretaria-de-cidadania-e-assistencia-social/eventos/programacao-do-mes-da-mulher-saude-do-sono-da-mulher/" />
<meta property="og:site_name" content="Secretaria de Cidadania e Assistência Social" />
<meta property="article:modified_time" content="2026-03-10T13:35:02+00:00" />
<meta name="twitter:card" content="summary_large_image" />
<script type="application/ld+json" class="yoast-schema-graph">{"@context":"https://schema.org","@graph":[{"@type":"WebPage","@id":"https://www.pmpf.rs.gov.br/secretaria-de-cidadania-e-assistencia-social/eventos/programacao-do-mes-da-mulher-saude-do-sono-da-mulher/","url":"https://www.pmpf.rs.gov.br/secretaria-de-cidadania-e-assistencia-social/eventos/programacao-do-mes-da-mulher-saude-do-sono-da-mulher/","name":"Palestras \"Saúde do Sono da Mulher\" e \"Cuidados Básicos da Vida, Saúde e Beleza\" - Secretaria de Cidadania e Assistência Social","isPartOf":{"@id":"https://www.pmpf.rs.gov.br/secretaria-de-cidadania-e-assistencia-social/#website"},"datePublished":"2026-03-10T13:32:14+00:00","dateModified":"2026-03-10T13:35:02+00:00","breadcrumb":{"@id":"https://www.pmpf.rs.gov.br/secretaria-de-cidadania-e-assistencia-social/eventos/programacao-do-mes-da-mulher-saude-do-sono-da-mulher/#breadcrumb"},"inLanguage":"pt-BR","potentialAction":[{"@type":"ReadAction","target":["https://www.pmpf.rs.gov.br/secretaria-de-cidadania-e-assistencia-social/eventos/programacao-do-mes-da-mulher-saude-do-sono-da-mulher/"]}]},{"@type":"BreadcrumbList","@id":"https://www.pmpf.rs.gov.br/secretaria-de-cidadania-e-assistencia-social/eventos/programacao-do-mes-da-mulher-saude-do-sono-da-mulher/#breadcrumb","itemListElement":[{"@type":"ListItem","position":1,"name":"Eventos","item":"https://www.pmpf.rs.gov.br/secretaria-de-cidadania-e-assistencia-social/eventos/"},{"@type":"ListItem","position":2,"name":"Palestras &#8220;Saúde do Sono da Mulher&#8221; e &#8220;Cuidados Básicos da Vida, Saúde e Beleza&#8221;"}]},{"@type":"WebSite","@id":"https://www.pmpf.rs.gov.br/secretaria-de-cidadania-e-assistencia-social/#website","url":"https://www.pmpf.rs.gov.br/secretaria-de-cidadania-e-assistencia-social/","name":"Secretaria de Cidadania e Assistência Social","description":"Só mais um site Prefeitura de Passo Fundo","potentialAction":[{"@type":"SearchAction","target":{"@type":"EntryPoint","urlTemplate":"https://www.pmpf.rs.gov.br/secretaria-de-cidadania-e-assistencia-social/?s={search_term_string}"},"query-input":{"@type":"PropertyValueSpecification","valueRequired":true,"valueName":"search_term_string"}}],"inLanguage":"pt-BR"}]}</script>
<!-- / Yoast SEO plugin. -->

Palestras "Saúde do Sono da Mulher" e "Cuidados Básicos da Vida, Saúde e Beleza" - Secretaria de Cidadania e Assistência Social

Aberto ao público

Secretaria de Cidadania e Assistência Social

Só mais um site Prefeitura de Passo Fundo
