{"id":17,"date":"2021-12-22T18:43:31","date_gmt":"2021-12-22T21:43:31","guid":{"rendered":"https:\/\/www.pmpf.rs.gov.br\/revisao-do-plano-diretor\/?page_id=17"},"modified":"2021-12-22T18:43:32","modified_gmt":"2021-12-22T21:43:32","slug":"estatuto-da-cidade","status":"publish","type":"page","link":"https:\/\/www.pmpf.rs.gov.br\/revisao-do-plano-diretor\/estatuto-da-cidade\/","title":{"rendered":"Estatuto da Cidade"},"content":{"rendered":"\n<h2 class=\"wp-block-heading\">Regulamenta\u00e7\u00e3o da pol\u00edtica urbana<\/h2>\n\n\n\n<div class=\"wp-block-image\"><figure class=\"alignleft size-full\"><img loading=\"lazy\" decoding=\"async\" width=\"280\" height=\"186\" src=\"https:\/\/www.pmpf.rs.gov.br\/revisao-do-plano-diretor\/wp-content\/uploads\/sites\/56\/2021\/12\/I2017-05-10_15_00_50_106220-1.jpg\" alt=\"\" class=\"wp-image-18\"\/><\/figure><\/div>\n\n\n\n<p><strong>O Estatuto da Cidade<\/strong><\/p>\n\n\n\n<p>O Estatuto da Cidade regulamentou e expandiu os dispositivos constitucionais sobre pol\u00edtica urbana, al\u00e9m de ter explicitamente reconhecido o \u201ddireito\u201d \u00e0 cidade sustent\u00e1vel\u201d no Brasil. Essa lei federal resultou de um intenso processo de negocia\u00e7\u00e3o de mais de dez anos, entre as for\u00e7as pol\u00edticas e sociais, e confirmou e ampliou o papel fundamental jur\u00eddico-pol\u00edtico dos munic\u00edpios na formula\u00e7\u00e3o de diretrizes de planejamento urbano, bem como na condu\u00e7\u00e3o dos processos de desenvolvimento e gest\u00e3o urbana.<\/p>\n\n\n\n<p>O Estatuto da Cidade tem quatro dimens\u00f5es principais, quais sejam: uma conceitual, que explicita o princ\u00edpio constitucional central das fun\u00e7\u00f5es sociais da propriedade e da cidade e os outros princ\u00edpios determinantes da pol\u00edtica urbana; uma instrumental, que cria uma s\u00e9rie de instrumentos para materializa\u00e7\u00e3o de tais princ\u00edpios de pol\u00edtica urbana; uma institucional, que estabelece mecanismos, processos e recursos para a gest\u00e3o urbana; e, finalmente, uma dimens\u00e3o de regulariza\u00e7\u00e3o fundi\u00e1ria dos assentamentos informais consolidados.<\/p>\n\n\n\n<p>O Minist\u00e9rio das Cidades orienta a implementa\u00e7\u00e3o plena do Estatuto da Cidade nos processos de Revis\u00e3o do Plano Diretor.<\/p>\n","protected":false},"excerpt":{"rendered":"<p>Regulamenta\u00e7\u00e3o da pol\u00edtica urbana O Estatuto da Cidade O Estatuto da Cidade regulamentou e expandiu os dispositivos constitucionais sobre pol\u00edtica urbana, al\u00e9m de ter explicitamente reconhecido o \u201ddireito\u201d \u00e0 cidade sustent\u00e1vel\u201d no [&hellip;]<\/p>\n","protected":false},"author":1,"featured_media":0,"parent":0,"menu_order":0,"comment_status":"closed","ping_status":"closed","template":"","meta":{"footnotes":""},"class_list":["post-17","page","type-page","status-publish","hentry"],"yoast_head":"<!-- This site is optimized with the Yoast SEO plugin v23.8 - https:\/\/yoast.com\/wordpress\/plugins\/seo\/ -->\n<title>Estatuto da Cidade - Revis\u00e3o do Plano Diretor<\/title>\n<meta name=\"robots\" content=\"index, follow, max-snippet:-1, max-image-preview:large, max-video-preview:-1\" \/>\n<link rel=\"canonical\" href=\"https:\/\/www.pmpf.rs.gov.br\/revisao-do-plano-diretor\/estatuto-da-cidade\/\" \/>\n<meta property=\"og:locale\" content=\"pt_BR\" \/>\n<meta property=\"og:type\" content=\"article\" \/>\n<meta property=\"og:title\" content=\"Estatuto da Cidade - Revis\u00e3o do Plano Diretor\" \/>\n<meta property=\"og:description\" content=\"Regulamenta\u00e7\u00e3o da pol\u00edtica urbana O Estatuto da Cidade O Estatuto da Cidade regulamentou e expandiu os dispositivos constitucionais sobre pol\u00edtica urbana, al\u00e9m de ter explicitamente reconhecido o \u201ddireito\u201d \u00e0 cidade sustent\u00e1vel\u201d no [&hellip;]\" \/>\n<meta property=\"og:url\" content=\"https:\/\/www.pmpf.rs.gov.br\/revisao-do-plano-diretor\/estatuto-da-cidade\/\" \/>\n<meta property=\"og:site_name\" content=\"Revis\u00e3o do Plano Diretor\" \/>\n<meta property=\"article:modified_time\" content=\"2021-12-22T21:43:32+00:00\" \/>\n<meta property=\"og:image\" content=\"https:\/\/www.pmpf.rs.gov.br\/revisao-do-plano-diretor\/wp-content\/uploads\/sites\/56\/2021\/12\/I2017-05-10_15_00_50_106220-1.jpg\" \/>\n<meta name=\"twitter:card\" content=\"summary_large_image\" \/>\n<meta name=\"twitter:label1\" content=\"Est. tempo de leitura\" \/>\n\t<meta name=\"twitter:data1\" content=\"2 minutos\" \/>\n<script type=\"application\/ld+json\" class=\"yoast-schema-graph\">{\"@context\":\"https:\/\/schema.org\",\"@graph\":[{\"@type\":\"WebPage\",\"@id\":\"https:\/\/www.pmpf.rs.gov.br\/revisao-do-plano-diretor\/estatuto-da-cidade\/\",\"url\":\"https:\/\/www.pmpf.rs.gov.br\/revisao-do-plano-diretor\/estatuto-da-cidade\/\",\"name\":\"Estatuto da Cidade - Revis\u00e3o do Plano Diretor\",\"isPartOf\":{\"@id\":\"https:\/\/www.pmpf.rs.gov.br\/revisao-do-plano-diretor\/#website\"},\"primaryImageOfPage\":{\"@id\":\"https:\/\/www.pmpf.rs.gov.br\/revisao-do-plano-diretor\/estatuto-da-cidade\/#primaryimage\"},\"image\":{\"@id\":\"https:\/\/www.pmpf.rs.gov.br\/revisao-do-plano-diretor\/estatuto-da-cidade\/#primaryimage\"},\"thumbnailUrl\":\"https:\/\/www.pmpf.rs.gov.br\/revisao-do-plano-diretor\/wp-content\/uploads\/sites\/56\/2021\/12\/I2017-05-10_15_00_50_106220-1.jpg\",\"datePublished\":\"2021-12-22T21:43:31+00:00\",\"dateModified\":\"2021-12-22T21:43:32+00:00\",\"breadcrumb\":{\"@id\":\"https:\/\/www.pmpf.rs.gov.br\/revisao-do-plano-diretor\/estatuto-da-cidade\/#breadcrumb\"},\"inLanguage\":\"pt-BR\",\"potentialAction\":[{\"@type\":\"ReadAction\",\"target\":[\"https:\/\/www.pmpf.rs.gov.br\/revisao-do-plano-diretor\/estatuto-da-cidade\/\"]}]},{\"@type\":\"ImageObject\",\"inLanguage\":\"pt-BR\",\"@id\":\"https:\/\/www.pmpf.rs.gov.br\/revisao-do-plano-diretor\/estatuto-da-cidade\/#primaryimage\",\"url\":\"https:\/\/www.pmpf.rs.gov.br\/revisao-do-plano-diretor\/wp-content\/uploads\/sites\/56\/2021\/12\/I2017-05-10_15_00_50_106220-1.jpg\",\"contentUrl\":\"https:\/\/www.pmpf.rs.gov.br\/revisao-do-plano-diretor\/wp-content\/uploads\/sites\/56\/2021\/12\/I2017-05-10_15_00_50_106220-1.jpg\",\"width\":280,\"height\":186},{\"@type\":\"BreadcrumbList\",\"@id\":\"https:\/\/www.pmpf.rs.gov.br\/revisao-do-plano-diretor\/estatuto-da-cidade\/#breadcrumb\",\"itemListElement\":[{\"@type\":\"ListItem\",\"position\":1,\"name\":\"In\u00edcio\",\"item\":\"https:\/\/www.pmpf.rs.gov.br\/revisao-do-plano-diretor\/\"},{\"@type\":\"ListItem\",\"position\":2,\"name\":\"Estatuto da Cidade\"}]},{\"@type\":\"WebSite\",\"@id\":\"https:\/\/www.pmpf.rs.gov.br\/revisao-do-plano-diretor\/#website\",\"url\":\"https:\/\/www.pmpf.rs.gov.br\/revisao-do-plano-diretor\/\",\"name\":\"Revis\u00e3o do Plano Diretor\",\"description\":\"S\u00f3 mais um site Prefeitura de Passo Fundo\",\"potentialAction\":[{\"@type\":\"SearchAction\",\"target\":{\"@type\":\"EntryPoint\",\"urlTemplate\":\"https:\/\/www.pmpf.rs.gov.br\/revisao-do-plano-diretor\/?s={search_term_string}\"},\"query-input\":{\"@type\":\"PropertyValueSpecification\",\"valueRequired\":true,\"valueName\":\"search_term_string\"}}],\"inLanguage\":\"pt-BR\"}]}<\/script>\n<!-- \/ Yoast SEO plugin. -->","yoast_head_json":{"title":"Estatuto da Cidade - Revis\u00e3o do Plano Diretor","robots":{"index":"index","follow":"follow","max-snippet":"max-snippet:-1","max-image-preview":"max-image-preview:large","max-video-preview":"max-video-preview:-1"},"canonical":"https:\/\/www.pmpf.rs.gov.br\/revisao-do-plano-diretor\/estatuto-da-cidade\/","og_locale":"pt_BR","og_type":"article","og_title":"Estatuto da Cidade - Revis\u00e3o do Plano Diretor","og_description":"Regulamenta\u00e7\u00e3o da pol\u00edtica urbana O Estatuto da Cidade O Estatuto da Cidade regulamentou e expandiu os dispositivos constitucionais sobre pol\u00edtica urbana, al\u00e9m de ter explicitamente reconhecido o \u201ddireito\u201d \u00e0 cidade sustent\u00e1vel\u201d no [&hellip;]","og_url":"https:\/\/www.pmpf.rs.gov.br\/revisao-do-plano-diretor\/estatuto-da-cidade\/","og_site_name":"Revis\u00e3o do Plano Diretor","article_modified_time":"2021-12-22T21:43:32+00:00","og_image":[{"url":"https:\/\/www.pmpf.rs.gov.br\/revisao-do-plano-diretor\/wp-content\/uploads\/sites\/56\/2021\/12\/I2017-05-10_15_00_50_106220-1.jpg"}],"twitter_card":"summary_large_image","twitter_misc":{"Est. tempo de leitura":"2 minutos"},"schema":{"@context":"https:\/\/schema.org","@graph":[{"@type":"WebPage","@id":"https:\/\/www.pmpf.rs.gov.br\/revisao-do-plano-diretor\/estatuto-da-cidade\/","url":"https:\/\/www.pmpf.rs.gov.br\/revisao-do-plano-diretor\/estatuto-da-cidade\/","name":"Estatuto da Cidade - Revis\u00e3o do Plano Diretor","isPartOf":{"@id":"https:\/\/www.pmpf.rs.gov.br\/revisao-do-plano-diretor\/#website"},"primaryImageOfPage":{"@id":"https:\/\/www.pmpf.rs.gov.br\/revisao-do-plano-diretor\/estatuto-da-cidade\/#primaryimage"},"image":{"@id":"https:\/\/www.pmpf.rs.gov.br\/revisao-do-plano-diretor\/estatuto-da-cidade\/#primaryimage"},"thumbnailUrl":"https:\/\/www.pmpf.rs.gov.br\/revisao-do-plano-diretor\/wp-content\/uploads\/sites\/56\/2021\/12\/I2017-05-10_15_00_50_106220-1.jpg","datePublished":"2021-12-22T21:43:31+00:00","dateModified":"2021-12-22T21:43:32+00:00","breadcrumb":{"@id":"https:\/\/www.pmpf.rs.gov.br\/revisao-do-plano-diretor\/estatuto-da-cidade\/#breadcrumb"},"inLanguage":"pt-BR","potentialAction":[{"@type":"ReadAction","target":["https:\/\/www.pmpf.rs.gov.br\/revisao-do-plano-diretor\/estatuto-da-cidade\/"]}]},{"@type":"ImageObject","inLanguage":"pt-BR","@id":"https:\/\/www.pmpf.rs.gov.br\/revisao-do-plano-diretor\/estatuto-da-cidade\/#primaryimage","url":"https:\/\/www.pmpf.rs.gov.br\/revisao-do-plano-diretor\/wp-content\/uploads\/sites\/56\/2021\/12\/I2017-05-10_15_00_50_106220-1.jpg","contentUrl":"https:\/\/www.pmpf.rs.gov.br\/revisao-do-plano-diretor\/wp-content\/uploads\/sites\/56\/2021\/12\/I2017-05-10_15_00_50_106220-1.jpg","width":280,"height":186},{"@type":"BreadcrumbList","@id":"https:\/\/www.pmpf.rs.gov.br\/revisao-do-plano-diretor\/estatuto-da-cidade\/#breadcrumb","itemListElement":[{"@type":"ListItem","position":1,"name":"In\u00edcio","item":"https:\/\/www.pmpf.rs.gov.br\/revisao-do-plano-diretor\/"},{"@type":"ListItem","position":2,"name":"Estatuto da Cidade"}]},{"@type":"WebSite","@id":"https:\/\/www.pmpf.rs.gov.br\/revisao-do-plano-diretor\/#website","url":"https:\/\/www.pmpf.rs.gov.br\/revisao-do-plano-diretor\/","name":"Revis\u00e3o do Plano Diretor","description":"S\u00f3 mais um site Prefeitura de Passo Fundo","potentialAction":[{"@type":"SearchAction","target":{"@type":"EntryPoint","urlTemplate":"https:\/\/www.pmpf.rs.gov.br\/revisao-do-plano-diretor\/?s={search_term_string}"},"query-input":{"@type":"PropertyValueSpecification","valueRequired":true,"valueName":"search_term_string"}}],"inLanguage":"pt-BR"}]}},"_links":{"self":[{"href":"https:\/\/www.pmpf.rs.gov.br\/revisao-do-plano-diretor\/wp-json\/wp\/v2\/pages\/17"}],"collection":[{"href":"https:\/\/www.pmpf.rs.gov.br\/revisao-do-plano-diretor\/wp-json\/wp\/v2\/pages"}],"about":[{"href":"https:\/\/www.pmpf.rs.gov.br\/revisao-do-plano-diretor\/wp-json\/wp\/v2\/types\/page"}],"author":[{"embeddable":true,"href":"https:\/\/www.pmpf.rs.gov.br\/revisao-do-plano-diretor\/wp-json\/wp\/v2\/users\/1"}],"replies":[{"embeddable":true,"href":"https:\/\/www.pmpf.rs.gov.br\/revisao-do-plano-diretor\/wp-json\/wp\/v2\/comments?post=17"}],"version-history":[{"count":1,"href":"https:\/\/www.pmpf.rs.gov.br\/revisao-do-plano-diretor\/wp-json\/wp\/v2\/pages\/17\/revisions"}],"predecessor-version":[{"id":19,"href":"https:\/\/www.pmpf.rs.gov.br\/revisao-do-plano-diretor\/wp-json\/wp\/v2\/pages\/17\/revisions\/19"}],"wp:attachment":[{"href":"https:\/\/www.pmpf.rs.gov.br\/revisao-do-plano-diretor\/wp-json\/wp\/v2\/media?parent=17"}],"curies":[{"name":"wp","href":"https:\/\/api.w.org\/{rel}","templated":true}]}}

<h2 class="wp-block-heading">Regulamentação da política urbana</h2>



<div class="wp-block-image"><figure class="alignleft size-full"><img loading="lazy" decoding="async" width="280" height="186" src="https://www.pmpf.rs.gov.br/revisao-do-plano-diretor/wp-content/uploads/sites/56/2021/12/I2017-05-10_15_00_50_106220-1.jpg" alt="" class="wp-image-18"/></figure></div>



<p><strong>O Estatuto da Cidade</strong></p>



<p>O Estatuto da Cidade regulamentou e expandiu os dispositivos constitucionais sobre política urbana, além de ter explicitamente reconhecido o ”direito” à cidade sustentável” no Brasil. Essa lei federal resultou de um intenso processo de negociação de mais de dez anos, entre as forças políticas e sociais, e confirmou e ampliou o papel fundamental jurídico-político dos municípios na formulação de diretrizes de planejamento urbano, bem como na condução dos processos de desenvolvimento e gestão urbana.</p>



<p>O Estatuto da Cidade tem quatro dimensões principais, quais sejam: uma conceitual, que explicita o princípio constitucional central das funções sociais da propriedade e da cidade e os outros princípios determinantes da política urbana; uma instrumental, que cria uma série de instrumentos para materialização de tais princípios de política urbana; uma institucional, que estabelece mecanismos, processos e recursos para a gestão urbana; e, finalmente, uma dimensão de regularização fundiária dos assentamentos informais consolidados.</p>



<p>O Ministério das Cidades orienta a implementação plena do Estatuto da Cidade nos processos de Revisão do Plano Diretor.</p>

<p>Regulamentação da política urbana O Estatuto da Cidade O Estatuto da Cidade regulamentou e expandiu os dispositivos constitucionais sobre política urbana, além de ter explicitamente reconhecido o ”direito” à cidade sustentável” no [&hellip;]</p>

<!-- This site is optimized with the Yoast SEO plugin v23.8 - https://yoast.com/wordpress/plugins/seo/ -->
<title>Estatuto da Cidade - Revisão do Plano Diretor</title>
<meta name="robots" content="index, follow, max-snippet:-1, max-image-preview:large, max-video-preview:-1" />
<link rel="canonical" href="https://www.pmpf.rs.gov.br/revisao-do-plano-diretor/estatuto-da-cidade/" />
<meta property="og:locale" content="pt_BR" />
<meta property="og:type" content="article" />
<meta property="og:title" content="Estatuto da Cidade - Revisão do Plano Diretor" />
<meta property="og:description" content="Regulamentação da política urbana O Estatuto da Cidade O Estatuto da Cidade regulamentou e expandiu os dispositivos constitucionais sobre política urbana, além de ter explicitamente reconhecido o ”direito” à cidade sustentável” no [&hellip;]" />
<meta property="og:url" content="https://www.pmpf.rs.gov.br/revisao-do-plano-diretor/estatuto-da-cidade/" />
<meta property="og:site_name" content="Revisão do Plano Diretor" />
<meta property="article:modified_time" content="2021-12-22T21:43:32+00:00" />
<meta property="og:image" content="https://www.pmpf.rs.gov.br/revisao-do-plano-diretor/wp-content/uploads/sites/56/2021/12/I2017-05-10_15_00_50_106220-1.jpg" />
<meta name="twitter:card" content="summary_large_image" />
<meta name="twitter:label1" content="Est. tempo de leitura" />
	<meta name="twitter:data1" content="2 minutos" />
<script type="application/ld+json" class="yoast-schema-graph">{"@context":"https://schema.org","@graph":[{"@type":"WebPage","@id":"https://www.pmpf.rs.gov.br/revisao-do-plano-diretor/estatuto-da-cidade/","url":"https://www.pmpf.rs.gov.br/revisao-do-plano-diretor/estatuto-da-cidade/","name":"Estatuto da Cidade - Revisão do Plano Diretor","isPartOf":{"@id":"https://www.pmpf.rs.gov.br/revisao-do-plano-diretor/#website"},"primaryImageOfPage":{"@id":"https://www.pmpf.rs.gov.br/revisao-do-plano-diretor/estatuto-da-cidade/#primaryimage"},"image":{"@id":"https://www.pmpf.rs.gov.br/revisao-do-plano-diretor/estatuto-da-cidade/#primaryimage"},"thumbnailUrl":"https://www.pmpf.rs.gov.br/revisao-do-plano-diretor/wp-content/uploads/sites/56/2021/12/I2017-05-10_15_00_50_106220-1.jpg","datePublished":"2021-12-22T21:43:31+00:00","dateModified":"2021-12-22T21:43:32+00:00","breadcrumb":{"@id":"https://www.pmpf.rs.gov.br/revisao-do-plano-diretor/estatuto-da-cidade/#breadcrumb"},"inLanguage":"pt-BR","potentialAction":[{"@type":"ReadAction","target":["https://www.pmpf.rs.gov.br/revisao-do-plano-diretor/estatuto-da-cidade/"]}]},{"@type":"ImageObject","inLanguage":"pt-BR","@id":"https://www.pmpf.rs.gov.br/revisao-do-plano-diretor/estatuto-da-cidade/#primaryimage","url":"https://www.pmpf.rs.gov.br/revisao-do-plano-diretor/wp-content/uploads/sites/56/2021/12/I2017-05-10_15_00_50_106220-1.jpg","contentUrl":"https://www.pmpf.rs.gov.br/revisao-do-plano-diretor/wp-content/uploads/sites/56/2021/12/I2017-05-10_15_00_50_106220-1.jpg","width":280,"height":186},{"@type":"BreadcrumbList","@id":"https://www.pmpf.rs.gov.br/revisao-do-plano-diretor/estatuto-da-cidade/#breadcrumb","itemListElement":[{"@type":"ListItem","position":1,"name":"Início","item":"https://www.pmpf.rs.gov.br/revisao-do-plano-diretor/"},{"@type":"ListItem","position":2,"name":"Estatuto da Cidade"}]},{"@type":"WebSite","@id":"https://www.pmpf.rs.gov.br/revisao-do-plano-diretor/#website","url":"https://www.pmpf.rs.gov.br/revisao-do-plano-diretor/","name":"Revisão do Plano Diretor","description":"Só mais um site Prefeitura de Passo Fundo","potentialAction":[{"@type":"SearchAction","target":{"@type":"EntryPoint","urlTemplate":"https://www.pmpf.rs.gov.br/revisao-do-plano-diretor/?s={search_term_string}"},"query-input":{"@type":"PropertyValueSpecification","valueRequired":true,"valueName":"search_term_string"}}],"inLanguage":"pt-BR"}]}</script>
<!-- / Yoast SEO plugin. -->

Estatuto da Cidade - Revisão do Plano Diretor

Regulamentação da política urbana O Estatuto da Cidade O Estatuto da Cidade regulamentou e expandiu os dispositivos constitucionais sobre política urbana, além de ter explicitamente reconhecido o ”direito” à cidade sustentável” no [&hellip;]

Revisão do Plano Diretor

Início

Só mais um site Prefeitura de Passo Fundo
