{"id":160,"date":"2021-12-23T16:48:02","date_gmt":"2021-12-23T19:48:02","guid":{"rendered":"https:\/\/www.pmpf.rs.gov.br\/revisao-do-plano-diretor\/?page_id=160"},"modified":"2021-12-23T19:00:49","modified_gmt":"2021-12-23T22:00:49","slug":"seminario-de-abertura","status":"publish","type":"page","link":"https:\/\/www.pmpf.rs.gov.br\/revisao-do-plano-diretor\/seminario-de-abertura\/","title":{"rendered":"Semin\u00e1rio de Abertura"},"content":{"rendered":"\n<h2 class=\"wp-block-heading\">09 de maio de 2017<\/h2>\n\n\n\n<div class=\"wp-block-image\"><figure class=\"alignleft size-full\"><img loading=\"lazy\" decoding=\"async\" width=\"280\" height=\"186\" src=\"https:\/\/www.pmpf.rs.gov.br\/revisao-do-plano-diretor\/wp-content\/uploads\/sites\/56\/2021\/12\/I2017-05-10_15_00_50_106220-3.jpg\" alt=\"\" class=\"wp-image-161\"\/><\/figure><\/div>\n\n\n\n<p>Aconteceu no dia 09 de maio de 2017, ter\u00e7a-feira, o semin\u00e1rio de abertura da revis\u00e3o do Plano Diretor do munic\u00edpio de Passo Fundo. Contou com a presen\u00e7a do prefeito municipal Luciano Azevedo, dos professores Arq. Ms. Luiz Roberto Medeiros Gosch (UPF) e da Arq. Dr. Andrea Quadrado Mussi (IMED) que deram enfoques sobre o hist\u00f3rico dos Planos Diretores de Passo Fundo e conceitos de urbanismo contempor\u00e2neo.<\/p>\n\n\n\n<p><a href=\"https:\/\/www.pmpf.rs.gov.br\/revisao-do-plano-diretor\/downloads\/apresentacoes-do-seminario-de-abertura\/\">Apresenta\u00e7\u00f5es do Semin\u00e1rio de Abertura<\/a><\/p>\n","protected":false},"excerpt":{"rendered":"<p>09 de maio de 2017 Aconteceu no dia 09 de maio de 2017, ter\u00e7a-feira, o semin\u00e1rio de abertura da revis\u00e3o do Plano Diretor do munic\u00edpio de Passo Fundo. Contou com a presen\u00e7a [&hellip;]<\/p>\n","protected":false},"author":1,"featured_media":0,"parent":0,"menu_order":0,"comment_status":"closed","ping_status":"closed","template":"","meta":{"footnotes":""},"class_list":["post-160","page","type-page","status-publish","hentry"],"yoast_head":"<!-- This site is optimized with the Yoast SEO plugin v23.8 - https:\/\/yoast.com\/wordpress\/plugins\/seo\/ -->\n<title>Semin\u00e1rio de Abertura - Revis\u00e3o do Plano Diretor<\/title>\n<meta name=\"robots\" content=\"index, follow, max-snippet:-1, max-image-preview:large, max-video-preview:-1\" \/>\n<link rel=\"canonical\" href=\"https:\/\/www.pmpf.rs.gov.br\/revisao-do-plano-diretor\/seminario-de-abertura\/\" \/>\n<meta property=\"og:locale\" content=\"pt_BR\" \/>\n<meta property=\"og:type\" content=\"article\" \/>\n<meta property=\"og:title\" content=\"Semin\u00e1rio de Abertura - Revis\u00e3o do Plano Diretor\" \/>\n<meta property=\"og:description\" content=\"09 de maio de 2017 Aconteceu no dia 09 de maio de 2017, ter\u00e7a-feira, o semin\u00e1rio de abertura da revis\u00e3o do Plano Diretor do munic\u00edpio de Passo Fundo. Contou com a presen\u00e7a [&hellip;]\" \/>\n<meta property=\"og:url\" content=\"https:\/\/www.pmpf.rs.gov.br\/revisao-do-plano-diretor\/seminario-de-abertura\/\" \/>\n<meta property=\"og:site_name\" content=\"Revis\u00e3o do Plano Diretor\" \/>\n<meta property=\"article:modified_time\" content=\"2021-12-23T22:00:49+00:00\" \/>\n<meta property=\"og:image\" content=\"https:\/\/www.pmpf.rs.gov.br\/revisao-do-plano-diretor\/wp-content\/uploads\/sites\/56\/2021\/12\/I2017-05-10_15_00_50_106220-3.jpg\" \/>\n<meta name=\"twitter:card\" content=\"summary_large_image\" \/>\n<meta name=\"twitter:label1\" content=\"Est. tempo de leitura\" \/>\n\t<meta name=\"twitter:data1\" content=\"1 minuto\" \/>\n<script type=\"application\/ld+json\" class=\"yoast-schema-graph\">{\"@context\":\"https:\/\/schema.org\",\"@graph\":[{\"@type\":\"WebPage\",\"@id\":\"https:\/\/www.pmpf.rs.gov.br\/revisao-do-plano-diretor\/seminario-de-abertura\/\",\"url\":\"https:\/\/www.pmpf.rs.gov.br\/revisao-do-plano-diretor\/seminario-de-abertura\/\",\"name\":\"Semin\u00e1rio de Abertura - Revis\u00e3o do Plano Diretor\",\"isPartOf\":{\"@id\":\"https:\/\/www.pmpf.rs.gov.br\/revisao-do-plano-diretor\/#website\"},\"primaryImageOfPage\":{\"@id\":\"https:\/\/www.pmpf.rs.gov.br\/revisao-do-plano-diretor\/seminario-de-abertura\/#primaryimage\"},\"image\":{\"@id\":\"https:\/\/www.pmpf.rs.gov.br\/revisao-do-plano-diretor\/seminario-de-abertura\/#primaryimage\"},\"thumbnailUrl\":\"https:\/\/www.pmpf.rs.gov.br\/revisao-do-plano-diretor\/wp-content\/uploads\/sites\/56\/2021\/12\/I2017-05-10_15_00_50_106220-3.jpg\",\"datePublished\":\"2021-12-23T19:48:02+00:00\",\"dateModified\":\"2021-12-23T22:00:49+00:00\",\"breadcrumb\":{\"@id\":\"https:\/\/www.pmpf.rs.gov.br\/revisao-do-plano-diretor\/seminario-de-abertura\/#breadcrumb\"},\"inLanguage\":\"pt-BR\",\"potentialAction\":[{\"@type\":\"ReadAction\",\"target\":[\"https:\/\/www.pmpf.rs.gov.br\/revisao-do-plano-diretor\/seminario-de-abertura\/\"]}]},{\"@type\":\"ImageObject\",\"inLanguage\":\"pt-BR\",\"@id\":\"https:\/\/www.pmpf.rs.gov.br\/revisao-do-plano-diretor\/seminario-de-abertura\/#primaryimage\",\"url\":\"https:\/\/www.pmpf.rs.gov.br\/revisao-do-plano-diretor\/wp-content\/uploads\/sites\/56\/2021\/12\/I2017-05-10_15_00_50_106220-3.jpg\",\"contentUrl\":\"https:\/\/www.pmpf.rs.gov.br\/revisao-do-plano-diretor\/wp-content\/uploads\/sites\/56\/2021\/12\/I2017-05-10_15_00_50_106220-3.jpg\",\"width\":280,\"height\":186},{\"@type\":\"BreadcrumbList\",\"@id\":\"https:\/\/www.pmpf.rs.gov.br\/revisao-do-plano-diretor\/seminario-de-abertura\/#breadcrumb\",\"itemListElement\":[{\"@type\":\"ListItem\",\"position\":1,\"name\":\"In\u00edcio\",\"item\":\"https:\/\/www.pmpf.rs.gov.br\/revisao-do-plano-diretor\/\"},{\"@type\":\"ListItem\",\"position\":2,\"name\":\"Semin\u00e1rio de Abertura\"}]},{\"@type\":\"WebSite\",\"@id\":\"https:\/\/www.pmpf.rs.gov.br\/revisao-do-plano-diretor\/#website\",\"url\":\"https:\/\/www.pmpf.rs.gov.br\/revisao-do-plano-diretor\/\",\"name\":\"Revis\u00e3o do Plano Diretor\",\"description\":\"S\u00f3 mais um site Prefeitura de Passo Fundo\",\"potentialAction\":[{\"@type\":\"SearchAction\",\"target\":{\"@type\":\"EntryPoint\",\"urlTemplate\":\"https:\/\/www.pmpf.rs.gov.br\/revisao-do-plano-diretor\/?s={search_term_string}\"},\"query-input\":{\"@type\":\"PropertyValueSpecification\",\"valueRequired\":true,\"valueName\":\"search_term_string\"}}],\"inLanguage\":\"pt-BR\"}]}<\/script>\n<!-- \/ Yoast SEO plugin. -->","yoast_head_json":{"title":"Semin\u00e1rio de Abertura - Revis\u00e3o do Plano Diretor","robots":{"index":"index","follow":"follow","max-snippet":"max-snippet:-1","max-image-preview":"max-image-preview:large","max-video-preview":"max-video-preview:-1"},"canonical":"https:\/\/www.pmpf.rs.gov.br\/revisao-do-plano-diretor\/seminario-de-abertura\/","og_locale":"pt_BR","og_type":"article","og_title":"Semin\u00e1rio de Abertura - Revis\u00e3o do Plano Diretor","og_description":"09 de maio de 2017 Aconteceu no dia 09 de maio de 2017, ter\u00e7a-feira, o semin\u00e1rio de abertura da revis\u00e3o do Plano Diretor do munic\u00edpio de Passo Fundo. Contou com a presen\u00e7a [&hellip;]","og_url":"https:\/\/www.pmpf.rs.gov.br\/revisao-do-plano-diretor\/seminario-de-abertura\/","og_site_name":"Revis\u00e3o do Plano Diretor","article_modified_time":"2021-12-23T22:00:49+00:00","og_image":[{"url":"https:\/\/www.pmpf.rs.gov.br\/revisao-do-plano-diretor\/wp-content\/uploads\/sites\/56\/2021\/12\/I2017-05-10_15_00_50_106220-3.jpg"}],"twitter_card":"summary_large_image","twitter_misc":{"Est. tempo de leitura":"1 minuto"},"schema":{"@context":"https:\/\/schema.org","@graph":[{"@type":"WebPage","@id":"https:\/\/www.pmpf.rs.gov.br\/revisao-do-plano-diretor\/seminario-de-abertura\/","url":"https:\/\/www.pmpf.rs.gov.br\/revisao-do-plano-diretor\/seminario-de-abertura\/","name":"Semin\u00e1rio de Abertura - Revis\u00e3o do Plano Diretor","isPartOf":{"@id":"https:\/\/www.pmpf.rs.gov.br\/revisao-do-plano-diretor\/#website"},"primaryImageOfPage":{"@id":"https:\/\/www.pmpf.rs.gov.br\/revisao-do-plano-diretor\/seminario-de-abertura\/#primaryimage"},"image":{"@id":"https:\/\/www.pmpf.rs.gov.br\/revisao-do-plano-diretor\/seminario-de-abertura\/#primaryimage"},"thumbnailUrl":"https:\/\/www.pmpf.rs.gov.br\/revisao-do-plano-diretor\/wp-content\/uploads\/sites\/56\/2021\/12\/I2017-05-10_15_00_50_106220-3.jpg","datePublished":"2021-12-23T19:48:02+00:00","dateModified":"2021-12-23T22:00:49+00:00","breadcrumb":{"@id":"https:\/\/www.pmpf.rs.gov.br\/revisao-do-plano-diretor\/seminario-de-abertura\/#breadcrumb"},"inLanguage":"pt-BR","potentialAction":[{"@type":"ReadAction","target":["https:\/\/www.pmpf.rs.gov.br\/revisao-do-plano-diretor\/seminario-de-abertura\/"]}]},{"@type":"ImageObject","inLanguage":"pt-BR","@id":"https:\/\/www.pmpf.rs.gov.br\/revisao-do-plano-diretor\/seminario-de-abertura\/#primaryimage","url":"https:\/\/www.pmpf.rs.gov.br\/revisao-do-plano-diretor\/wp-content\/uploads\/sites\/56\/2021\/12\/I2017-05-10_15_00_50_106220-3.jpg","contentUrl":"https:\/\/www.pmpf.rs.gov.br\/revisao-do-plano-diretor\/wp-content\/uploads\/sites\/56\/2021\/12\/I2017-05-10_15_00_50_106220-3.jpg","width":280,"height":186},{"@type":"BreadcrumbList","@id":"https:\/\/www.pmpf.rs.gov.br\/revisao-do-plano-diretor\/seminario-de-abertura\/#breadcrumb","itemListElement":[{"@type":"ListItem","position":1,"name":"In\u00edcio","item":"https:\/\/www.pmpf.rs.gov.br\/revisao-do-plano-diretor\/"},{"@type":"ListItem","position":2,"name":"Semin\u00e1rio de Abertura"}]},{"@type":"WebSite","@id":"https:\/\/www.pmpf.rs.gov.br\/revisao-do-plano-diretor\/#website","url":"https:\/\/www.pmpf.rs.gov.br\/revisao-do-plano-diretor\/","name":"Revis\u00e3o do Plano Diretor","description":"S\u00f3 mais um site Prefeitura de Passo Fundo","potentialAction":[{"@type":"SearchAction","target":{"@type":"EntryPoint","urlTemplate":"https:\/\/www.pmpf.rs.gov.br\/revisao-do-plano-diretor\/?s={search_term_string}"},"query-input":{"@type":"PropertyValueSpecification","valueRequired":true,"valueName":"search_term_string"}}],"inLanguage":"pt-BR"}]}},"_links":{"self":[{"href":"https:\/\/www.pmpf.rs.gov.br\/revisao-do-plano-diretor\/wp-json\/wp\/v2\/pages\/160"}],"collection":[{"href":"https:\/\/www.pmpf.rs.gov.br\/revisao-do-plano-diretor\/wp-json\/wp\/v2\/pages"}],"about":[{"href":"https:\/\/www.pmpf.rs.gov.br\/revisao-do-plano-diretor\/wp-json\/wp\/v2\/types\/page"}],"author":[{"embeddable":true,"href":"https:\/\/www.pmpf.rs.gov.br\/revisao-do-plano-diretor\/wp-json\/wp\/v2\/users\/1"}],"replies":[{"embeddable":true,"href":"https:\/\/www.pmpf.rs.gov.br\/revisao-do-plano-diretor\/wp-json\/wp\/v2\/comments?post=160"}],"version-history":[{"count":2,"href":"https:\/\/www.pmpf.rs.gov.br\/revisao-do-plano-diretor\/wp-json\/wp\/v2\/pages\/160\/revisions"}],"predecessor-version":[{"id":269,"href":"https:\/\/www.pmpf.rs.gov.br\/revisao-do-plano-diretor\/wp-json\/wp\/v2\/pages\/160\/revisions\/269"}],"wp:attachment":[{"href":"https:\/\/www.pmpf.rs.gov.br\/revisao-do-plano-diretor\/wp-json\/wp\/v2\/media?parent=160"}],"curies":[{"name":"wp","href":"https:\/\/api.w.org\/{rel}","templated":true}]}}

Seminário de Abertura

<h2 class="wp-block-heading">09 de maio de 2017</h2>



<div class="wp-block-image"><figure class="alignleft size-full"><img loading="lazy" decoding="async" width="280" height="186" src="https://www.pmpf.rs.gov.br/revisao-do-plano-diretor/wp-content/uploads/sites/56/2021/12/I2017-05-10_15_00_50_106220-3.jpg" alt="" class="wp-image-161"/></figure></div>



<p>Aconteceu no dia 09 de maio de 2017, terça-feira, o seminário de abertura da revisão do Plano Diretor do município de Passo Fundo. Contou com a presença do prefeito municipal Luciano Azevedo, dos professores Arq. Ms. Luiz Roberto Medeiros Gosch (UPF) e da Arq. Dr. Andrea Quadrado Mussi (IMED) que deram enfoques sobre o histórico dos Planos Diretores de Passo Fundo e conceitos de urbanismo contemporâneo.</p>



<p><a href="https://www.pmpf.rs.gov.br/revisao-do-plano-diretor/downloads/apresentacoes-do-seminario-de-abertura/">Apresentações do Seminário de Abertura</a></p>

<p>09 de maio de 2017 Aconteceu no dia 09 de maio de 2017, terça-feira, o seminário de abertura da revisão do Plano Diretor do município de Passo Fundo. Contou com a presença [&hellip;]</p>

<!-- This site is optimized with the Yoast SEO plugin v23.8 - https://yoast.com/wordpress/plugins/seo/ -->
<title>Seminário de Abertura - Revisão do Plano Diretor</title>
<meta name="robots" content="index, follow, max-snippet:-1, max-image-preview:large, max-video-preview:-1" />
<link rel="canonical" href="https://www.pmpf.rs.gov.br/revisao-do-plano-diretor/seminario-de-abertura/" />
<meta property="og:locale" content="pt_BR" />
<meta property="og:type" content="article" />
<meta property="og:title" content="Seminário de Abertura - Revisão do Plano Diretor" />
<meta property="og:description" content="09 de maio de 2017 Aconteceu no dia 09 de maio de 2017, terça-feira, o seminário de abertura da revisão do Plano Diretor do município de Passo Fundo. Contou com a presença [&hellip;]" />
<meta property="og:url" content="https://www.pmpf.rs.gov.br/revisao-do-plano-diretor/seminario-de-abertura/" />
<meta property="og:site_name" content="Revisão do Plano Diretor" />
<meta property="article:modified_time" content="2021-12-23T22:00:49+00:00" />
<meta property="og:image" content="https://www.pmpf.rs.gov.br/revisao-do-plano-diretor/wp-content/uploads/sites/56/2021/12/I2017-05-10_15_00_50_106220-3.jpg" />
<meta name="twitter:card" content="summary_large_image" />
<meta name="twitter:label1" content="Est. tempo de leitura" />
	<meta name="twitter:data1" content="1 minuto" />
<script type="application/ld+json" class="yoast-schema-graph">{"@context":"https://schema.org","@graph":[{"@type":"WebPage","@id":"https://www.pmpf.rs.gov.br/revisao-do-plano-diretor/seminario-de-abertura/","url":"https://www.pmpf.rs.gov.br/revisao-do-plano-diretor/seminario-de-abertura/","name":"Seminário de Abertura - Revisão do Plano Diretor","isPartOf":{"@id":"https://www.pmpf.rs.gov.br/revisao-do-plano-diretor/#website"},"primaryImageOfPage":{"@id":"https://www.pmpf.rs.gov.br/revisao-do-plano-diretor/seminario-de-abertura/#primaryimage"},"image":{"@id":"https://www.pmpf.rs.gov.br/revisao-do-plano-diretor/seminario-de-abertura/#primaryimage"},"thumbnailUrl":"https://www.pmpf.rs.gov.br/revisao-do-plano-diretor/wp-content/uploads/sites/56/2021/12/I2017-05-10_15_00_50_106220-3.jpg","datePublished":"2021-12-23T19:48:02+00:00","dateModified":"2021-12-23T22:00:49+00:00","breadcrumb":{"@id":"https://www.pmpf.rs.gov.br/revisao-do-plano-diretor/seminario-de-abertura/#breadcrumb"},"inLanguage":"pt-BR","potentialAction":[{"@type":"ReadAction","target":["https://www.pmpf.rs.gov.br/revisao-do-plano-diretor/seminario-de-abertura/"]}]},{"@type":"ImageObject","inLanguage":"pt-BR","@id":"https://www.pmpf.rs.gov.br/revisao-do-plano-diretor/seminario-de-abertura/#primaryimage","url":"https://www.pmpf.rs.gov.br/revisao-do-plano-diretor/wp-content/uploads/sites/56/2021/12/I2017-05-10_15_00_50_106220-3.jpg","contentUrl":"https://www.pmpf.rs.gov.br/revisao-do-plano-diretor/wp-content/uploads/sites/56/2021/12/I2017-05-10_15_00_50_106220-3.jpg","width":280,"height":186},{"@type":"BreadcrumbList","@id":"https://www.pmpf.rs.gov.br/revisao-do-plano-diretor/seminario-de-abertura/#breadcrumb","itemListElement":[{"@type":"ListItem","position":1,"name":"Início","item":"https://www.pmpf.rs.gov.br/revisao-do-plano-diretor/"},{"@type":"ListItem","position":2,"name":"Seminário de Abertura"}]},{"@type":"WebSite","@id":"https://www.pmpf.rs.gov.br/revisao-do-plano-diretor/#website","url":"https://www.pmpf.rs.gov.br/revisao-do-plano-diretor/","name":"Revisão do Plano Diretor","description":"Só mais um site Prefeitura de Passo Fundo","potentialAction":[{"@type":"SearchAction","target":{"@type":"EntryPoint","urlTemplate":"https://www.pmpf.rs.gov.br/revisao-do-plano-diretor/?s={search_term_string}"},"query-input":{"@type":"PropertyValueSpecification","valueRequired":true,"valueName":"search_term_string"}}],"inLanguage":"pt-BR"}]}</script>
<!-- / Yoast SEO plugin. -->

Seminário de Abertura - Revisão do Plano Diretor

09 de maio de 2017 Aconteceu no dia 09 de maio de 2017, terça-feira, o seminário de abertura da revisão do Plano Diretor do município de Passo Fundo. Contou com a presença [&hellip;]

Revisão do Plano Diretor

Início

Só mais um site Prefeitura de Passo Fundo
