{"id":40,"date":"2021-12-22T22:57:48","date_gmt":"2021-12-23T01:57:48","guid":{"rendered":"https:\/\/www.pmpf.rs.gov.br\/procuradoria-geral-do-municipio\/?page_id=40"},"modified":"2025-01-02T16:15:47","modified_gmt":"2025-01-02T19:15:47","slug":"conheca-o-procurador","status":"publish","type":"page","link":"https:\/\/www.pmpf.rs.gov.br\/procuradoria\/conheca-o-procurador\/","title":{"rendered":"Conhe\u00e7a o Procurador"},"content":{"rendered":"\n<h2 class=\"wp-block-heading\">Gest\u00e3o 2025-2028 &#8211; Giovani da Silva Corralo<\/h2>\n\n\n<div class=\"wp-block-image\">\n<figure class=\"alignleft size-full is-resized\"><img loading=\"lazy\" decoding=\"async\" width=\"1280\" height=\"853\" src=\"https:\/\/www.pmpf.rs.gov.br\/procuradoria-geral-do-municipio\/wp-content\/uploads\/sites\/53\/2021\/12\/procurador-giovani-corralo-2025.jpg\" alt=\"\" class=\"wp-image-102\" style=\"width:380px\" srcset=\"https:\/\/www.pmpf.rs.gov.br\/procuradoria\/wp-content\/uploads\/sites\/53\/2021\/12\/procurador-giovani-corralo-2025.jpg 1280w, https:\/\/www.pmpf.rs.gov.br\/procuradoria\/wp-content\/uploads\/sites\/53\/2021\/12\/procurador-giovani-corralo-2025-300x200.jpg 300w, https:\/\/www.pmpf.rs.gov.br\/procuradoria\/wp-content\/uploads\/sites\/53\/2021\/12\/procurador-giovani-corralo-2025-1024x682.jpg 1024w, https:\/\/www.pmpf.rs.gov.br\/procuradoria\/wp-content\/uploads\/sites\/53\/2021\/12\/procurador-giovani-corralo-2025-768x512.jpg 768w\" sizes=\"(max-width: 1280px) 100vw, 1280px\" \/><\/figure><\/div>\n\n\n<p><br>Mestre e Doutor em Direito do Estado pela UFPR. Especialista em advocacia municipal pela UFRGS, professor da gradua\u00e7\u00e3o e do Mestrado da Faculdade de Direito da UPF e professor convidado dos programas de mestrado da Universidade Agostinho Neto &#8211; Angola. Autor de diversos livros e artigos jur\u00eddicos no Direito Municipal.<\/p>\n","protected":false},"excerpt":{"rendered":"<p>Gest\u00e3o 2025-2028 &#8211; Giovani da Silva Corralo Mestre e Doutor em Direito do Estado pela UFPR. Especialista em advocacia municipal pela UFRGS, professor da gradua\u00e7\u00e3o e do Mestrado da Faculdade de Direito [&hellip;]<\/p>\n","protected":false},"author":1,"featured_media":73,"parent":0,"menu_order":0,"comment_status":"closed","ping_status":"closed","template":"","meta":{"footnotes":""},"class_list":["post-40","page","type-page","status-publish","has-post-thumbnail","hentry"],"yoast_head":"<!-- This site is optimized with the Yoast SEO plugin v23.8 - https:\/\/yoast.com\/wordpress\/plugins\/seo\/ -->\n<title>Conhe\u00e7a o Procurador - Procuradoria Geral do Munic\u00edpio<\/title>\n<meta name=\"robots\" content=\"index, follow, max-snippet:-1, max-image-preview:large, max-video-preview:-1\" \/>\n<link rel=\"canonical\" href=\"https:\/\/www.pmpf.rs.gov.br\/procuradoria\/conheca-o-procurador\/\" \/>\n<meta property=\"og:locale\" content=\"pt_BR\" \/>\n<meta property=\"og:type\" content=\"article\" \/>\n<meta property=\"og:title\" content=\"Conhe\u00e7a o Procurador - Procuradoria Geral do Munic\u00edpio\" \/>\n<meta property=\"og:description\" content=\"Gest\u00e3o 2025-2028 &#8211; Giovani da Silva Corralo Mestre e Doutor em Direito do Estado pela UFPR. Especialista em advocacia municipal pela UFRGS, professor da gradua\u00e7\u00e3o e do Mestrado da Faculdade de Direito [&hellip;]\" \/>\n<meta property=\"og:url\" content=\"https:\/\/www.pmpf.rs.gov.br\/procuradoria\/conheca-o-procurador\/\" \/>\n<meta property=\"og:site_name\" content=\"Procuradoria Geral do Munic\u00edpio\" \/>\n<meta property=\"article:modified_time\" content=\"2025-01-02T19:15:47+00:00\" \/>\n<meta name=\"twitter:card\" content=\"summary_large_image\" \/>\n<meta name=\"twitter:label1\" content=\"Est. tempo de leitura\" \/>\n\t<meta name=\"twitter:data1\" content=\"1 minuto\" \/>\n<script type=\"application\/ld+json\" class=\"yoast-schema-graph\">{\"@context\":\"https:\/\/schema.org\",\"@graph\":[{\"@type\":\"WebPage\",\"@id\":\"https:\/\/www.pmpf.rs.gov.br\/procuradoria\/conheca-o-procurador\/\",\"url\":\"https:\/\/www.pmpf.rs.gov.br\/procuradoria\/conheca-o-procurador\/\",\"name\":\"Conhe\u00e7a o Procurador - Procuradoria Geral do Munic\u00edpio\",\"isPartOf\":{\"@id\":\"https:\/\/www.pmpf.rs.gov.br\/procuradoria\/#website\"},\"primaryImageOfPage\":{\"@id\":\"https:\/\/www.pmpf.rs.gov.br\/procuradoria\/conheca-o-procurador\/#primaryimage\"},\"image\":{\"@id\":\"https:\/\/www.pmpf.rs.gov.br\/procuradoria\/conheca-o-procurador\/#primaryimage\"},\"thumbnailUrl\":\"https:\/\/www.pmpf.rs.gov.br\/procuradoria\/wp-content\/uploads\/sites\/53\/2021\/12\/icone-procuradoria.svg\",\"datePublished\":\"2021-12-23T01:57:48+00:00\",\"dateModified\":\"2025-01-02T19:15:47+00:00\",\"breadcrumb\":{\"@id\":\"https:\/\/www.pmpf.rs.gov.br\/procuradoria\/conheca-o-procurador\/#breadcrumb\"},\"inLanguage\":\"pt-BR\",\"potentialAction\":[{\"@type\":\"ReadAction\",\"target\":[\"https:\/\/www.pmpf.rs.gov.br\/procuradoria\/conheca-o-procurador\/\"]}]},{\"@type\":\"ImageObject\",\"inLanguage\":\"pt-BR\",\"@id\":\"https:\/\/www.pmpf.rs.gov.br\/procuradoria\/conheca-o-procurador\/#primaryimage\",\"url\":\"https:\/\/www.pmpf.rs.gov.br\/procuradoria\/wp-content\/uploads\/sites\/53\/2021\/12\/icone-procuradoria.svg\",\"contentUrl\":\"https:\/\/www.pmpf.rs.gov.br\/procuradoria\/wp-content\/uploads\/sites\/53\/2021\/12\/icone-procuradoria.svg\",\"width\":280,\"height\":280},{\"@type\":\"BreadcrumbList\",\"@id\":\"https:\/\/www.pmpf.rs.gov.br\/procuradoria\/conheca-o-procurador\/#breadcrumb\",\"itemListElement\":[{\"@type\":\"ListItem\",\"position\":1,\"name\":\"In\u00edcio\",\"item\":\"https:\/\/www.pmpf.rs.gov.br\/procuradoria\/\"},{\"@type\":\"ListItem\",\"position\":2,\"name\":\"Conhe\u00e7a o Procurador\"}]},{\"@type\":\"WebSite\",\"@id\":\"https:\/\/www.pmpf.rs.gov.br\/procuradoria\/#website\",\"url\":\"https:\/\/www.pmpf.rs.gov.br\/procuradoria\/\",\"name\":\"Procuradoria Geral do Munic\u00edpio\",\"description\":\"S\u00f3 mais um site Prefeitura de Passo Fundo\",\"potentialAction\":[{\"@type\":\"SearchAction\",\"target\":{\"@type\":\"EntryPoint\",\"urlTemplate\":\"https:\/\/www.pmpf.rs.gov.br\/procuradoria\/?s={search_term_string}\"},\"query-input\":{\"@type\":\"PropertyValueSpecification\",\"valueRequired\":true,\"valueName\":\"search_term_string\"}}],\"inLanguage\":\"pt-BR\"}]}<\/script>\n<!-- \/ Yoast SEO plugin. -->","yoast_head_json":{"title":"Conhe\u00e7a o Procurador - Procuradoria Geral do Munic\u00edpio","robots":{"index":"index","follow":"follow","max-snippet":"max-snippet:-1","max-image-preview":"max-image-preview:large","max-video-preview":"max-video-preview:-1"},"canonical":"https:\/\/www.pmpf.rs.gov.br\/procuradoria\/conheca-o-procurador\/","og_locale":"pt_BR","og_type":"article","og_title":"Conhe\u00e7a o Procurador - Procuradoria Geral do Munic\u00edpio","og_description":"Gest\u00e3o 2025-2028 &#8211; Giovani da Silva Corralo Mestre e Doutor em Direito do Estado pela UFPR. Especialista em advocacia municipal pela UFRGS, professor da gradua\u00e7\u00e3o e do Mestrado da Faculdade de Direito [&hellip;]","og_url":"https:\/\/www.pmpf.rs.gov.br\/procuradoria\/conheca-o-procurador\/","og_site_name":"Procuradoria Geral do Munic\u00edpio","article_modified_time":"2025-01-02T19:15:47+00:00","twitter_card":"summary_large_image","twitter_misc":{"Est. tempo de leitura":"1 minuto"},"schema":{"@context":"https:\/\/schema.org","@graph":[{"@type":"WebPage","@id":"https:\/\/www.pmpf.rs.gov.br\/procuradoria\/conheca-o-procurador\/","url":"https:\/\/www.pmpf.rs.gov.br\/procuradoria\/conheca-o-procurador\/","name":"Conhe\u00e7a o Procurador - Procuradoria Geral do Munic\u00edpio","isPartOf":{"@id":"https:\/\/www.pmpf.rs.gov.br\/procuradoria\/#website"},"primaryImageOfPage":{"@id":"https:\/\/www.pmpf.rs.gov.br\/procuradoria\/conheca-o-procurador\/#primaryimage"},"image":{"@id":"https:\/\/www.pmpf.rs.gov.br\/procuradoria\/conheca-o-procurador\/#primaryimage"},"thumbnailUrl":"https:\/\/www.pmpf.rs.gov.br\/procuradoria\/wp-content\/uploads\/sites\/53\/2021\/12\/icone-procuradoria.svg","datePublished":"2021-12-23T01:57:48+00:00","dateModified":"2025-01-02T19:15:47+00:00","breadcrumb":{"@id":"https:\/\/www.pmpf.rs.gov.br\/procuradoria\/conheca-o-procurador\/#breadcrumb"},"inLanguage":"pt-BR","potentialAction":[{"@type":"ReadAction","target":["https:\/\/www.pmpf.rs.gov.br\/procuradoria\/conheca-o-procurador\/"]}]},{"@type":"ImageObject","inLanguage":"pt-BR","@id":"https:\/\/www.pmpf.rs.gov.br\/procuradoria\/conheca-o-procurador\/#primaryimage","url":"https:\/\/www.pmpf.rs.gov.br\/procuradoria\/wp-content\/uploads\/sites\/53\/2021\/12\/icone-procuradoria.svg","contentUrl":"https:\/\/www.pmpf.rs.gov.br\/procuradoria\/wp-content\/uploads\/sites\/53\/2021\/12\/icone-procuradoria.svg","width":280,"height":280},{"@type":"BreadcrumbList","@id":"https:\/\/www.pmpf.rs.gov.br\/procuradoria\/conheca-o-procurador\/#breadcrumb","itemListElement":[{"@type":"ListItem","position":1,"name":"In\u00edcio","item":"https:\/\/www.pmpf.rs.gov.br\/procuradoria\/"},{"@type":"ListItem","position":2,"name":"Conhe\u00e7a o Procurador"}]},{"@type":"WebSite","@id":"https:\/\/www.pmpf.rs.gov.br\/procuradoria\/#website","url":"https:\/\/www.pmpf.rs.gov.br\/procuradoria\/","name":"Procuradoria Geral do Munic\u00edpio","description":"S\u00f3 mais um site Prefeitura de Passo Fundo","potentialAction":[{"@type":"SearchAction","target":{"@type":"EntryPoint","urlTemplate":"https:\/\/www.pmpf.rs.gov.br\/procuradoria\/?s={search_term_string}"},"query-input":{"@type":"PropertyValueSpecification","valueRequired":true,"valueName":"search_term_string"}}],"inLanguage":"pt-BR"}]}},"_links":{"self":[{"href":"https:\/\/www.pmpf.rs.gov.br\/procuradoria\/wp-json\/wp\/v2\/pages\/40"}],"collection":[{"href":"https:\/\/www.pmpf.rs.gov.br\/procuradoria\/wp-json\/wp\/v2\/pages"}],"about":[{"href":"https:\/\/www.pmpf.rs.gov.br\/procuradoria\/wp-json\/wp\/v2\/types\/page"}],"author":[{"embeddable":true,"href":"https:\/\/www.pmpf.rs.gov.br\/procuradoria\/wp-json\/wp\/v2\/users\/1"}],"replies":[{"embeddable":true,"href":"https:\/\/www.pmpf.rs.gov.br\/procuradoria\/wp-json\/wp\/v2\/comments?post=40"}],"version-history":[{"count":2,"href":"https:\/\/www.pmpf.rs.gov.br\/procuradoria\/wp-json\/wp\/v2\/pages\/40\/revisions"}],"predecessor-version":[{"id":103,"href":"https:\/\/www.pmpf.rs.gov.br\/procuradoria\/wp-json\/wp\/v2\/pages\/40\/revisions\/103"}],"wp:featuredmedia":[{"embeddable":true,"href":"https:\/\/www.pmpf.rs.gov.br\/procuradoria\/wp-json\/wp\/v2\/media\/73"}],"wp:attachment":[{"href":"https:\/\/www.pmpf.rs.gov.br\/procuradoria\/wp-json\/wp\/v2\/media?parent=40"}],"curies":[{"name":"wp","href":"https:\/\/api.w.org\/{rel}","templated":true}]}}