{"id":5,"date":"2021-12-27T16:08:10","date_gmt":"2021-12-27T19:08:10","guid":{"rendered":"https:\/\/www.pmpf.rs.gov.br\/prevencao-do-coronavirus\/?page_id=5"},"modified":"2023-05-19T15:42:22","modified_gmt":"2023-05-19T18:42:22","slug":"passo-fundo-contra-o-coronavirus","status":"publish","type":"page","link":"https:\/\/www.pmpf.rs.gov.br\/prevencao-do-coronavirus\/","title":{"rendered":"Passo Fundo Contra o Coronav\u00edrus"},"content":{"rendered":"\n<h2 class=\"wp-block-heading\">COVID-19<\/h2>\n\n\n<div class=\"wp-block-image\">\n<figure class=\"alignleft size-full\"><img loading=\"lazy\" decoding=\"async\" width=\"280\" height=\"186\" src=\"https:\/\/www.pmpf.rs.gov.br\/prevencao-do-coronavirus\/wp-content\/uploads\/sites\/60\/2022\/04\/telefone_coronavirus.png\" alt=\"\" class=\"wp-image-1596\"\/><\/figure><\/div>\n\n\n<p>Essa \u00e9 nossa central de informa\u00e7\u00f5es referentes as a\u00e7\u00f5es e medidas que o munic\u00edpio de Passo Fundo est\u00e1 tomando para o enfrentamento do novo coronav\u00edrus, causador de doen\u00e7a respirat\u00f3ria COVID-19. Aqui publicaremos todos os decretos, not\u00edcias e informa\u00e7\u00f5es pertinentes ao tema. As informa\u00e7\u00f5es e conte\u00fados est\u00e3o agrupadas por \u00e1rea de interesse. Acesse o perfil de interesse se informe e tire suas d\u00favidas.<\/p>\n\n\n\n<p>Acessar o perfil&nbsp;<a href=\"https:\/\/www.pmpf.rs.gov.br\/prevencao-do-coronavirus\/informacoes-para-a-comunidade-2\/\">Comunidade<\/a>&nbsp;para obter informa\u00e7\u00f5es sobre preven\u00e7\u00e3o, onde procurar atendimento, sintomas, uso de m\u00e1scaras e not\u00edcias.<\/p>\n\n\n\n<p>Acessar o perfil&nbsp;<a href=\"https:\/\/www.pmpf.rs.gov.br\/prevencao-do-coronavirus\/informacoes-para-profissionais-da-saude\/\">Profissionais de Sa\u00fade<\/a>&nbsp;para obter informa\u00e7\u00f5es sobre cadastro de profissionais, contrata\u00e7\u00f5es, EPI, sites \u00fateis e publica\u00e7\u00f5es.<\/p>\n\n\n\n<p>Acessar o perfil <a href=\"https:\/\/www.pmpf.rs.gov.br\/prevencao-do-coronavirus\/transparencia-coronavirus\/\">Transpar\u00eancia<\/a> para visualizar as despesas, licita\u00e7\u00f5es, portarias e normas.<\/p>\n\n\n\n<p>Acessar o perfil <a href=\"https:\/\/www.pmpf.rs.gov.br\/prevencao-do-coronavirus\/downloads\/decretos-coronavirus\/\">Legisla\u00e7\u00e3o<\/a> para acessar os decretos municipais do COVID-19.<\/p>\n\n\n\n<p>Acessar <a href=\"https:\/\/www.pmpf.rs.gov.br\/vacinacao-covid-19\/\">Portal Vacina\u00e7\u00e3o COVID-19<\/a> para consultar o cronograma e informa\u00e7\u00f5es da vacina\u00e7\u00e3o. <\/p>\n\n\n\n<div style=\"height:20px\" aria-hidden=\"true\" class=\"wp-block-spacer\"><\/div>\n\n\n\n<div class=\"wp-block-buttons is-layout-flex wp-block-buttons-is-layout-flex\">\n<div class=\"wp-block-button\"><a class=\"wp-block-button__link has-white-color has-blue-background-color has-text-color has-background wp-element-button\" href=\"https:\/\/www.pmpf.rs.gov.br\/prevencao-do-coronavirus\/boletim-semanal-coronavirus\/\" style=\"border-radius:8px\">Boletim Epidemiol\u00f3gico Semanal<\/a><\/div>\n\n\n\n<div class=\"wp-block-button\"><a class=\"wp-block-button__link has-white-color has-blue-background-color has-text-color has-background wp-element-button\" href=\"https:\/\/www.pmpf.rs.gov.br\/prevencao-do-coronavirus\/mascara\/\" style=\"border-radius:8px\">Uso de M\u00e1scara<\/a><\/div>\n\n\n\n<div class=\"wp-block-button\"><a class=\"wp-block-button__link has-white-color has-blue-background-color has-text-color has-background wp-element-button\" href=\"https:\/\/www.pmpf.rs.gov.br\/prevencao-do-coronavirus\/\" style=\"border-radius:8px\">Atendimento<\/a><\/div>\n<\/div>\n\n\n\n<div style=\"height:10px\" aria-hidden=\"true\" class=\"wp-block-spacer\"><\/div>\n\n\n\n<hr class=\"wp-block-separator has-css-opacity\"\/>\n","protected":false},"excerpt":{"rendered":"<p>COVID-19 Essa \u00e9 nossa central de informa\u00e7\u00f5es referentes as a\u00e7\u00f5es e medidas que o munic\u00edpio de Passo Fundo est\u00e1 tomando para o enfrentamento do novo coronav\u00edrus, causador de doen\u00e7a respirat\u00f3ria COVID-19. Aqui [&hellip;]<\/p>\n","protected":false},"author":1,"featured_media":0,"parent":0,"menu_order":0,"comment_status":"closed","ping_status":"closed","template":"page_secretaria_com_sidebar.php","meta":{"footnotes":""},"class_list":["post-5","page","type-page","status-publish","hentry"],"yoast_head":"<!-- This site is optimized with the Yoast SEO plugin v23.8 - https:\/\/yoast.com\/wordpress\/plugins\/seo\/ -->\n<title>Passo Fundo Contra o Coronav\u00edrus - Preven\u00e7\u00e3o do Coronav\u00edrus<\/title>\n<meta name=\"robots\" content=\"index, follow, max-snippet:-1, max-image-preview:large, max-video-preview:-1\" \/>\n<link rel=\"canonical\" href=\"https:\/\/www.pmpf.rs.gov.br\/prevencao-do-coronavirus\/\" \/>\n<meta property=\"og:locale\" content=\"pt_BR\" \/>\n<meta property=\"og:type\" content=\"article\" \/>\n<meta property=\"og:title\" content=\"Passo Fundo Contra o Coronav\u00edrus - Preven\u00e7\u00e3o do Coronav\u00edrus\" \/>\n<meta property=\"og:description\" content=\"COVID-19 Essa \u00e9 nossa central de informa\u00e7\u00f5es referentes as a\u00e7\u00f5es e medidas que o munic\u00edpio de Passo Fundo est\u00e1 tomando para o enfrentamento do novo coronav\u00edrus, causador de doen\u00e7a respirat\u00f3ria COVID-19. Aqui [&hellip;]\" \/>\n<meta property=\"og:url\" content=\"https:\/\/www.pmpf.rs.gov.br\/prevencao-do-coronavirus\/\" \/>\n<meta property=\"og:site_name\" content=\"Preven\u00e7\u00e3o do Coronav\u00edrus\" \/>\n<meta property=\"article:modified_time\" content=\"2023-05-19T18:42:22+00:00\" \/>\n<meta property=\"og:image\" content=\"https:\/\/www.pmpf.rs.gov.br\/prevencao-do-coronavirus\/wp-content\/uploads\/sites\/60\/2022\/04\/telefone_coronavirus.png\" \/>\n<meta name=\"twitter:card\" content=\"summary_large_image\" \/>\n<meta name=\"twitter:label1\" content=\"Est. tempo de leitura\" \/>\n\t<meta name=\"twitter:data1\" content=\"2 minutos\" \/>\n<script type=\"application\/ld+json\" class=\"yoast-schema-graph\">{\"@context\":\"https:\/\/schema.org\",\"@graph\":[{\"@type\":\"WebPage\",\"@id\":\"https:\/\/www.pmpf.rs.gov.br\/prevencao-do-coronavirus\/\",\"url\":\"https:\/\/www.pmpf.rs.gov.br\/prevencao-do-coronavirus\/\",\"name\":\"Passo Fundo Contra o Coronav\u00edrus - Preven\u00e7\u00e3o do Coronav\u00edrus\",\"isPartOf\":{\"@id\":\"https:\/\/www.pmpf.rs.gov.br\/prevencao-do-coronavirus\/#website\"},\"primaryImageOfPage\":{\"@id\":\"https:\/\/www.pmpf.rs.gov.br\/prevencao-do-coronavirus\/#primaryimage\"},\"image\":{\"@id\":\"https:\/\/www.pmpf.rs.gov.br\/prevencao-do-coronavirus\/#primaryimage\"},\"thumbnailUrl\":\"https:\/\/www.pmpf.rs.gov.br\/prevencao-do-coronavirus\/wp-content\/uploads\/sites\/60\/2022\/04\/telefone_coronavirus.png\",\"datePublished\":\"2021-12-27T19:08:10+00:00\",\"dateModified\":\"2023-05-19T18:42:22+00:00\",\"breadcrumb\":{\"@id\":\"https:\/\/www.pmpf.rs.gov.br\/prevencao-do-coronavirus\/#breadcrumb\"},\"inLanguage\":\"pt-BR\",\"potentialAction\":[{\"@type\":\"ReadAction\",\"target\":[\"https:\/\/www.pmpf.rs.gov.br\/prevencao-do-coronavirus\/\"]}]},{\"@type\":\"ImageObject\",\"inLanguage\":\"pt-BR\",\"@id\":\"https:\/\/www.pmpf.rs.gov.br\/prevencao-do-coronavirus\/#primaryimage\",\"url\":\"https:\/\/www.pmpf.rs.gov.br\/prevencao-do-coronavirus\/wp-content\/uploads\/sites\/60\/2022\/04\/telefone_coronavirus.png\",\"contentUrl\":\"https:\/\/www.pmpf.rs.gov.br\/prevencao-do-coronavirus\/wp-content\/uploads\/sites\/60\/2022\/04\/telefone_coronavirus.png\",\"width\":280,\"height\":186},{\"@type\":\"BreadcrumbList\",\"@id\":\"https:\/\/www.pmpf.rs.gov.br\/prevencao-do-coronavirus\/#breadcrumb\",\"itemListElement\":[{\"@type\":\"ListItem\",\"position\":1,\"name\":\"In\u00edcio\",\"item\":\"https:\/\/www.pmpf.rs.gov.br\/prevencao-do-coronavirus\/\"},{\"@type\":\"ListItem\",\"position\":2,\"name\":\"Passo Fundo Contra o Coronav\u00edrus\"}]},{\"@type\":\"WebSite\",\"@id\":\"https:\/\/www.pmpf.rs.gov.br\/prevencao-do-coronavirus\/#website\",\"url\":\"https:\/\/www.pmpf.rs.gov.br\/prevencao-do-coronavirus\/\",\"name\":\"Preven\u00e7\u00e3o do Coronav\u00edrus\",\"description\":\"S\u00f3 mais um site Prefeitura de Passo Fundo\",\"potentialAction\":[{\"@type\":\"SearchAction\",\"target\":{\"@type\":\"EntryPoint\",\"urlTemplate\":\"https:\/\/www.pmpf.rs.gov.br\/prevencao-do-coronavirus\/?s={search_term_string}\"},\"query-input\":{\"@type\":\"PropertyValueSpecification\",\"valueRequired\":true,\"valueName\":\"search_term_string\"}}],\"inLanguage\":\"pt-BR\"}]}<\/script>\n<!-- \/ Yoast SEO plugin. -->","yoast_head_json":{"title":"Passo Fundo Contra o Coronav\u00edrus - Preven\u00e7\u00e3o do Coronav\u00edrus","robots":{"index":"index","follow":"follow","max-snippet":"max-snippet:-1","max-image-preview":"max-image-preview:large","max-video-preview":"max-video-preview:-1"},"canonical":"https:\/\/www.pmpf.rs.gov.br\/prevencao-do-coronavirus\/","og_locale":"pt_BR","og_type":"article","og_title":"Passo Fundo Contra o Coronav\u00edrus - Preven\u00e7\u00e3o do Coronav\u00edrus","og_description":"COVID-19 Essa \u00e9 nossa central de informa\u00e7\u00f5es referentes as a\u00e7\u00f5es e medidas que o munic\u00edpio de Passo Fundo est\u00e1 tomando para o enfrentamento do novo coronav\u00edrus, causador de doen\u00e7a respirat\u00f3ria COVID-19. Aqui [&hellip;]","og_url":"https:\/\/www.pmpf.rs.gov.br\/prevencao-do-coronavirus\/","og_site_name":"Preven\u00e7\u00e3o do Coronav\u00edrus","article_modified_time":"2023-05-19T18:42:22+00:00","og_image":[{"url":"https:\/\/www.pmpf.rs.gov.br\/prevencao-do-coronavirus\/wp-content\/uploads\/sites\/60\/2022\/04\/telefone_coronavirus.png"}],"twitter_card":"summary_large_image","twitter_misc":{"Est. tempo de leitura":"2 minutos"},"schema":{"@context":"https:\/\/schema.org","@graph":[{"@type":"WebPage","@id":"https:\/\/www.pmpf.rs.gov.br\/prevencao-do-coronavirus\/","url":"https:\/\/www.pmpf.rs.gov.br\/prevencao-do-coronavirus\/","name":"Passo Fundo Contra o Coronav\u00edrus - Preven\u00e7\u00e3o do Coronav\u00edrus","isPartOf":{"@id":"https:\/\/www.pmpf.rs.gov.br\/prevencao-do-coronavirus\/#website"},"primaryImageOfPage":{"@id":"https:\/\/www.pmpf.rs.gov.br\/prevencao-do-coronavirus\/#primaryimage"},"image":{"@id":"https:\/\/www.pmpf.rs.gov.br\/prevencao-do-coronavirus\/#primaryimage"},"thumbnailUrl":"https:\/\/www.pmpf.rs.gov.br\/prevencao-do-coronavirus\/wp-content\/uploads\/sites\/60\/2022\/04\/telefone_coronavirus.png","datePublished":"2021-12-27T19:08:10+00:00","dateModified":"2023-05-19T18:42:22+00:00","breadcrumb":{"@id":"https:\/\/www.pmpf.rs.gov.br\/prevencao-do-coronavirus\/#breadcrumb"},"inLanguage":"pt-BR","potentialAction":[{"@type":"ReadAction","target":["https:\/\/www.pmpf.rs.gov.br\/prevencao-do-coronavirus\/"]}]},{"@type":"ImageObject","inLanguage":"pt-BR","@id":"https:\/\/www.pmpf.rs.gov.br\/prevencao-do-coronavirus\/#primaryimage","url":"https:\/\/www.pmpf.rs.gov.br\/prevencao-do-coronavirus\/wp-content\/uploads\/sites\/60\/2022\/04\/telefone_coronavirus.png","contentUrl":"https:\/\/www.pmpf.rs.gov.br\/prevencao-do-coronavirus\/wp-content\/uploads\/sites\/60\/2022\/04\/telefone_coronavirus.png","width":280,"height":186},{"@type":"BreadcrumbList","@id":"https:\/\/www.pmpf.rs.gov.br\/prevencao-do-coronavirus\/#breadcrumb","itemListElement":[{"@type":"ListItem","position":1,"name":"In\u00edcio","item":"https:\/\/www.pmpf.rs.gov.br\/prevencao-do-coronavirus\/"},{"@type":"ListItem","position":2,"name":"Passo Fundo Contra o Coronav\u00edrus"}]},{"@type":"WebSite","@id":"https:\/\/www.pmpf.rs.gov.br\/prevencao-do-coronavirus\/#website","url":"https:\/\/www.pmpf.rs.gov.br\/prevencao-do-coronavirus\/","name":"Preven\u00e7\u00e3o do Coronav\u00edrus","description":"S\u00f3 mais um site Prefeitura de Passo Fundo","potentialAction":[{"@type":"SearchAction","target":{"@type":"EntryPoint","urlTemplate":"https:\/\/www.pmpf.rs.gov.br\/prevencao-do-coronavirus\/?s={search_term_string}"},"query-input":{"@type":"PropertyValueSpecification","valueRequired":true,"valueName":"search_term_string"}}],"inLanguage":"pt-BR"}]}},"_links":{"self":[{"href":"https:\/\/www.pmpf.rs.gov.br\/prevencao-do-coronavirus\/wp-json\/wp\/v2\/pages\/5"}],"collection":[{"href":"https:\/\/www.pmpf.rs.gov.br\/prevencao-do-coronavirus\/wp-json\/wp\/v2\/pages"}],"about":[{"href":"https:\/\/www.pmpf.rs.gov.br\/prevencao-do-coronavirus\/wp-json\/wp\/v2\/types\/page"}],"author":[{"embeddable":true,"href":"https:\/\/www.pmpf.rs.gov.br\/prevencao-do-coronavirus\/wp-json\/wp\/v2\/users\/1"}],"replies":[{"embeddable":true,"href":"https:\/\/www.pmpf.rs.gov.br\/prevencao-do-coronavirus\/wp-json\/wp\/v2\/comments?post=5"}],"version-history":[{"count":107,"href":"https:\/\/www.pmpf.rs.gov.br\/prevencao-do-coronavirus\/wp-json\/wp\/v2\/pages\/5\/revisions"}],"predecessor-version":[{"id":2195,"href":"https:\/\/www.pmpf.rs.gov.br\/prevencao-do-coronavirus\/wp-json\/wp\/v2\/pages\/5\/revisions\/2195"}],"wp:attachment":[{"href":"https:\/\/www.pmpf.rs.gov.br\/prevencao-do-coronavirus\/wp-json\/wp\/v2\/media?parent=5"}],"curies":[{"name":"wp","href":"https:\/\/api.w.org\/{rel}","templated":true}]}}