{"id":190,"date":"2021-12-28T15:22:48","date_gmt":"2021-12-28T18:22:48","guid":{"rendered":"https:\/\/www.pmpf.rs.gov.br\/prevencao-do-coronavirus\/?page_id=190"},"modified":"2023-03-17T10:24:29","modified_gmt":"2023-03-17T13:24:29","slug":"informacoes-para-a-comunidade-2","status":"publish","type":"page","link":"https:\/\/www.pmpf.rs.gov.br\/prevencao-do-coronavirus\/informacoes-para-a-comunidade-2\/","title":{"rendered":"Informa\u00e7\u00f5es para a comunidade"},"content":{"rendered":"\n<p>A COVID-19 \u00e9 uma doen\u00e7a respirat\u00f3ria causada pelo coronav\u00edrus. O agente do coronav\u00edrus foi descoberto no final de 2019 e provoca sintomas e sinais semelhantes aos da gripe ou resfriado. As principais medidas para conter a prolifera\u00e7\u00e3o do v\u00edrus s\u00e3o baseadas na preven\u00e7\u00e3o. Os pacientes e seus familiares s\u00e3o orientados por profissionais da sa\u00fade quanto \u00e0s medidas de evitar cont\u00e1gio e tratamento.<\/p>\n\n\n\n<div style=\"height:20px\" aria-hidden=\"true\" class=\"wp-block-spacer\"><\/div>\n\n\n\n<div style=\"height:10px\" aria-hidden=\"true\" class=\"wp-block-spacer\"><\/div>\n\n\n\n<div class=\"wp-block-buttons is-layout-flex wp-block-buttons-is-layout-flex\">\n<div class=\"wp-block-button has-custom-width wp-block-button__width-25\"><a class=\"wp-block-button__link has-white-color has-blue-background-color has-text-color has-background wp-element-button\" href=\"https:\/\/www.pmpf.rs.gov.br\/prevencao-do-coronavirus\/o-que-voce-precisa-saber\/#sintomas\" style=\"border-radius:8px\">QUAIS S\u00c3O<br>OS SINTOMAS<\/a><\/div>\n\n\n\n<div class=\"wp-block-button has-custom-width wp-block-button__width-25\"><a class=\"wp-block-button__link has-white-color has-blue-background-color has-text-color has-background wp-element-button\" href=\"https:\/\/www.pmpf.rs.gov.br\/prevencao-do-coronavirus\/o-que-voce-precisa-saber\/#transmissao\" style=\"border-radius:8px\">COMO \u00c9<br>TRANSMITIDO<\/a><\/div>\n\n\n\n<div class=\"wp-block-button has-custom-width wp-block-button__width-25\"><a class=\"wp-block-button__link has-white-color has-blue-background-color has-text-color has-background wp-element-button\" href=\"https:\/\/www.pmpf.rs.gov.br\/prevencao-do-coronavirus\/o-que-voce-precisa-saber\/#protege\" style=\"border-radius:8px\">COMO SE<br>PROTEGER<\/a><\/div>\n\n\n\n<div class=\"wp-block-button has-custom-width wp-block-button__width-25\"><a class=\"wp-block-button__link has-white-color has-blue-background-color has-text-color has-background wp-element-button\" href=\"https:\/\/www.pmpf.rs.gov.br\/prevencao-do-coronavirus\/atendimento-coronavirus\/#atendimento\" style=\"border-radius:8px\">ONDE BUSCAR<br>ATENDIMENTO<\/a><\/div>\n<\/div>\n\n\n\n<hr class=\"wp-block-separator has-alpha-channel-opacity\"\/>\n","protected":false},"excerpt":{"rendered":"<p>A COVID-19 \u00e9 uma doen\u00e7a respirat\u00f3ria causada pelo coronav\u00edrus. O agente do coronav\u00edrus foi descoberto no final de 2019 e provoca sintomas e sinais semelhantes aos da gripe ou resfriado. As principais [&hellip;]<\/p>\n","protected":false},"author":1,"featured_media":0,"parent":0,"menu_order":0,"comment_status":"closed","ping_status":"closed","template":"","meta":{"footnotes":""},"class_list":["post-190","page","type-page","status-publish","hentry"],"yoast_head":"<!-- This site is optimized with the Yoast SEO plugin v23.8 - https:\/\/yoast.com\/wordpress\/plugins\/seo\/ -->\n<title>Informa\u00e7\u00f5es para a comunidade - Preven\u00e7\u00e3o do Coronav\u00edrus<\/title>\n<meta name=\"robots\" content=\"index, follow, max-snippet:-1, max-image-preview:large, max-video-preview:-1\" \/>\n<link rel=\"canonical\" href=\"https:\/\/www.pmpf.rs.gov.br\/prevencao-do-coronavirus\/informacoes-para-a-comunidade-2\/\" \/>\n<meta property=\"og:locale\" content=\"pt_BR\" \/>\n<meta property=\"og:type\" content=\"article\" \/>\n<meta property=\"og:title\" content=\"Informa\u00e7\u00f5es para a comunidade - Preven\u00e7\u00e3o do Coronav\u00edrus\" \/>\n<meta property=\"og:description\" content=\"A COVID-19 \u00e9 uma doen\u00e7a respirat\u00f3ria causada pelo coronav\u00edrus. O agente do coronav\u00edrus foi descoberto no final de 2019 e provoca sintomas e sinais semelhantes aos da gripe ou resfriado. As principais [&hellip;]\" \/>\n<meta property=\"og:url\" content=\"https:\/\/www.pmpf.rs.gov.br\/prevencao-do-coronavirus\/informacoes-para-a-comunidade-2\/\" \/>\n<meta property=\"og:site_name\" content=\"Preven\u00e7\u00e3o do Coronav\u00edrus\" \/>\n<meta property=\"article:modified_time\" content=\"2023-03-17T13:24:29+00:00\" \/>\n<meta name=\"twitter:card\" content=\"summary_large_image\" \/>\n<meta name=\"twitter:label1\" content=\"Est. tempo de leitura\" \/>\n\t<meta name=\"twitter:data1\" content=\"1 minuto\" \/>\n<script type=\"application\/ld+json\" class=\"yoast-schema-graph\">{\"@context\":\"https:\/\/schema.org\",\"@graph\":[{\"@type\":\"WebPage\",\"@id\":\"https:\/\/www.pmpf.rs.gov.br\/prevencao-do-coronavirus\/informacoes-para-a-comunidade-2\/\",\"url\":\"https:\/\/www.pmpf.rs.gov.br\/prevencao-do-coronavirus\/informacoes-para-a-comunidade-2\/\",\"name\":\"Informa\u00e7\u00f5es para a comunidade - Preven\u00e7\u00e3o do Coronav\u00edrus\",\"isPartOf\":{\"@id\":\"https:\/\/www.pmpf.rs.gov.br\/prevencao-do-coronavirus\/#website\"},\"datePublished\":\"2021-12-28T18:22:48+00:00\",\"dateModified\":\"2023-03-17T13:24:29+00:00\",\"breadcrumb\":{\"@id\":\"https:\/\/www.pmpf.rs.gov.br\/prevencao-do-coronavirus\/informacoes-para-a-comunidade-2\/#breadcrumb\"},\"inLanguage\":\"pt-BR\",\"potentialAction\":[{\"@type\":\"ReadAction\",\"target\":[\"https:\/\/www.pmpf.rs.gov.br\/prevencao-do-coronavirus\/informacoes-para-a-comunidade-2\/\"]}]},{\"@type\":\"BreadcrumbList\",\"@id\":\"https:\/\/www.pmpf.rs.gov.br\/prevencao-do-coronavirus\/informacoes-para-a-comunidade-2\/#breadcrumb\",\"itemListElement\":[{\"@type\":\"ListItem\",\"position\":1,\"name\":\"In\u00edcio\",\"item\":\"https:\/\/www.pmpf.rs.gov.br\/prevencao-do-coronavirus\/\"},{\"@type\":\"ListItem\",\"position\":2,\"name\":\"Informa\u00e7\u00f5es para a comunidade\"}]},{\"@type\":\"WebSite\",\"@id\":\"https:\/\/www.pmpf.rs.gov.br\/prevencao-do-coronavirus\/#website\",\"url\":\"https:\/\/www.pmpf.rs.gov.br\/prevencao-do-coronavirus\/\",\"name\":\"Preven\u00e7\u00e3o do Coronav\u00edrus\",\"description\":\"S\u00f3 mais um site Prefeitura de Passo Fundo\",\"potentialAction\":[{\"@type\":\"SearchAction\",\"target\":{\"@type\":\"EntryPoint\",\"urlTemplate\":\"https:\/\/www.pmpf.rs.gov.br\/prevencao-do-coronavirus\/?s={search_term_string}\"},\"query-input\":{\"@type\":\"PropertyValueSpecification\",\"valueRequired\":true,\"valueName\":\"search_term_string\"}}],\"inLanguage\":\"pt-BR\"}]}<\/script>\n<!-- \/ Yoast SEO plugin. -->","yoast_head_json":{"title":"Informa\u00e7\u00f5es para a comunidade - Preven\u00e7\u00e3o do Coronav\u00edrus","robots":{"index":"index","follow":"follow","max-snippet":"max-snippet:-1","max-image-preview":"max-image-preview:large","max-video-preview":"max-video-preview:-1"},"canonical":"https:\/\/www.pmpf.rs.gov.br\/prevencao-do-coronavirus\/informacoes-para-a-comunidade-2\/","og_locale":"pt_BR","og_type":"article","og_title":"Informa\u00e7\u00f5es para a comunidade - Preven\u00e7\u00e3o do Coronav\u00edrus","og_description":"A COVID-19 \u00e9 uma doen\u00e7a respirat\u00f3ria causada pelo coronav\u00edrus. O agente do coronav\u00edrus foi descoberto no final de 2019 e provoca sintomas e sinais semelhantes aos da gripe ou resfriado. As principais [&hellip;]","og_url":"https:\/\/www.pmpf.rs.gov.br\/prevencao-do-coronavirus\/informacoes-para-a-comunidade-2\/","og_site_name":"Preven\u00e7\u00e3o do Coronav\u00edrus","article_modified_time":"2023-03-17T13:24:29+00:00","twitter_card":"summary_large_image","twitter_misc":{"Est. tempo de leitura":"1 minuto"},"schema":{"@context":"https:\/\/schema.org","@graph":[{"@type":"WebPage","@id":"https:\/\/www.pmpf.rs.gov.br\/prevencao-do-coronavirus\/informacoes-para-a-comunidade-2\/","url":"https:\/\/www.pmpf.rs.gov.br\/prevencao-do-coronavirus\/informacoes-para-a-comunidade-2\/","name":"Informa\u00e7\u00f5es para a comunidade - Preven\u00e7\u00e3o do Coronav\u00edrus","isPartOf":{"@id":"https:\/\/www.pmpf.rs.gov.br\/prevencao-do-coronavirus\/#website"},"datePublished":"2021-12-28T18:22:48+00:00","dateModified":"2023-03-17T13:24:29+00:00","breadcrumb":{"@id":"https:\/\/www.pmpf.rs.gov.br\/prevencao-do-coronavirus\/informacoes-para-a-comunidade-2\/#breadcrumb"},"inLanguage":"pt-BR","potentialAction":[{"@type":"ReadAction","target":["https:\/\/www.pmpf.rs.gov.br\/prevencao-do-coronavirus\/informacoes-para-a-comunidade-2\/"]}]},{"@type":"BreadcrumbList","@id":"https:\/\/www.pmpf.rs.gov.br\/prevencao-do-coronavirus\/informacoes-para-a-comunidade-2\/#breadcrumb","itemListElement":[{"@type":"ListItem","position":1,"name":"In\u00edcio","item":"https:\/\/www.pmpf.rs.gov.br\/prevencao-do-coronavirus\/"},{"@type":"ListItem","position":2,"name":"Informa\u00e7\u00f5es para a comunidade"}]},{"@type":"WebSite","@id":"https:\/\/www.pmpf.rs.gov.br\/prevencao-do-coronavirus\/#website","url":"https:\/\/www.pmpf.rs.gov.br\/prevencao-do-coronavirus\/","name":"Preven\u00e7\u00e3o do Coronav\u00edrus","description":"S\u00f3 mais um site Prefeitura de Passo Fundo","potentialAction":[{"@type":"SearchAction","target":{"@type":"EntryPoint","urlTemplate":"https:\/\/www.pmpf.rs.gov.br\/prevencao-do-coronavirus\/?s={search_term_string}"},"query-input":{"@type":"PropertyValueSpecification","valueRequired":true,"valueName":"search_term_string"}}],"inLanguage":"pt-BR"}]}},"_links":{"self":[{"href":"https:\/\/www.pmpf.rs.gov.br\/prevencao-do-coronavirus\/wp-json\/wp\/v2\/pages\/190"}],"collection":[{"href":"https:\/\/www.pmpf.rs.gov.br\/prevencao-do-coronavirus\/wp-json\/wp\/v2\/pages"}],"about":[{"href":"https:\/\/www.pmpf.rs.gov.br\/prevencao-do-coronavirus\/wp-json\/wp\/v2\/types\/page"}],"author":[{"embeddable":true,"href":"https:\/\/www.pmpf.rs.gov.br\/prevencao-do-coronavirus\/wp-json\/wp\/v2\/users\/1"}],"replies":[{"embeddable":true,"href":"https:\/\/www.pmpf.rs.gov.br\/prevencao-do-coronavirus\/wp-json\/wp\/v2\/comments?post=190"}],"version-history":[{"count":11,"href":"https:\/\/www.pmpf.rs.gov.br\/prevencao-do-coronavirus\/wp-json\/wp\/v2\/pages\/190\/revisions"}],"predecessor-version":[{"id":2092,"href":"https:\/\/www.pmpf.rs.gov.br\/prevencao-do-coronavirus\/wp-json\/wp\/v2\/pages\/190\/revisions\/2092"}],"wp:attachment":[{"href":"https:\/\/www.pmpf.rs.gov.br\/prevencao-do-coronavirus\/wp-json\/wp\/v2\/media?parent=190"}],"curies":[{"name":"wp","href":"https:\/\/api.w.org\/{rel}","templated":true}]}}