{"id":175,"date":"2021-12-28T14:12:03","date_gmt":"2021-12-28T17:12:03","guid":{"rendered":"https:\/\/www.pmpf.rs.gov.br\/prevencao-do-coronavirus\/?page_id=175"},"modified":"2024-06-14T16:18:47","modified_gmt":"2024-06-14T19:18:47","slug":"transparencia-coronavirus","status":"publish","type":"page","link":"https:\/\/www.pmpf.rs.gov.br\/prevencao-do-coronavirus\/transparencia-coronavirus\/","title":{"rendered":"Transpar\u00eancia"},"content":{"rendered":"\n<h2 class=\"wp-block-heading\">Combate ao coronav\u00edrus<\/h2>\n\n\n\n<h2 class=\"wp-block-heading\">Compras e Licita\u00e7\u00f5es &#8211; Lei Federal 13.979\/2020 &#8211; 162\/2020<\/h2>\n\n\n\n<p>Recursos recebidos, aquisi\u00e7\u00f5es e contrata\u00e7\u00f5es realizadas para o enfrentamento do coronav\u00edrus (COVID-19) est\u00e3o dispon\u00edveis nos hiperlinks abaixo:<\/p>\n\n\n\n<ul class=\"wp-block-list\">\n<li><a href=\"https:\/\/grp.pmpf.rs.gov.br\/grp\/acessoexterno\/programaAcessoExterno.faces?codigo=694693\" target=\"_blank\" rel=\"noreferrer noopener\"><strong>Licita\u00e7\u00f5es e Contrata\u00e7\u00f5es<\/strong><\/a><\/li>\n\n\n\n<li><a href=\"https:\/\/grp.pmpf.rs.gov.br\/grp\/acessoexterno\/programaAcessoExterno.faces?codigo=694935\" target=\"_blank\" rel=\"noreferrer noopener\"><strong>Recursos Recebidos COVID-19<\/strong><\/a><\/li>\n\n\n\n<li><a href=\"https:\/\/grp.pmpf.rs.gov.br\/grp\/acessoexterno\/programaAcessoExterno.faces?codigo=695885\" target=\"_blank\" rel=\"noreferrer noopener\"><strong>Saldo global dispon\u00edvel &#8211; Recursos COVID-19<\/strong><\/a><\/li>\n\n\n\n<li><a href=\"https:\/\/grp.pmpf.rs.gov.br\/grp\/acessoexterno\/programaAcessoExterno.faces?codigo=694681\" target=\"_blank\" rel=\"noreferrer noopener\"><strong>Despesas realizadas a partir de 01\/05\/2020<\/strong><\/a><\/li>\n\n\n\n<li><a href=\"https:\/\/www.pmpf.rs.gov.br\/prevencao-do-coronavirus\/wp-content\/uploads\/sites\/60\/2021\/12\/empenhos_itensCovid30042020.pdf\" target=\"_blank\" rel=\"noreferrer noopener\"><strong>Despesas realizadas at\u00e9 o dia 30\/04\/2020<\/strong><\/a><\/li>\n<\/ul>\n\n\n\n<h2 class=\"wp-block-heading\">Transpar\u00eancia Vacina\u00e7\u00e3o COVID-19<\/h2>\n\n\n\n<p>Insumos recebidos, aquisi\u00e7\u00f5es e contrata\u00e7\u00f5es realizadas para a vacina\u00e7\u00e3o do coronav\u00edrus (COVID-19) est\u00e3o dispon\u00edveis nos hiperlinks abaixo:<\/p>\n\n\n\n<ul class=\"wp-block-list\">\n<li><a href=\"https:\/\/www.pmpf.rs.gov.br\/prevencao-do-coronavirus\/wp-content\/uploads\/sites\/60\/2021\/12\/insumos_vacina_covid19_recebidos.pdf\" target=\"_blank\" rel=\"noreferrer noopener\"><strong>Insumos recebidos e adquiridos relacionados \u00e0 vacina\u00e7\u00e3o contra o COVID-19<\/strong><\/a><\/li>\n\n\n\n<li><a href=\"https:\/\/www.pmpf.rs.gov.br\/prevencao-do-coronavirus\/wp-content\/uploads\/sites\/60\/2021\/12\/empenhos_vacinacao_covid19.pdf\" target=\"_blank\" rel=\"noreferrer noopener\"><strong>Empenhos de aquisi\u00e7\u00e3o de insumos para a vacina\u00e7\u00e3o do COVID-19<\/strong><\/a><\/li>\n\n\n\n<li><a href=\"https:\/\/grp.pmpf.rs.gov.br\/grp\/acessoexterno\/programaAcessoExterno.faces?codigo=694693\" target=\"_blank\" rel=\"noreferrer noopener\"><strong>Processos de aquisi\u00e7\u00e3o de insumos relacionados \u00e0 vacina\u00e7\u00e3o e ao COVID-19<\/strong><\/a><\/li>\n<\/ul>\n\n\n\n<p><strong>Quantitativo de Doses de Vacinas Adquiridas\/Recebidas<\/strong><br>(Atualizado em 14\/06\/2024.)<\/p>\n\n\n\n<p>O relat\u00f3rio de doses de vacinas recebidas\/adquiridas com data, fabricante e quantitativo est\u00e1 dispon\u00edvel no hiperlink abaixo:<\/p>\n\n\n\n<ul class=\"wp-block-list\">\n<li><a href=\"https:\/\/docs.google.com\/spreadsheets\/d\/181RxWeOb-_FUFU7EBPMKRJTkazNgU6xazJYHbttquY8\/edit?usp=sharing\" target=\"_blank\" rel=\"noreferrer noopener\"><strong>Relat\u00f3rio do Quantitativo de Vacinas Recebidas e Adquiridas<\/strong><\/a><\/li>\n<\/ul>\n\n\n\n<p><strong>Registro de sobra identificada de vacinas do COVID-19<\/strong><br>(Atualizado em 14\/06\/2024.)<\/p>\n\n\n\n<p>At\u00e9 o momento, n\u00e3o houve registro de sobra de doses de vacinas no munic\u00edpio de Passo fundo.<\/p>\n\n\n\n<p><strong>Nota T\u00e9cnica:<\/strong><br>No caso, de ocorrer sobras de doses de vacinas do COVID-19 ao final do expediente, os t\u00e9cnicos de sa\u00fade devem convocar imediatamente as pessoas do pr\u00f3ximo grupo definido na ordem das prioridades do Plano de Vacina\u00e7\u00e3o Municipal.<br>Perdas de doses de vacina\u00e7\u00e3o devem ser comunicadas imediatamente para a Secretaria de Sa\u00fade Municipal para serem registradas e tomadas as devidas provid\u00eancias.<\/p>\n\n\n\n<h2 class=\"wp-block-heading\">Decretos Municipais<\/h2>\n\n\n\n<p><a href=\"https:\/\/www.pmpf.rs.gov.br\/prevencao-do-coronavirus\/downloads\/decretos-coronavirus\/\" target=\"_blank\" rel=\"noreferrer noopener\"><strong>Decretos publicados pelo Munic\u00edpio para o enfrentamento do coronav\u00edrus<\/strong><\/a><\/p>\n","protected":false},"excerpt":{"rendered":"<p>Combate ao coronav\u00edrus Compras e Licita\u00e7\u00f5es &#8211; Lei Federal 13.979\/2020 &#8211; 162\/2020 Recursos recebidos, aquisi\u00e7\u00f5es e contrata\u00e7\u00f5es realizadas para o enfrentamento do coronav\u00edrus (COVID-19) est\u00e3o dispon\u00edveis nos hiperlinks abaixo: Transpar\u00eancia Vacina\u00e7\u00e3o COVID-19 [&hellip;]<\/p>\n","protected":false},"author":1,"featured_media":0,"parent":0,"menu_order":0,"comment_status":"closed","ping_status":"closed","template":"page_secretaria_com_sidebar.php","meta":{"footnotes":""},"class_list":["post-175","page","type-page","status-publish","hentry"],"yoast_head":"<!-- This site is optimized with the Yoast SEO plugin v23.8 - https:\/\/yoast.com\/wordpress\/plugins\/seo\/ -->\n<title>Transpar\u00eancia - Preven\u00e7\u00e3o do Coronav\u00edrus<\/title>\n<meta name=\"robots\" content=\"index, follow, max-snippet:-1, max-image-preview:large, max-video-preview:-1\" \/>\n<link rel=\"canonical\" href=\"https:\/\/www.pmpf.rs.gov.br\/prevencao-do-coronavirus\/transparencia-coronavirus\/\" \/>\n<meta property=\"og:locale\" content=\"pt_BR\" \/>\n<meta property=\"og:type\" content=\"article\" \/>\n<meta property=\"og:title\" content=\"Transpar\u00eancia - Preven\u00e7\u00e3o do Coronav\u00edrus\" \/>\n<meta property=\"og:description\" content=\"Combate ao coronav\u00edrus Compras e Licita\u00e7\u00f5es &#8211; Lei Federal 13.979\/2020 &#8211; 162\/2020 Recursos recebidos, aquisi\u00e7\u00f5es e contrata\u00e7\u00f5es realizadas para o enfrentamento do coronav\u00edrus (COVID-19) est\u00e3o dispon\u00edveis nos hiperlinks abaixo: Transpar\u00eancia Vacina\u00e7\u00e3o COVID-19 [&hellip;]\" \/>\n<meta property=\"og:url\" content=\"https:\/\/www.pmpf.rs.gov.br\/prevencao-do-coronavirus\/transparencia-coronavirus\/\" \/>\n<meta property=\"og:site_name\" content=\"Preven\u00e7\u00e3o do Coronav\u00edrus\" \/>\n<meta property=\"article:modified_time\" content=\"2024-06-14T19:18:47+00:00\" \/>\n<meta name=\"twitter:card\" content=\"summary_large_image\" \/>\n<meta name=\"twitter:label1\" content=\"Est. tempo de leitura\" \/>\n\t<meta name=\"twitter:data1\" content=\"2 minutos\" \/>\n<script type=\"application\/ld+json\" class=\"yoast-schema-graph\">{\"@context\":\"https:\/\/schema.org\",\"@graph\":[{\"@type\":\"WebPage\",\"@id\":\"https:\/\/www.pmpf.rs.gov.br\/prevencao-do-coronavirus\/transparencia-coronavirus\/\",\"url\":\"https:\/\/www.pmpf.rs.gov.br\/prevencao-do-coronavirus\/transparencia-coronavirus\/\",\"name\":\"Transpar\u00eancia - Preven\u00e7\u00e3o do Coronav\u00edrus\",\"isPartOf\":{\"@id\":\"https:\/\/www.pmpf.rs.gov.br\/prevencao-do-coronavirus\/#website\"},\"datePublished\":\"2021-12-28T17:12:03+00:00\",\"dateModified\":\"2024-06-14T19:18:47+00:00\",\"breadcrumb\":{\"@id\":\"https:\/\/www.pmpf.rs.gov.br\/prevencao-do-coronavirus\/transparencia-coronavirus\/#breadcrumb\"},\"inLanguage\":\"pt-BR\",\"potentialAction\":[{\"@type\":\"ReadAction\",\"target\":[\"https:\/\/www.pmpf.rs.gov.br\/prevencao-do-coronavirus\/transparencia-coronavirus\/\"]}]},{\"@type\":\"BreadcrumbList\",\"@id\":\"https:\/\/www.pmpf.rs.gov.br\/prevencao-do-coronavirus\/transparencia-coronavirus\/#breadcrumb\",\"itemListElement\":[{\"@type\":\"ListItem\",\"position\":1,\"name\":\"In\u00edcio\",\"item\":\"https:\/\/www.pmpf.rs.gov.br\/prevencao-do-coronavirus\/\"},{\"@type\":\"ListItem\",\"position\":2,\"name\":\"Transpar\u00eancia\"}]},{\"@type\":\"WebSite\",\"@id\":\"https:\/\/www.pmpf.rs.gov.br\/prevencao-do-coronavirus\/#website\",\"url\":\"https:\/\/www.pmpf.rs.gov.br\/prevencao-do-coronavirus\/\",\"name\":\"Preven\u00e7\u00e3o do Coronav\u00edrus\",\"description\":\"S\u00f3 mais um site Prefeitura de Passo Fundo\",\"potentialAction\":[{\"@type\":\"SearchAction\",\"target\":{\"@type\":\"EntryPoint\",\"urlTemplate\":\"https:\/\/www.pmpf.rs.gov.br\/prevencao-do-coronavirus\/?s={search_term_string}\"},\"query-input\":{\"@type\":\"PropertyValueSpecification\",\"valueRequired\":true,\"valueName\":\"search_term_string\"}}],\"inLanguage\":\"pt-BR\"}]}<\/script>\n<!-- \/ Yoast SEO plugin. -->","yoast_head_json":{"title":"Transpar\u00eancia - Preven\u00e7\u00e3o do Coronav\u00edrus","robots":{"index":"index","follow":"follow","max-snippet":"max-snippet:-1","max-image-preview":"max-image-preview:large","max-video-preview":"max-video-preview:-1"},"canonical":"https:\/\/www.pmpf.rs.gov.br\/prevencao-do-coronavirus\/transparencia-coronavirus\/","og_locale":"pt_BR","og_type":"article","og_title":"Transpar\u00eancia - Preven\u00e7\u00e3o do Coronav\u00edrus","og_description":"Combate ao coronav\u00edrus Compras e Licita\u00e7\u00f5es &#8211; Lei Federal 13.979\/2020 &#8211; 162\/2020 Recursos recebidos, aquisi\u00e7\u00f5es e contrata\u00e7\u00f5es realizadas para o enfrentamento do coronav\u00edrus (COVID-19) est\u00e3o dispon\u00edveis nos hiperlinks abaixo: Transpar\u00eancia Vacina\u00e7\u00e3o COVID-19 [&hellip;]","og_url":"https:\/\/www.pmpf.rs.gov.br\/prevencao-do-coronavirus\/transparencia-coronavirus\/","og_site_name":"Preven\u00e7\u00e3o do Coronav\u00edrus","article_modified_time":"2024-06-14T19:18:47+00:00","twitter_card":"summary_large_image","twitter_misc":{"Est. tempo de leitura":"2 minutos"},"schema":{"@context":"https:\/\/schema.org","@graph":[{"@type":"WebPage","@id":"https:\/\/www.pmpf.rs.gov.br\/prevencao-do-coronavirus\/transparencia-coronavirus\/","url":"https:\/\/www.pmpf.rs.gov.br\/prevencao-do-coronavirus\/transparencia-coronavirus\/","name":"Transpar\u00eancia - Preven\u00e7\u00e3o do Coronav\u00edrus","isPartOf":{"@id":"https:\/\/www.pmpf.rs.gov.br\/prevencao-do-coronavirus\/#website"},"datePublished":"2021-12-28T17:12:03+00:00","dateModified":"2024-06-14T19:18:47+00:00","breadcrumb":{"@id":"https:\/\/www.pmpf.rs.gov.br\/prevencao-do-coronavirus\/transparencia-coronavirus\/#breadcrumb"},"inLanguage":"pt-BR","potentialAction":[{"@type":"ReadAction","target":["https:\/\/www.pmpf.rs.gov.br\/prevencao-do-coronavirus\/transparencia-coronavirus\/"]}]},{"@type":"BreadcrumbList","@id":"https:\/\/www.pmpf.rs.gov.br\/prevencao-do-coronavirus\/transparencia-coronavirus\/#breadcrumb","itemListElement":[{"@type":"ListItem","position":1,"name":"In\u00edcio","item":"https:\/\/www.pmpf.rs.gov.br\/prevencao-do-coronavirus\/"},{"@type":"ListItem","position":2,"name":"Transpar\u00eancia"}]},{"@type":"WebSite","@id":"https:\/\/www.pmpf.rs.gov.br\/prevencao-do-coronavirus\/#website","url":"https:\/\/www.pmpf.rs.gov.br\/prevencao-do-coronavirus\/","name":"Preven\u00e7\u00e3o do Coronav\u00edrus","description":"S\u00f3 mais um site Prefeitura de Passo Fundo","potentialAction":[{"@type":"SearchAction","target":{"@type":"EntryPoint","urlTemplate":"https:\/\/www.pmpf.rs.gov.br\/prevencao-do-coronavirus\/?s={search_term_string}"},"query-input":{"@type":"PropertyValueSpecification","valueRequired":true,"valueName":"search_term_string"}}],"inLanguage":"pt-BR"}]}},"_links":{"self":[{"href":"https:\/\/www.pmpf.rs.gov.br\/prevencao-do-coronavirus\/wp-json\/wp\/v2\/pages\/175"}],"collection":[{"href":"https:\/\/www.pmpf.rs.gov.br\/prevencao-do-coronavirus\/wp-json\/wp\/v2\/pages"}],"about":[{"href":"https:\/\/www.pmpf.rs.gov.br\/prevencao-do-coronavirus\/wp-json\/wp\/v2\/types\/page"}],"author":[{"embeddable":true,"href":"https:\/\/www.pmpf.rs.gov.br\/prevencao-do-coronavirus\/wp-json\/wp\/v2\/users\/1"}],"replies":[{"embeddable":true,"href":"https:\/\/www.pmpf.rs.gov.br\/prevencao-do-coronavirus\/wp-json\/wp\/v2\/comments?post=175"}],"version-history":[{"count":53,"href":"https:\/\/www.pmpf.rs.gov.br\/prevencao-do-coronavirus\/wp-json\/wp\/v2\/pages\/175\/revisions"}],"predecessor-version":[{"id":2375,"href":"https:\/\/www.pmpf.rs.gov.br\/prevencao-do-coronavirus\/wp-json\/wp\/v2\/pages\/175\/revisions\/2375"}],"wp:attachment":[{"href":"https:\/\/www.pmpf.rs.gov.br\/prevencao-do-coronavirus\/wp-json\/wp\/v2\/media?parent=175"}],"curies":[{"name":"wp","href":"https:\/\/api.w.org\/{rel}","templated":true}]}}