{"id":4,"date":"2021-12-18T15:06:57","date_gmt":"2021-12-18T18:06:57","guid":{"rendered":"https:\/\/www.pmpf.rs.gov.br\/prefeito\/?page_id=4"},"modified":"2024-12-30T15:44:44","modified_gmt":"2024-12-30T18:44:44","slug":"pagina-inicial","status":"publish","type":"page","link":"https:\/\/www.pmpf.rs.gov.br\/prefeito\/","title":{"rendered":"P\u00e1gina Inicial"},"content":{"rendered":"\n<h2 class=\"wp-block-heading\">Pedro Almeida<\/h2>\n\n\n<div class=\"wp-block-image\">\n<figure class=\"alignleft size-large is-resized\"><img loading=\"lazy\" decoding=\"async\" width=\"1024\" height=\"682\" src=\"https:\/\/www.pmpf.rs.gov.br\/prefeito\/wp-content\/uploads\/sites\/32\/2024\/12\/Prefeito-Pedro-2025-1024x682.jpg\" alt=\"\" class=\"wp-image-2954\" style=\"width:380px\" srcset=\"https:\/\/www.pmpf.rs.gov.br\/prefeito\/wp-content\/uploads\/sites\/32\/2024\/12\/Prefeito-Pedro-2025-1024x682.jpg 1024w, https:\/\/www.pmpf.rs.gov.br\/prefeito\/wp-content\/uploads\/sites\/32\/2024\/12\/Prefeito-Pedro-2025-300x200.jpg 300w, https:\/\/www.pmpf.rs.gov.br\/prefeito\/wp-content\/uploads\/sites\/32\/2024\/12\/Prefeito-Pedro-2025-768x512.jpg 768w, https:\/\/www.pmpf.rs.gov.br\/prefeito\/wp-content\/uploads\/sites\/32\/2024\/12\/Prefeito-Pedro-2025.jpg 1280w\" sizes=\"(max-width: 1024px) 100vw, 1024px\" \/><\/figure><\/div>\n\n\n<p>Pedro Almeida \u00e9 natural de Passo Fundo. Formado em Administra\u00e7\u00e3o de Empresas pela IMED, em 2012, tem especializa\u00e7\u00e3o em Gest\u00e3o P\u00fablica.<\/p>\n\n\n\n<p>Frequentou as escolas Nicolau de Ara\u00fajo Vergueiro e Prot\u00e1sio Alves, locais que marcaram sua inf\u00e2ncia e juventude. Anos mais tarde, criou a pr\u00f3pria empresa de publicidade e \u00e1udio, onde atuou durante 10 anos at\u00e9 chegar \u00e0 Prefeitura. Conciliou a carreira de empreendedor com a de m\u00fasico nesse per\u00edodo.<\/p>\n\n\n\n<p>Foi Secret\u00e1rio de Cultura e de Gest\u00e3o de Passo Fundo nas administra\u00e7\u00f5es do prefeito Luciano Azevedo (2013\/2020).<\/p>\n\n\n\n<p>Concorreu pela primeira vez a prefeito na elei\u00e7\u00e3o de 2020, sendo eleito com 40.194 votos, o equivalente a 39,75% do total de votos computados.<\/p>\n\n\n\n<hr class=\"wp-block-separator has-alpha-channel-opacity\"\/>\n","protected":false},"excerpt":{"rendered":"<p>Pedro Almeida Pedro Almeida \u00e9 natural de Passo Fundo. Formado em Administra\u00e7\u00e3o de Empresas pela IMED, em 2012, tem especializa\u00e7\u00e3o em Gest\u00e3o P\u00fablica. Frequentou as escolas Nicolau de Ara\u00fajo Vergueiro e Prot\u00e1sio [&hellip;]<\/p>\n","protected":false},"author":1,"featured_media":0,"parent":0,"menu_order":0,"comment_status":"closed","ping_status":"closed","template":"page_secretaria_com_sidebar.php","meta":{"footnotes":""},"class_list":["post-4","page","type-page","status-publish","hentry"],"yoast_head":"<!-- This site is optimized with the Yoast SEO plugin v23.8 - https:\/\/yoast.com\/wordpress\/plugins\/seo\/ -->\n<title>P\u00e1gina Inicial - Prefeito<\/title>\n<meta name=\"robots\" content=\"index, follow, max-snippet:-1, max-image-preview:large, max-video-preview:-1\" \/>\n<link rel=\"canonical\" href=\"https:\/\/www.pmpf.rs.gov.br\/prefeito\/\" \/>\n<meta property=\"og:locale\" content=\"pt_BR\" \/>\n<meta property=\"og:type\" content=\"article\" \/>\n<meta property=\"og:title\" content=\"P\u00e1gina Inicial - Prefeito\" \/>\n<meta property=\"og:description\" content=\"Pedro Almeida Pedro Almeida \u00e9 natural de Passo Fundo. Formado em Administra\u00e7\u00e3o de Empresas pela IMED, em 2012, tem especializa\u00e7\u00e3o em Gest\u00e3o P\u00fablica. Frequentou as escolas Nicolau de Ara\u00fajo Vergueiro e Prot\u00e1sio [&hellip;]\" \/>\n<meta property=\"og:url\" content=\"https:\/\/www.pmpf.rs.gov.br\/prefeito\/\" \/>\n<meta property=\"og:site_name\" content=\"Prefeito\" \/>\n<meta property=\"article:modified_time\" content=\"2024-12-30T18:44:44+00:00\" \/>\n<meta property=\"og:image\" content=\"https:\/\/www.pmpf.rs.gov.br\/prefeito\/wp-content\/uploads\/sites\/32\/2024\/12\/Prefeito-Pedro-2025.jpg\" \/>\n\t<meta property=\"og:image:width\" content=\"1280\" \/>\n\t<meta property=\"og:image:height\" content=\"853\" \/>\n\t<meta property=\"og:image:type\" content=\"image\/jpeg\" \/>\n<meta name=\"twitter:card\" content=\"summary_large_image\" \/>\n<meta name=\"twitter:label1\" content=\"Est. tempo de leitura\" \/>\n\t<meta name=\"twitter:data1\" content=\"1 minuto\" \/>\n<script type=\"application\/ld+json\" class=\"yoast-schema-graph\">{\"@context\":\"https:\/\/schema.org\",\"@graph\":[{\"@type\":\"WebPage\",\"@id\":\"https:\/\/www.pmpf.rs.gov.br\/prefeito\/\",\"url\":\"https:\/\/www.pmpf.rs.gov.br\/prefeito\/\",\"name\":\"P\u00e1gina Inicial - Prefeito\",\"isPartOf\":{\"@id\":\"https:\/\/www.pmpf.rs.gov.br\/prefeito\/#website\"},\"primaryImageOfPage\":{\"@id\":\"https:\/\/www.pmpf.rs.gov.br\/prefeito\/#primaryimage\"},\"image\":{\"@id\":\"https:\/\/www.pmpf.rs.gov.br\/prefeito\/#primaryimage\"},\"thumbnailUrl\":\"https:\/\/www.pmpf.rs.gov.br\/prefeito\/wp-content\/uploads\/sites\/32\/2024\/12\/Prefeito-Pedro-2025-1024x682.jpg\",\"datePublished\":\"2021-12-18T18:06:57+00:00\",\"dateModified\":\"2024-12-30T18:44:44+00:00\",\"inLanguage\":\"pt-BR\",\"potentialAction\":[{\"@type\":\"ReadAction\",\"target\":[\"https:\/\/www.pmpf.rs.gov.br\/prefeito\/\"]}]},{\"@type\":\"ImageObject\",\"inLanguage\":\"pt-BR\",\"@id\":\"https:\/\/www.pmpf.rs.gov.br\/prefeito\/#primaryimage\",\"url\":\"https:\/\/www.pmpf.rs.gov.br\/prefeito\/wp-content\/uploads\/sites\/32\/2024\/12\/Prefeito-Pedro-2025.jpg\",\"contentUrl\":\"https:\/\/www.pmpf.rs.gov.br\/prefeito\/wp-content\/uploads\/sites\/32\/2024\/12\/Prefeito-Pedro-2025.jpg\",\"width\":1280,\"height\":853},{\"@type\":\"WebSite\",\"@id\":\"https:\/\/www.pmpf.rs.gov.br\/prefeito\/#website\",\"url\":\"https:\/\/www.pmpf.rs.gov.br\/prefeito\/\",\"name\":\"Prefeito\",\"description\":\"S\u00f3 mais um site Prefeitura de Passo Fundo\",\"potentialAction\":[{\"@type\":\"SearchAction\",\"target\":{\"@type\":\"EntryPoint\",\"urlTemplate\":\"https:\/\/www.pmpf.rs.gov.br\/prefeito\/?s={search_term_string}\"},\"query-input\":{\"@type\":\"PropertyValueSpecification\",\"valueRequired\":true,\"valueName\":\"search_term_string\"}}],\"inLanguage\":\"pt-BR\"}]}<\/script>\n<!-- \/ Yoast SEO plugin. -->","yoast_head_json":{"title":"P\u00e1gina Inicial - Prefeito","robots":{"index":"index","follow":"follow","max-snippet":"max-snippet:-1","max-image-preview":"max-image-preview:large","max-video-preview":"max-video-preview:-1"},"canonical":"https:\/\/www.pmpf.rs.gov.br\/prefeito\/","og_locale":"pt_BR","og_type":"article","og_title":"P\u00e1gina Inicial - Prefeito","og_description":"Pedro Almeida Pedro Almeida \u00e9 natural de Passo Fundo. Formado em Administra\u00e7\u00e3o de Empresas pela IMED, em 2012, tem especializa\u00e7\u00e3o em Gest\u00e3o P\u00fablica. Frequentou as escolas Nicolau de Ara\u00fajo Vergueiro e Prot\u00e1sio [&hellip;]","og_url":"https:\/\/www.pmpf.rs.gov.br\/prefeito\/","og_site_name":"Prefeito","article_modified_time":"2024-12-30T18:44:44+00:00","og_image":[{"width":1280,"height":853,"url":"https:\/\/www.pmpf.rs.gov.br\/prefeito\/wp-content\/uploads\/sites\/32\/2024\/12\/Prefeito-Pedro-2025.jpg","type":"image\/jpeg"}],"twitter_card":"summary_large_image","twitter_misc":{"Est. tempo de leitura":"1 minuto"},"schema":{"@context":"https:\/\/schema.org","@graph":[{"@type":"WebPage","@id":"https:\/\/www.pmpf.rs.gov.br\/prefeito\/","url":"https:\/\/www.pmpf.rs.gov.br\/prefeito\/","name":"P\u00e1gina Inicial - Prefeito","isPartOf":{"@id":"https:\/\/www.pmpf.rs.gov.br\/prefeito\/#website"},"primaryImageOfPage":{"@id":"https:\/\/www.pmpf.rs.gov.br\/prefeito\/#primaryimage"},"image":{"@id":"https:\/\/www.pmpf.rs.gov.br\/prefeito\/#primaryimage"},"thumbnailUrl":"https:\/\/www.pmpf.rs.gov.br\/prefeito\/wp-content\/uploads\/sites\/32\/2024\/12\/Prefeito-Pedro-2025-1024x682.jpg","datePublished":"2021-12-18T18:06:57+00:00","dateModified":"2024-12-30T18:44:44+00:00","inLanguage":"pt-BR","potentialAction":[{"@type":"ReadAction","target":["https:\/\/www.pmpf.rs.gov.br\/prefeito\/"]}]},{"@type":"ImageObject","inLanguage":"pt-BR","@id":"https:\/\/www.pmpf.rs.gov.br\/prefeito\/#primaryimage","url":"https:\/\/www.pmpf.rs.gov.br\/prefeito\/wp-content\/uploads\/sites\/32\/2024\/12\/Prefeito-Pedro-2025.jpg","contentUrl":"https:\/\/www.pmpf.rs.gov.br\/prefeito\/wp-content\/uploads\/sites\/32\/2024\/12\/Prefeito-Pedro-2025.jpg","width":1280,"height":853},{"@type":"WebSite","@id":"https:\/\/www.pmpf.rs.gov.br\/prefeito\/#website","url":"https:\/\/www.pmpf.rs.gov.br\/prefeito\/","name":"Prefeito","description":"S\u00f3 mais um site Prefeitura de Passo Fundo","potentialAction":[{"@type":"SearchAction","target":{"@type":"EntryPoint","urlTemplate":"https:\/\/www.pmpf.rs.gov.br\/prefeito\/?s={search_term_string}"},"query-input":{"@type":"PropertyValueSpecification","valueRequired":true,"valueName":"search_term_string"}}],"inLanguage":"pt-BR"}]}},"_links":{"self":[{"href":"https:\/\/www.pmpf.rs.gov.br\/prefeito\/wp-json\/wp\/v2\/pages\/4"}],"collection":[{"href":"https:\/\/www.pmpf.rs.gov.br\/prefeito\/wp-json\/wp\/v2\/pages"}],"about":[{"href":"https:\/\/www.pmpf.rs.gov.br\/prefeito\/wp-json\/wp\/v2\/types\/page"}],"author":[{"embeddable":true,"href":"https:\/\/www.pmpf.rs.gov.br\/prefeito\/wp-json\/wp\/v2\/users\/1"}],"replies":[{"embeddable":true,"href":"https:\/\/www.pmpf.rs.gov.br\/prefeito\/wp-json\/wp\/v2\/comments?post=4"}],"version-history":[{"count":9,"href":"https:\/\/www.pmpf.rs.gov.br\/prefeito\/wp-json\/wp\/v2\/pages\/4\/revisions"}],"predecessor-version":[{"id":2956,"href":"https:\/\/www.pmpf.rs.gov.br\/prefeito\/wp-json\/wp\/v2\/pages\/4\/revisions\/2956"}],"wp:attachment":[{"href":"https:\/\/www.pmpf.rs.gov.br\/prefeito\/wp-json\/wp\/v2\/media?parent=4"}],"curies":[{"name":"wp","href":"https:\/\/api.w.org\/{rel}","templated":true}]}}

Página Inicial

<h2 class="wp-block-heading">Pedro Almeida</h2>


<div class="wp-block-image">
<figure class="alignleft size-large is-resized"><img loading="lazy" decoding="async" width="1024" height="682" src="https://www.pmpf.rs.gov.br/prefeito/wp-content/uploads/sites/32/2024/12/Prefeito-Pedro-2025-1024x682.jpg" alt="" class="wp-image-2954" style="width:380px" srcset="https://www.pmpf.rs.gov.br/prefeito/wp-content/uploads/sites/32/2024/12/Prefeito-Pedro-2025-1024x682.jpg 1024w, https://www.pmpf.rs.gov.br/prefeito/wp-content/uploads/sites/32/2024/12/Prefeito-Pedro-2025-300x200.jpg 300w, https://www.pmpf.rs.gov.br/prefeito/wp-content/uploads/sites/32/2024/12/Prefeito-Pedro-2025-768x512.jpg 768w, https://www.pmpf.rs.gov.br/prefeito/wp-content/uploads/sites/32/2024/12/Prefeito-Pedro-2025.jpg 1280w" sizes="(max-width: 1024px) 100vw, 1024px" /></figure></div>


<p>Pedro Almeida é natural de Passo Fundo. Formado em Administração de Empresas pela IMED, em 2012, tem especialização em Gestão Pública.</p>



<p>Frequentou as escolas Nicolau de Araújo Vergueiro e Protásio Alves, locais que marcaram sua infância e juventude. Anos mais tarde, criou a própria empresa de publicidade e áudio, onde atuou durante 10 anos até chegar à Prefeitura. Conciliou a carreira de empreendedor com a de músico nesse período.</p>



<p>Foi Secretário de Cultura e de Gestão de Passo Fundo nas administrações do prefeito Luciano Azevedo (2013/2020).</p>



<p>Concorreu pela primeira vez a prefeito na eleição de 2020, sendo eleito com 40.194 votos, o equivalente a 39,75% do total de votos computados.</p>



<hr class="wp-block-separator has-alpha-channel-opacity"/>

<p>Pedro Almeida Pedro Almeida é natural de Passo Fundo. Formado em Administração de Empresas pela IMED, em 2012, tem especialização em Gestão Pública. Frequentou as escolas Nicolau de Araújo Vergueiro e Protásio [&hellip;]</p>

<!-- This site is optimized with the Yoast SEO plugin v23.8 - https://yoast.com/wordpress/plugins/seo/ -->
<title>Página Inicial - Prefeito</title>
<meta name="robots" content="index, follow, max-snippet:-1, max-image-preview:large, max-video-preview:-1" />
<link rel="canonical" href="https://www.pmpf.rs.gov.br/prefeito/" />
<meta property="og:locale" content="pt_BR" />
<meta property="og:type" content="article" />
<meta property="og:title" content="Página Inicial - Prefeito" />
<meta property="og:description" content="Pedro Almeida Pedro Almeida é natural de Passo Fundo. Formado em Administração de Empresas pela IMED, em 2012, tem especialização em Gestão Pública. Frequentou as escolas Nicolau de Araújo Vergueiro e Protásio [&hellip;]" />
<meta property="og:url" content="https://www.pmpf.rs.gov.br/prefeito/" />
<meta property="og:site_name" content="Prefeito" />
<meta property="article:modified_time" content="2024-12-30T18:44:44+00:00" />
<meta property="og:image" content="https://www.pmpf.rs.gov.br/prefeito/wp-content/uploads/sites/32/2024/12/Prefeito-Pedro-2025.jpg" />
	<meta property="og:image:width" content="1280" />
	<meta property="og:image:height" content="853" />
	<meta property="og:image:type" content="image/jpeg" />
<meta name="twitter:card" content="summary_large_image" />
<meta name="twitter:label1" content="Est. tempo de leitura" />
	<meta name="twitter:data1" content="1 minuto" />
<script type="application/ld+json" class="yoast-schema-graph">{"@context":"https://schema.org","@graph":[{"@type":"WebPage","@id":"https://www.pmpf.rs.gov.br/prefeito/","url":"https://www.pmpf.rs.gov.br/prefeito/","name":"Página Inicial - Prefeito","isPartOf":{"@id":"https://www.pmpf.rs.gov.br/prefeito/#website"},"primaryImageOfPage":{"@id":"https://www.pmpf.rs.gov.br/prefeito/#primaryimage"},"image":{"@id":"https://www.pmpf.rs.gov.br/prefeito/#primaryimage"},"thumbnailUrl":"https://www.pmpf.rs.gov.br/prefeito/wp-content/uploads/sites/32/2024/12/Prefeito-Pedro-2025-1024x682.jpg","datePublished":"2021-12-18T18:06:57+00:00","dateModified":"2024-12-30T18:44:44+00:00","inLanguage":"pt-BR","potentialAction":[{"@type":"ReadAction","target":["https://www.pmpf.rs.gov.br/prefeito/"]}]},{"@type":"ImageObject","inLanguage":"pt-BR","@id":"https://www.pmpf.rs.gov.br/prefeito/#primaryimage","url":"https://www.pmpf.rs.gov.br/prefeito/wp-content/uploads/sites/32/2024/12/Prefeito-Pedro-2025.jpg","contentUrl":"https://www.pmpf.rs.gov.br/prefeito/wp-content/uploads/sites/32/2024/12/Prefeito-Pedro-2025.jpg","width":1280,"height":853},{"@type":"WebSite","@id":"https://www.pmpf.rs.gov.br/prefeito/#website","url":"https://www.pmpf.rs.gov.br/prefeito/","name":"Prefeito","description":"Só mais um site Prefeitura de Passo Fundo","potentialAction":[{"@type":"SearchAction","target":{"@type":"EntryPoint","urlTemplate":"https://www.pmpf.rs.gov.br/prefeito/?s={search_term_string}"},"query-input":{"@type":"PropertyValueSpecification","valueRequired":true,"valueName":"search_term_string"}}],"inLanguage":"pt-BR"}]}</script>
<!-- / Yoast SEO plugin. -->

Página Inicial - Prefeito

Pedro Almeida Pedro Almeida é natural de Passo Fundo. Formado em Administração de Empresas pela IMED, em 2012, tem especialização em Gestão Pública. Frequentou as escolas Nicolau de Araújo Vergueiro e Protásio [&hellip;]

Só mais um site Prefeitura de Passo Fundo
