{"id":6,"date":"2022-01-05T15:39:12","date_gmt":"2022-01-05T18:39:12","guid":{"rendered":"https:\/\/www.pmpf.rs.gov.br\/portal-pet\/?page_id=6"},"modified":"2022-07-05T15:36:17","modified_gmt":"2022-07-05T18:36:17","slug":"inicial","status":"publish","type":"page","link":"https:\/\/www.pmpf.rs.gov.br\/portal-pet\/","title":{"rendered":"Inicial"},"content":{"rendered":"\n<figure class=\"wp-block-image size-large\"><img loading=\"lazy\" decoding=\"async\" width=\"1024\" height=\"208\" src=\"https:\/\/www.pmpf.rs.gov.br\/portal-pet\/wp-content\/uploads\/sites\/64\/2022\/02\/banner_portal_pet_2022-1024x208.png\" alt=\"\" class=\"wp-image-126\" srcset=\"https:\/\/www.pmpf.rs.gov.br\/portal-pet\/wp-content\/uploads\/sites\/64\/2022\/02\/banner_portal_pet_2022-1024x208.png 1024w, https:\/\/www.pmpf.rs.gov.br\/portal-pet\/wp-content\/uploads\/sites\/64\/2022\/02\/banner_portal_pet_2022-300x61.png 300w, https:\/\/www.pmpf.rs.gov.br\/portal-pet\/wp-content\/uploads\/sites\/64\/2022\/02\/banner_portal_pet_2022-768x156.png 768w, https:\/\/www.pmpf.rs.gov.br\/portal-pet\/wp-content\/uploads\/sites\/64\/2022\/02\/banner_portal_pet_2022-1536x311.png 1536w, https:\/\/www.pmpf.rs.gov.br\/portal-pet\/wp-content\/uploads\/sites\/64\/2022\/02\/banner_portal_pet_2022-2048x415.png 2048w\" sizes=\"(max-width: 1024px) 100vw, 1024px\" \/><\/figure>\n\n\n\n<h2 class=\"wp-block-heading\" id=\"coordenadoria-do-bem-estar-animal\">Coordenadoria do Bem Estar Animal<\/h2>\n\n\n\n<p>O Portal Pet da Prefeitura de Passo Fundo tem por objetivo divulgar as a\u00e7\u00f5es da Coordenadoria do Bem Estar Animal assim como dar espa\u00e7o para que a rede de prote\u00e7\u00e3o possa expor seu envolvimento com a causa animal e disponibilizar espa\u00e7o para as ado\u00e7\u00f5es dos animais tutelados por elas. Foi criado pela Secretaria do Meio Ambiente com a gest\u00e3o da Coordenadoria de Bem Estar Animal (CBEA).<\/p>\n\n\n\n<h2 class=\"wp-block-heading\" id=\"a-coordenadoria-de-bem-estar-animal-cbea\">A Coordenadoria de Bem-estar Animal (CBEA)<\/h2>\n\n\n\n<p>A Coordenadoria do Bem-estar CBEA foi criada atrav\u00e9s da <a href=\"https:\/\/www.pmpf.rs.gov.br\/portal-pet\/wp-content\/uploads\/sites\/64\/2022\/01\/lei_complementar_408_2017.pdf\" target=\"_blank\" rel=\"noreferrer noopener\">Lei Complementar n 408\/2017<\/a>, tendo como objetivo colaborar na implanta\u00e7\u00e3o e efetiva\u00e7\u00e3o de programas permanentes de cuidados dos animais e consolida\u00e7\u00e3o de pol\u00edticas p\u00fablicas.<\/p>\n\n\n\n<div class=\"wp-block-image\"><figure class=\"alignleft size-large is-resized\"><a href=\"https:\/\/www.pmpf.rs.gov.br\/portal-pet\/denuncia-de-maus-tratos\/\"><img loading=\"lazy\" decoding=\"async\" src=\"https:\/\/www.pmpf.rs.gov.br\/portal-pet\/wp-content\/uploads\/sites\/64\/2022\/01\/portal_pet_denuncia_maus_tratos-1024x268.png\" alt=\"\" class=\"wp-image-16\" width=\"256\" height=\"67\" srcset=\"https:\/\/www.pmpf.rs.gov.br\/portal-pet\/wp-content\/uploads\/sites\/64\/2022\/01\/portal_pet_denuncia_maus_tratos-1024x268.png 1024w, https:\/\/www.pmpf.rs.gov.br\/portal-pet\/wp-content\/uploads\/sites\/64\/2022\/01\/portal_pet_denuncia_maus_tratos-300x78.png 300w, https:\/\/www.pmpf.rs.gov.br\/portal-pet\/wp-content\/uploads\/sites\/64\/2022\/01\/portal_pet_denuncia_maus_tratos-768x201.png 768w, https:\/\/www.pmpf.rs.gov.br\/portal-pet\/wp-content\/uploads\/sites\/64\/2022\/01\/portal_pet_denuncia_maus_tratos.png 1224w\" sizes=\"(max-width: 256px) 100vw, 256px\" \/><\/a><\/figure><\/div>\n\n\n\n<div class=\"wp-block-image\"><figure class=\"alignleft size-large is-resized\"><a href=\"https:\/\/www.pmpf.rs.gov.br\/portal-pet\/perguntas-frequentes\/\"><img loading=\"lazy\" decoding=\"async\" src=\"https:\/\/www.pmpf.rs.gov.br\/portal-pet\/wp-content\/uploads\/sites\/64\/2022\/01\/portal_pet_perguntas_frequentes-1024x269.png\" alt=\"\" class=\"wp-image-18\" width=\"256\" height=\"67\" srcset=\"https:\/\/www.pmpf.rs.gov.br\/portal-pet\/wp-content\/uploads\/sites\/64\/2022\/01\/portal_pet_perguntas_frequentes-1024x269.png 1024w, https:\/\/www.pmpf.rs.gov.br\/portal-pet\/wp-content\/uploads\/sites\/64\/2022\/01\/portal_pet_perguntas_frequentes-300x79.png 300w, https:\/\/www.pmpf.rs.gov.br\/portal-pet\/wp-content\/uploads\/sites\/64\/2022\/01\/portal_pet_perguntas_frequentes-768x201.png 768w, https:\/\/www.pmpf.rs.gov.br\/portal-pet\/wp-content\/uploads\/sites\/64\/2022\/01\/portal_pet_perguntas_frequentes.png 1224w\" sizes=\"(max-width: 256px) 100vw, 256px\" \/><\/a><\/figure><\/div>\n\n\n\n<p><\/p>\n","protected":false},"excerpt":{"rendered":"<p>Coordenadoria do Bem Estar Animal O Portal Pet da Prefeitura de Passo Fundo tem por objetivo divulgar as a\u00e7\u00f5es da Coordenadoria do Bem Estar Animal assim como dar espa\u00e7o para que a [&hellip;]<\/p>\n","protected":false},"author":4,"featured_media":0,"parent":0,"menu_order":0,"comment_status":"closed","ping_status":"closed","template":"page_secretaria_com_sidebar.php","meta":{"footnotes":""},"class_list":["post-6","page","type-page","status-publish","hentry"],"yoast_head":"<!-- This site is optimized with the Yoast SEO plugin v23.8 - https:\/\/yoast.com\/wordpress\/plugins\/seo\/ -->\n<title>Inicial - Portal Pet<\/title>\n<meta name=\"robots\" content=\"index, follow, max-snippet:-1, max-image-preview:large, max-video-preview:-1\" \/>\n<link rel=\"canonical\" href=\"https:\/\/www.pmpf.rs.gov.br\/portal-pet\/\" \/>\n<meta property=\"og:locale\" content=\"pt_BR\" \/>\n<meta property=\"og:type\" content=\"article\" \/>\n<meta property=\"og:title\" content=\"Inicial - Portal Pet\" \/>\n<meta property=\"og:description\" content=\"Coordenadoria do Bem Estar Animal O Portal Pet da Prefeitura de Passo Fundo tem por objetivo divulgar as a\u00e7\u00f5es da Coordenadoria do Bem Estar Animal assim como dar espa\u00e7o para que a [&hellip;]\" \/>\n<meta property=\"og:url\" content=\"https:\/\/www.pmpf.rs.gov.br\/portal-pet\/\" \/>\n<meta property=\"og:site_name\" content=\"Portal Pet\" \/>\n<meta property=\"article:modified_time\" content=\"2022-07-05T18:36:17+00:00\" \/>\n<meta property=\"og:image\" content=\"https:\/\/www.pmpf.rs.gov.br\/portal-pet\/wp-content\/uploads\/sites\/64\/2022\/02\/banner_portal_pet_2022-1024x208.png\" \/>\n<meta name=\"twitter:card\" content=\"summary_large_image\" \/>\n<meta name=\"twitter:label1\" content=\"Est. tempo de leitura\" \/>\n\t<meta name=\"twitter:data1\" content=\"2 minutos\" \/>\n<script type=\"application\/ld+json\" class=\"yoast-schema-graph\">{\"@context\":\"https:\/\/schema.org\",\"@graph\":[{\"@type\":\"WebPage\",\"@id\":\"https:\/\/www.pmpf.rs.gov.br\/portal-pet\/\",\"url\":\"https:\/\/www.pmpf.rs.gov.br\/portal-pet\/\",\"name\":\"Inicial - Portal Pet\",\"isPartOf\":{\"@id\":\"https:\/\/www.pmpf.rs.gov.br\/portal-pet\/#website\"},\"primaryImageOfPage\":{\"@id\":\"https:\/\/www.pmpf.rs.gov.br\/portal-pet\/#primaryimage\"},\"image\":{\"@id\":\"https:\/\/www.pmpf.rs.gov.br\/portal-pet\/#primaryimage\"},\"thumbnailUrl\":\"https:\/\/www.pmpf.rs.gov.br\/portal-pet\/wp-content\/uploads\/sites\/64\/2022\/02\/banner_portal_pet_2022-1024x208.png\",\"datePublished\":\"2022-01-05T18:39:12+00:00\",\"dateModified\":\"2022-07-05T18:36:17+00:00\",\"breadcrumb\":{\"@id\":\"https:\/\/www.pmpf.rs.gov.br\/portal-pet\/#breadcrumb\"},\"inLanguage\":\"pt-BR\",\"potentialAction\":[{\"@type\":\"ReadAction\",\"target\":[\"https:\/\/www.pmpf.rs.gov.br\/portal-pet\/\"]}]},{\"@type\":\"ImageObject\",\"inLanguage\":\"pt-BR\",\"@id\":\"https:\/\/www.pmpf.rs.gov.br\/portal-pet\/#primaryimage\",\"url\":\"https:\/\/www.pmpf.rs.gov.br\/portal-pet\/wp-content\/uploads\/sites\/64\/2022\/02\/banner_portal_pet_2022.png\",\"contentUrl\":\"https:\/\/www.pmpf.rs.gov.br\/portal-pet\/wp-content\/uploads\/sites\/64\/2022\/02\/banner_portal_pet_2022.png\",\"width\":4459,\"height\":904},{\"@type\":\"BreadcrumbList\",\"@id\":\"https:\/\/www.pmpf.rs.gov.br\/portal-pet\/#breadcrumb\",\"itemListElement\":[{\"@type\":\"ListItem\",\"position\":1,\"name\":\"In\u00edcio\",\"item\":\"https:\/\/www.pmpf.rs.gov.br\/portal-pet\/\"},{\"@type\":\"ListItem\",\"position\":2,\"name\":\"Inicial\"}]},{\"@type\":\"WebSite\",\"@id\":\"https:\/\/www.pmpf.rs.gov.br\/portal-pet\/#website\",\"url\":\"https:\/\/www.pmpf.rs.gov.br\/portal-pet\/\",\"name\":\"Portal Pet\",\"description\":\"S\u00f3 mais um site Prefeitura de Passo Fundo\",\"potentialAction\":[{\"@type\":\"SearchAction\",\"target\":{\"@type\":\"EntryPoint\",\"urlTemplate\":\"https:\/\/www.pmpf.rs.gov.br\/portal-pet\/?s={search_term_string}\"},\"query-input\":{\"@type\":\"PropertyValueSpecification\",\"valueRequired\":true,\"valueName\":\"search_term_string\"}}],\"inLanguage\":\"pt-BR\"}]}<\/script>\n<!-- \/ Yoast SEO plugin. -->","yoast_head_json":{"title":"Inicial - Portal Pet","robots":{"index":"index","follow":"follow","max-snippet":"max-snippet:-1","max-image-preview":"max-image-preview:large","max-video-preview":"max-video-preview:-1"},"canonical":"https:\/\/www.pmpf.rs.gov.br\/portal-pet\/","og_locale":"pt_BR","og_type":"article","og_title":"Inicial - Portal Pet","og_description":"Coordenadoria do Bem Estar Animal O Portal Pet da Prefeitura de Passo Fundo tem por objetivo divulgar as a\u00e7\u00f5es da Coordenadoria do Bem Estar Animal assim como dar espa\u00e7o para que a [&hellip;]","og_url":"https:\/\/www.pmpf.rs.gov.br\/portal-pet\/","og_site_name":"Portal Pet","article_modified_time":"2022-07-05T18:36:17+00:00","og_image":[{"url":"https:\/\/www.pmpf.rs.gov.br\/portal-pet\/wp-content\/uploads\/sites\/64\/2022\/02\/banner_portal_pet_2022-1024x208.png"}],"twitter_card":"summary_large_image","twitter_misc":{"Est. tempo de leitura":"2 minutos"},"schema":{"@context":"https:\/\/schema.org","@graph":[{"@type":"WebPage","@id":"https:\/\/www.pmpf.rs.gov.br\/portal-pet\/","url":"https:\/\/www.pmpf.rs.gov.br\/portal-pet\/","name":"Inicial - Portal Pet","isPartOf":{"@id":"https:\/\/www.pmpf.rs.gov.br\/portal-pet\/#website"},"primaryImageOfPage":{"@id":"https:\/\/www.pmpf.rs.gov.br\/portal-pet\/#primaryimage"},"image":{"@id":"https:\/\/www.pmpf.rs.gov.br\/portal-pet\/#primaryimage"},"thumbnailUrl":"https:\/\/www.pmpf.rs.gov.br\/portal-pet\/wp-content\/uploads\/sites\/64\/2022\/02\/banner_portal_pet_2022-1024x208.png","datePublished":"2022-01-05T18:39:12+00:00","dateModified":"2022-07-05T18:36:17+00:00","breadcrumb":{"@id":"https:\/\/www.pmpf.rs.gov.br\/portal-pet\/#breadcrumb"},"inLanguage":"pt-BR","potentialAction":[{"@type":"ReadAction","target":["https:\/\/www.pmpf.rs.gov.br\/portal-pet\/"]}]},{"@type":"ImageObject","inLanguage":"pt-BR","@id":"https:\/\/www.pmpf.rs.gov.br\/portal-pet\/#primaryimage","url":"https:\/\/www.pmpf.rs.gov.br\/portal-pet\/wp-content\/uploads\/sites\/64\/2022\/02\/banner_portal_pet_2022.png","contentUrl":"https:\/\/www.pmpf.rs.gov.br\/portal-pet\/wp-content\/uploads\/sites\/64\/2022\/02\/banner_portal_pet_2022.png","width":4459,"height":904},{"@type":"BreadcrumbList","@id":"https:\/\/www.pmpf.rs.gov.br\/portal-pet\/#breadcrumb","itemListElement":[{"@type":"ListItem","position":1,"name":"In\u00edcio","item":"https:\/\/www.pmpf.rs.gov.br\/portal-pet\/"},{"@type":"ListItem","position":2,"name":"Inicial"}]},{"@type":"WebSite","@id":"https:\/\/www.pmpf.rs.gov.br\/portal-pet\/#website","url":"https:\/\/www.pmpf.rs.gov.br\/portal-pet\/","name":"Portal Pet","description":"S\u00f3 mais um site Prefeitura de Passo Fundo","potentialAction":[{"@type":"SearchAction","target":{"@type":"EntryPoint","urlTemplate":"https:\/\/www.pmpf.rs.gov.br\/portal-pet\/?s={search_term_string}"},"query-input":{"@type":"PropertyValueSpecification","valueRequired":true,"valueName":"search_term_string"}}],"inLanguage":"pt-BR"}]}},"_links":{"self":[{"href":"https:\/\/www.pmpf.rs.gov.br\/portal-pet\/wp-json\/wp\/v2\/pages\/6"}],"collection":[{"href":"https:\/\/www.pmpf.rs.gov.br\/portal-pet\/wp-json\/wp\/v2\/pages"}],"about":[{"href":"https:\/\/www.pmpf.rs.gov.br\/portal-pet\/wp-json\/wp\/v2\/types\/page"}],"author":[{"embeddable":true,"href":"https:\/\/www.pmpf.rs.gov.br\/portal-pet\/wp-json\/wp\/v2\/users\/4"}],"replies":[{"embeddable":true,"href":"https:\/\/www.pmpf.rs.gov.br\/portal-pet\/wp-json\/wp\/v2\/comments?post=6"}],"version-history":[{"count":19,"href":"https:\/\/www.pmpf.rs.gov.br\/portal-pet\/wp-json\/wp\/v2\/pages\/6\/revisions"}],"predecessor-version":[{"id":172,"href":"https:\/\/www.pmpf.rs.gov.br\/portal-pet\/wp-json\/wp\/v2\/pages\/6\/revisions\/172"}],"wp:attachment":[{"href":"https:\/\/www.pmpf.rs.gov.br\/portal-pet\/wp-json\/wp\/v2\/media?parent=6"}],"curies":[{"name":"wp","href":"https:\/\/api.w.org\/{rel}","templated":true}]}}