{"id":118,"date":"2022-01-25T10:50:35","date_gmt":"2022-01-25T13:50:35","guid":{"rendered":"https:\/\/www.pmpf.rs.gov.br\/portal-pet\/?page_id=118"},"modified":"2025-09-11T15:45:48","modified_gmt":"2025-09-11T18:45:48","slug":"programa-de-adocao","status":"publish","type":"page","link":"https:\/\/www.pmpf.rs.gov.br\/portal-pet\/programa-de-adocao\/","title":{"rendered":"Ado\u00e7\u00e3o"},"content":{"rendered":"\n<h2 class=\"wp-block-heading\">Adote um PET<\/h2>\n\n\n\n<p>A Coordenadoria do Bem-Estar Animal promove de forma permanente a Ado\u00e7\u00e3o de Animais. Os interessados em adotar animais podem entrar em contato atrav\u00e9s dos fones: <strong>(<\/strong>(54) 3311-5494, (54) 3313-3542.<\/p>\n\n\n\n<p>Os pets s\u00e3o grandes companheiros. Ao adotar um pet realizar\u00e1 um ato de amor e encontrando um amigo.<\/p>\n\n\n\n<h2 class=\"wp-block-heading\">Os Dez Mandamentos da Posse Respons\u00e1vel de C\u00e3es e Gatos<\/h2>\n\n\n\n<ol class=\"wp-block-list\">\n<li>Antes de adquirir um animal, considere que seu tempo m\u00e9dio de vida \u00e9 de 12 anos. Pergunte \u00e0 fam\u00edlia se todos est\u00e3o de acordo, se h\u00e1 recursos necess\u00e1rios para mant\u00ea-lo e verifique quem cuidar\u00e1 dele nas f\u00e9rias ou em feriados prolongados;<\/li>\n\n\n\n<li>Adote animais de abrigos p\u00fablicos e privados (vacinados e castrados), em vez de comprar por impulso;<\/li>\n\n\n\n<li>Informe-se sobre as caracter\u00edsticas e necessidades da esp\u00e9cie escolhida \u2013 tamanho, peculiaridades, espa\u00e7o f\u00edsico;<\/li>\n\n\n\n<li>Mantenha o seu animal sempre dentro de casa, JAMAIS solto na rua. A \u201cpasseadinha\u201d traz in\u00fameros riscos: atropelamento, envenenamento, maus-tratos e, ainda, a probabilidade de que adquiram doen\u00e7as graves. No caso dos gatos, sempre telar as janelas! J\u00e1 para os c\u00e3es, os passeios s\u00e3o fundamentais, mas apenas com coleira\/guia e conduzido por quem possa cont\u00ea-lo;<\/li>\n\n\n\n<li>Cuide da sa\u00fade f\u00edsica do animal. Forne\u00e7a abrigo, alimento, vacinas e leve-o regularmente ao veterin\u00e1rio. D\u00ea banho, escove-o e exercite-o regularmente;<\/li>\n\n\n\n<li>Zele pela sa\u00fade psicol\u00f3gica do animal. D\u00ea aten\u00e7\u00e3o, carinho e ambiente adequado a ele;<\/li>\n\n\n\n<li>Eduque o animal, se necess\u00e1rio, por meio de adestramento, mas respeite suas caracter\u00edsticas;<\/li>\n\n\n\n<li>Recolha e jogue os dejetos (coc\u00f4) em local apropriado;<\/li>\n\n\n\n<li>Identifique o animal com plaqueta ou similar, informando-se sobre a legisla\u00e7\u00e3o do local. Tamb\u00e9m \u00e9 recomend\u00e1vel uma identifica\u00e7\u00e3o permanente (microchip ou tatuagem);<\/li>\n\n\n\n<li>Evite as crias indesejadas de c\u00e3es e gatos. Castre os machos e f\u00eameas. A castra\u00e7\u00e3o \u00e9 a \u00fanica medida definitiva no controle da procria\u00e7\u00e3o e de zoonose.<\/li>\n<\/ol>\n\n\n\n<h2 class=\"wp-block-heading\">Ado\u00e7\u00e3o de cavalos<\/h2>\n\n\n\n<p>Todos os animais s\u00e3o entregues tratados e com chip de identifica\u00e7\u00e3o. Visando o cuidado e o bem-estar dos animais, os adotantes devem seguir algumas regras:<\/p>\n\n\n\n<ul class=\"wp-block-list\">\n<li>O interessado ser\u00e1 considerado fiel deposit\u00e1rio do animal, n\u00e3o podendo comercializ\u00e1-lo de nenhuma forma.<\/li>\n\n\n\n<li>O adotante deve possuir local, em \u00e1rea n\u00e3o urbana, adequada para manter o cavalo em boas condi\u00e7\u00f5es.<\/li>\n\n\n\n<li>O animal n\u00e3o poder\u00e1 ser submetido a qualquer tipo de trabalho, especialmente os de tra\u00e7\u00e3o, como guia de carro\u00e7as, charrete e arado. Tamb\u00e9m n\u00e3o poder\u00e1 ser usado em pr\u00e1ticas esportivas, como saltos e corridas.<\/li>\n<\/ul>\n\n\n\n<p>Para conhecer mais a\u00e7\u00f5es e saber mais informa\u00e7\u00f5es sobre os animais dispon\u00edveis para ado\u00e7\u00e3o, acesso a p\u00e1gina da <a href=\"https:\/\/www.facebook.com\/ongamparapassofundo\">ONG Ampara Passo Fundo<\/a> no Facebook.<\/p>\n\n\n\n<hr class=\"wp-block-separator has-alpha-channel-opacity\"\/>\n","protected":false},"excerpt":{"rendered":"<p>Adote um PET A Coordenadoria do Bem-Estar Animal promove de forma permanente a Ado\u00e7\u00e3o de Animais. Os interessados em adotar animais podem entrar em contato atrav\u00e9s dos fones: ((54) 3311-5494, (54) 3313-3542. [&hellip;]<\/p>\n","protected":false},"author":4,"featured_media":0,"parent":0,"menu_order":0,"comment_status":"closed","ping_status":"closed","template":"","meta":{"footnotes":""},"class_list":["post-118","page","type-page","status-publish","hentry"],"yoast_head":"<!-- This site is optimized with the Yoast SEO plugin v23.8 - https:\/\/yoast.com\/wordpress\/plugins\/seo\/ -->\n<title>Ado\u00e7\u00e3o - Portal Pet<\/title>\n<meta name=\"robots\" content=\"index, follow, max-snippet:-1, max-image-preview:large, max-video-preview:-1\" \/>\n<link rel=\"canonical\" href=\"https:\/\/www.pmpf.rs.gov.br\/portal-pet\/programa-de-adocao\/\" \/>\n<meta property=\"og:locale\" content=\"pt_BR\" \/>\n<meta property=\"og:type\" content=\"article\" \/>\n<meta property=\"og:title\" content=\"Ado\u00e7\u00e3o - Portal Pet\" \/>\n<meta property=\"og:description\" content=\"Adote um PET A Coordenadoria do Bem-Estar Animal promove de forma permanente a Ado\u00e7\u00e3o de Animais. Os interessados em adotar animais podem entrar em contato atrav\u00e9s dos fones: ((54) 3311-5494, (54) 3313-3542. [&hellip;]\" \/>\n<meta property=\"og:url\" content=\"https:\/\/www.pmpf.rs.gov.br\/portal-pet\/programa-de-adocao\/\" \/>\n<meta property=\"og:site_name\" content=\"Portal Pet\" \/>\n<meta property=\"article:modified_time\" content=\"2025-09-11T18:45:48+00:00\" \/>\n<meta name=\"twitter:card\" content=\"summary_large_image\" \/>\n<meta name=\"twitter:label1\" content=\"Est. tempo de leitura\" \/>\n\t<meta name=\"twitter:data1\" content=\"2 minutos\" \/>\n<script type=\"application\/ld+json\" class=\"yoast-schema-graph\">{\"@context\":\"https:\/\/schema.org\",\"@graph\":[{\"@type\":\"WebPage\",\"@id\":\"https:\/\/www.pmpf.rs.gov.br\/portal-pet\/programa-de-adocao\/\",\"url\":\"https:\/\/www.pmpf.rs.gov.br\/portal-pet\/programa-de-adocao\/\",\"name\":\"Ado\u00e7\u00e3o - Portal Pet\",\"isPartOf\":{\"@id\":\"https:\/\/www.pmpf.rs.gov.br\/portal-pet\/#website\"},\"datePublished\":\"2022-01-25T13:50:35+00:00\",\"dateModified\":\"2025-09-11T18:45:48+00:00\",\"breadcrumb\":{\"@id\":\"https:\/\/www.pmpf.rs.gov.br\/portal-pet\/programa-de-adocao\/#breadcrumb\"},\"inLanguage\":\"pt-BR\",\"potentialAction\":[{\"@type\":\"ReadAction\",\"target\":[\"https:\/\/www.pmpf.rs.gov.br\/portal-pet\/programa-de-adocao\/\"]}]},{\"@type\":\"BreadcrumbList\",\"@id\":\"https:\/\/www.pmpf.rs.gov.br\/portal-pet\/programa-de-adocao\/#breadcrumb\",\"itemListElement\":[{\"@type\":\"ListItem\",\"position\":1,\"name\":\"In\u00edcio\",\"item\":\"https:\/\/www.pmpf.rs.gov.br\/portal-pet\/\"},{\"@type\":\"ListItem\",\"position\":2,\"name\":\"Ado\u00e7\u00e3o\"}]},{\"@type\":\"WebSite\",\"@id\":\"https:\/\/www.pmpf.rs.gov.br\/portal-pet\/#website\",\"url\":\"https:\/\/www.pmpf.rs.gov.br\/portal-pet\/\",\"name\":\"Portal Pet\",\"description\":\"S\u00f3 mais um site Prefeitura de Passo Fundo\",\"potentialAction\":[{\"@type\":\"SearchAction\",\"target\":{\"@type\":\"EntryPoint\",\"urlTemplate\":\"https:\/\/www.pmpf.rs.gov.br\/portal-pet\/?s={search_term_string}\"},\"query-input\":{\"@type\":\"PropertyValueSpecification\",\"valueRequired\":true,\"valueName\":\"search_term_string\"}}],\"inLanguage\":\"pt-BR\"}]}<\/script>\n<!-- \/ Yoast SEO plugin. -->","yoast_head_json":{"title":"Ado\u00e7\u00e3o - Portal Pet","robots":{"index":"index","follow":"follow","max-snippet":"max-snippet:-1","max-image-preview":"max-image-preview:large","max-video-preview":"max-video-preview:-1"},"canonical":"https:\/\/www.pmpf.rs.gov.br\/portal-pet\/programa-de-adocao\/","og_locale":"pt_BR","og_type":"article","og_title":"Ado\u00e7\u00e3o - Portal Pet","og_description":"Adote um PET A Coordenadoria do Bem-Estar Animal promove de forma permanente a Ado\u00e7\u00e3o de Animais. Os interessados em adotar animais podem entrar em contato atrav\u00e9s dos fones: ((54) 3311-5494, (54) 3313-3542. [&hellip;]","og_url":"https:\/\/www.pmpf.rs.gov.br\/portal-pet\/programa-de-adocao\/","og_site_name":"Portal Pet","article_modified_time":"2025-09-11T18:45:48+00:00","twitter_card":"summary_large_image","twitter_misc":{"Est. tempo de leitura":"2 minutos"},"schema":{"@context":"https:\/\/schema.org","@graph":[{"@type":"WebPage","@id":"https:\/\/www.pmpf.rs.gov.br\/portal-pet\/programa-de-adocao\/","url":"https:\/\/www.pmpf.rs.gov.br\/portal-pet\/programa-de-adocao\/","name":"Ado\u00e7\u00e3o - Portal Pet","isPartOf":{"@id":"https:\/\/www.pmpf.rs.gov.br\/portal-pet\/#website"},"datePublished":"2022-01-25T13:50:35+00:00","dateModified":"2025-09-11T18:45:48+00:00","breadcrumb":{"@id":"https:\/\/www.pmpf.rs.gov.br\/portal-pet\/programa-de-adocao\/#breadcrumb"},"inLanguage":"pt-BR","potentialAction":[{"@type":"ReadAction","target":["https:\/\/www.pmpf.rs.gov.br\/portal-pet\/programa-de-adocao\/"]}]},{"@type":"BreadcrumbList","@id":"https:\/\/www.pmpf.rs.gov.br\/portal-pet\/programa-de-adocao\/#breadcrumb","itemListElement":[{"@type":"ListItem","position":1,"name":"In\u00edcio","item":"https:\/\/www.pmpf.rs.gov.br\/portal-pet\/"},{"@type":"ListItem","position":2,"name":"Ado\u00e7\u00e3o"}]},{"@type":"WebSite","@id":"https:\/\/www.pmpf.rs.gov.br\/portal-pet\/#website","url":"https:\/\/www.pmpf.rs.gov.br\/portal-pet\/","name":"Portal Pet","description":"S\u00f3 mais um site Prefeitura de Passo Fundo","potentialAction":[{"@type":"SearchAction","target":{"@type":"EntryPoint","urlTemplate":"https:\/\/www.pmpf.rs.gov.br\/portal-pet\/?s={search_term_string}"},"query-input":{"@type":"PropertyValueSpecification","valueRequired":true,"valueName":"search_term_string"}}],"inLanguage":"pt-BR"}]}},"_links":{"self":[{"href":"https:\/\/www.pmpf.rs.gov.br\/portal-pet\/wp-json\/wp\/v2\/pages\/118"}],"collection":[{"href":"https:\/\/www.pmpf.rs.gov.br\/portal-pet\/wp-json\/wp\/v2\/pages"}],"about":[{"href":"https:\/\/www.pmpf.rs.gov.br\/portal-pet\/wp-json\/wp\/v2\/types\/page"}],"author":[{"embeddable":true,"href":"https:\/\/www.pmpf.rs.gov.br\/portal-pet\/wp-json\/wp\/v2\/users\/4"}],"replies":[{"embeddable":true,"href":"https:\/\/www.pmpf.rs.gov.br\/portal-pet\/wp-json\/wp\/v2\/comments?post=118"}],"version-history":[{"count":4,"href":"https:\/\/www.pmpf.rs.gov.br\/portal-pet\/wp-json\/wp\/v2\/pages\/118\/revisions"}],"predecessor-version":[{"id":221,"href":"https:\/\/www.pmpf.rs.gov.br\/portal-pet\/wp-json\/wp\/v2\/pages\/118\/revisions\/221"}],"wp:attachment":[{"href":"https:\/\/www.pmpf.rs.gov.br\/portal-pet\/wp-json\/wp\/v2\/media?parent=118"}],"curies":[{"name":"wp","href":"https:\/\/api.w.org\/{rel}","templated":true}]}}