{"id":790,"date":"2023-03-21T17:46:00","date_gmt":"2023-03-21T20:46:00","guid":{"rendered":"https:\/\/www.pmpf.rs.gov.br\/portal-do-servidor-publico\/?page_id=790"},"modified":"2023-03-21T17:46:45","modified_gmt":"2023-03-21T20:46:45","slug":"atencao","status":"publish","type":"page","link":"https:\/\/www.pmpf.rs.gov.br\/portal-do-servidor-publico\/atencao\/","title":{"rendered":"ATEN\u00c7\u00c3O!!!!"},"content":{"rendered":"\n<h2 class=\"has-green-color has-text-color wp-block-heading\">ELEI\u00c7\u00c3O CIPA GEST\u00c3O 2023\/2024<\/h2>\n\n\n\n<p>Est\u00e3o abertas as inscri\u00e7\u00f5es a partir de <strong>2<\/strong><strong>2<\/strong><strong>\/03\/20<\/strong><strong>2<\/strong><strong>3<\/strong><strong> at\u00e9 <\/strong><strong>06<\/strong><strong>\/04\/20<\/strong><strong>2<\/strong><strong>3<\/strong> para servidores em regime de CLT, os interessados dever\u00e3o candidatar-se no <strong>N\u00facleo de Biometria<\/strong>, junto ao setor de Seguran\u00e7a do Trabalho, falar com Nair, Gabriel ou Douglas.<\/p>\n\n\n\n<p><strong>Para mais informa\u00e7\u00f5es: 3311-8874 ou<\/strong><\/p>\n\n\n\n<p><strong>Whats 98404-7190<\/strong><\/p>\n","protected":false},"excerpt":{"rendered":"<p>ELEI\u00c7\u00c3O CIPA GEST\u00c3O 2023\/2024 Est\u00e3o abertas as inscri\u00e7\u00f5es a partir de 22\/03\/2023 at\u00e9 06\/04\/2023 para servidores em regime de CLT, os interessados dever\u00e3o candidatar-se no N\u00facleo de Biometria, junto ao setor de [&hellip;]<\/p>\n","protected":false},"author":4,"featured_media":0,"parent":0,"menu_order":0,"comment_status":"closed","ping_status":"closed","template":"","meta":{"footnotes":""},"class_list":["post-790","page","type-page","status-publish","hentry"],"yoast_head":"<!-- This site is optimized with the Yoast SEO plugin v23.8 - https:\/\/yoast.com\/wordpress\/plugins\/seo\/ -->\n<title>ATEN\u00c7\u00c3O!!!! - Portal do Servidor P\u00fablico<\/title>\n<meta name=\"robots\" content=\"index, follow, max-snippet:-1, max-image-preview:large, max-video-preview:-1\" \/>\n<link rel=\"canonical\" href=\"https:\/\/www.pmpf.rs.gov.br\/portal-do-servidor-publico\/atencao\/\" \/>\n<meta property=\"og:locale\" content=\"pt_BR\" \/>\n<meta property=\"og:type\" content=\"article\" \/>\n<meta property=\"og:title\" content=\"ATEN\u00c7\u00c3O!!!! - Portal do Servidor P\u00fablico\" \/>\n<meta property=\"og:description\" content=\"ELEI\u00c7\u00c3O CIPA GEST\u00c3O 2023\/2024 Est\u00e3o abertas as inscri\u00e7\u00f5es a partir de 22\/03\/2023 at\u00e9 06\/04\/2023 para servidores em regime de CLT, os interessados dever\u00e3o candidatar-se no N\u00facleo de Biometria, junto ao setor de [&hellip;]\" \/>\n<meta property=\"og:url\" content=\"https:\/\/www.pmpf.rs.gov.br\/portal-do-servidor-publico\/atencao\/\" \/>\n<meta property=\"og:site_name\" content=\"Portal do Servidor P\u00fablico\" \/>\n<meta property=\"article:modified_time\" content=\"2023-03-21T20:46:45+00:00\" \/>\n<meta name=\"twitter:card\" content=\"summary_large_image\" \/>\n<script type=\"application\/ld+json\" class=\"yoast-schema-graph\">{\"@context\":\"https:\/\/schema.org\",\"@graph\":[{\"@type\":\"WebPage\",\"@id\":\"https:\/\/www.pmpf.rs.gov.br\/portal-do-servidor-publico\/atencao\/\",\"url\":\"https:\/\/www.pmpf.rs.gov.br\/portal-do-servidor-publico\/atencao\/\",\"name\":\"ATEN\u00c7\u00c3O!!!! - Portal do Servidor P\u00fablico\",\"isPartOf\":{\"@id\":\"https:\/\/www.pmpf.rs.gov.br\/portal-do-servidor-publico\/#website\"},\"datePublished\":\"2023-03-21T20:46:00+00:00\",\"dateModified\":\"2023-03-21T20:46:45+00:00\",\"inLanguage\":\"pt-BR\",\"potentialAction\":[{\"@type\":\"ReadAction\",\"target\":[\"https:\/\/www.pmpf.rs.gov.br\/portal-do-servidor-publico\/atencao\/\"]}]},{\"@type\":\"WebSite\",\"@id\":\"https:\/\/www.pmpf.rs.gov.br\/portal-do-servidor-publico\/#website\",\"url\":\"https:\/\/www.pmpf.rs.gov.br\/portal-do-servidor-publico\/\",\"name\":\"Portal do Servidor P\u00fablico\",\"description\":\"S\u00f3 mais um site Prefeitura de Passo Fundo\",\"potentialAction\":[{\"@type\":\"SearchAction\",\"target\":{\"@type\":\"EntryPoint\",\"urlTemplate\":\"https:\/\/www.pmpf.rs.gov.br\/portal-do-servidor-publico\/?s={search_term_string}\"},\"query-input\":{\"@type\":\"PropertyValueSpecification\",\"valueRequired\":true,\"valueName\":\"search_term_string\"}}],\"inLanguage\":\"pt-BR\"}]}<\/script>\n<!-- \/ Yoast SEO plugin. -->","yoast_head_json":{"title":"ATEN\u00c7\u00c3O!!!! - Portal do Servidor P\u00fablico","robots":{"index":"index","follow":"follow","max-snippet":"max-snippet:-1","max-image-preview":"max-image-preview:large","max-video-preview":"max-video-preview:-1"},"canonical":"https:\/\/www.pmpf.rs.gov.br\/portal-do-servidor-publico\/atencao\/","og_locale":"pt_BR","og_type":"article","og_title":"ATEN\u00c7\u00c3O!!!! - Portal do Servidor P\u00fablico","og_description":"ELEI\u00c7\u00c3O CIPA GEST\u00c3O 2023\/2024 Est\u00e3o abertas as inscri\u00e7\u00f5es a partir de 22\/03\/2023 at\u00e9 06\/04\/2023 para servidores em regime de CLT, os interessados dever\u00e3o candidatar-se no N\u00facleo de Biometria, junto ao setor de [&hellip;]","og_url":"https:\/\/www.pmpf.rs.gov.br\/portal-do-servidor-publico\/atencao\/","og_site_name":"Portal do Servidor P\u00fablico","article_modified_time":"2023-03-21T20:46:45+00:00","twitter_card":"summary_large_image","schema":{"@context":"https:\/\/schema.org","@graph":[{"@type":"WebPage","@id":"https:\/\/www.pmpf.rs.gov.br\/portal-do-servidor-publico\/atencao\/","url":"https:\/\/www.pmpf.rs.gov.br\/portal-do-servidor-publico\/atencao\/","name":"ATEN\u00c7\u00c3O!!!! - Portal do Servidor P\u00fablico","isPartOf":{"@id":"https:\/\/www.pmpf.rs.gov.br\/portal-do-servidor-publico\/#website"},"datePublished":"2023-03-21T20:46:00+00:00","dateModified":"2023-03-21T20:46:45+00:00","inLanguage":"pt-BR","potentialAction":[{"@type":"ReadAction","target":["https:\/\/www.pmpf.rs.gov.br\/portal-do-servidor-publico\/atencao\/"]}]},{"@type":"WebSite","@id":"https:\/\/www.pmpf.rs.gov.br\/portal-do-servidor-publico\/#website","url":"https:\/\/www.pmpf.rs.gov.br\/portal-do-servidor-publico\/","name":"Portal do Servidor P\u00fablico","description":"S\u00f3 mais um site Prefeitura de Passo Fundo","potentialAction":[{"@type":"SearchAction","target":{"@type":"EntryPoint","urlTemplate":"https:\/\/www.pmpf.rs.gov.br\/portal-do-servidor-publico\/?s={search_term_string}"},"query-input":{"@type":"PropertyValueSpecification","valueRequired":true,"valueName":"search_term_string"}}],"inLanguage":"pt-BR"}]}},"_links":{"self":[{"href":"https:\/\/www.pmpf.rs.gov.br\/portal-do-servidor-publico\/wp-json\/wp\/v2\/pages\/790"}],"collection":[{"href":"https:\/\/www.pmpf.rs.gov.br\/portal-do-servidor-publico\/wp-json\/wp\/v2\/pages"}],"about":[{"href":"https:\/\/www.pmpf.rs.gov.br\/portal-do-servidor-publico\/wp-json\/wp\/v2\/types\/page"}],"author":[{"embeddable":true,"href":"https:\/\/www.pmpf.rs.gov.br\/portal-do-servidor-publico\/wp-json\/wp\/v2\/users\/4"}],"replies":[{"embeddable":true,"href":"https:\/\/www.pmpf.rs.gov.br\/portal-do-servidor-publico\/wp-json\/wp\/v2\/comments?post=790"}],"version-history":[{"count":1,"href":"https:\/\/www.pmpf.rs.gov.br\/portal-do-servidor-publico\/wp-json\/wp\/v2\/pages\/790\/revisions"}],"predecessor-version":[{"id":791,"href":"https:\/\/www.pmpf.rs.gov.br\/portal-do-servidor-publico\/wp-json\/wp\/v2\/pages\/790\/revisions\/791"}],"wp:attachment":[{"href":"https:\/\/www.pmpf.rs.gov.br\/portal-do-servidor-publico\/wp-json\/wp\/v2\/media?parent=790"}],"curies":[{"name":"wp","href":"https:\/\/api.w.org\/{rel}","templated":true}]}}