{"id":356,"date":"2022-01-14T12:58:52","date_gmt":"2022-01-14T15:58:52","guid":{"rendered":"https:\/\/www.pmpf.rs.gov.br\/portal-do-servidor-publico\/?page_id=356"},"modified":"2022-01-14T12:58:53","modified_gmt":"2022-01-14T15:58:53","slug":"averbacao-por-tempo-de-contribuicao","status":"publish","type":"page","link":"https:\/\/www.pmpf.rs.gov.br\/portal-do-servidor-publico\/averbacao-por-tempo-de-contribuicao\/","title":{"rendered":"Averba\u00e7\u00e3o por Tempo de Contribui\u00e7\u00e3o"},"content":{"rendered":"\n<h2 class=\"wp-block-heading\">Procedimento para averba\u00e7\u00e3o de tempo de contribui\u00e7\u00e3o para fins de aposentadoria<\/h2>\n\n\n\n<p>Para a averba\u00e7\u00e3o de tempo de contribui\u00e7\u00e3o para fins de aposentadoria nesta municipalidade, se faz necess\u00e1rio esclarecer que:<\/p>\n\n\n\n<p>1) em primeiro lugar \u00e9 preciso saber de onde o servidor quer averbar o tempo:<\/p>\n\n\n\n<p>1.1) da Uni\u00e3o<\/p>\n\n\n\n<p>1.2) dos Estados<\/p>\n\n\n\n<p>1.3) de outros Munic\u00edpios<\/p>\n\n\n\n<p>1.4) INSS<\/p>\n\n\n\n<p>2) Havendo a identifica\u00e7\u00e3o de onde o servidor quer trazer o tempo de contribui\u00e7\u00e3o para averbar, vamos orient\u00e1-lo para o procedimento correto, conforme explica\u00e7\u00e3o a seguir:<\/p>\n\n\n\n<p>2.1) Se for tempo de contribui\u00e7\u00e3o para o INSS o servidor estatut\u00e1rio deve solicitar uma declara\u00e7\u00e3o jur\u00eddica junto a Coordenadoria de Recursos Humanos. A mesma geralmente \u00e9 feita no ato e sem processo (conforme a demanda), somente em alguns casos \u00e9 necess\u00e1rio uma pesquisa junto ao N\u00facleo de Documentos, ou seja, quando n\u00e3o h\u00e1 registro do servidor em nossos sistemas ou at\u00e9 mesmo para confirma\u00e7\u00e3o de alguma informa\u00e7\u00e3o importante para constar na declara\u00e7\u00e3o jur\u00eddica. Ap\u00f3s solicitar junto ao INSS a Certid\u00e3o de Tempo de Contribui\u00e7\u00e3o e trazer a mesma (em via original) at\u00e9 a CRH para solicitar a abertura do processo de AVERBA\u00c7\u00c3O DE TEMPO DE CONTRIBUI\u00c7\u00c3O. O processo ser\u00e1 aberto com a via original e ap\u00f3s a expedi\u00e7\u00e3o da PORTARIA DE AVERBA\u00c7\u00c3O a CRH entrar\u00e1 em contato com o servidor para que o mesmo retire sua via original que ficou anexada junto ao processo.<\/p>\n\n\n\n<p>2.2) Se for tempo de contribui\u00e7\u00e3o da Uni\u00e3o, dos Estados, ou dos Munic\u00edpios o servidor estatut\u00e1rio dever\u00e1 requerer junto ao \u00f3rg\u00e3o competente a certid\u00e3o de tempo de contribui\u00e7\u00e3o (\u00e9 importante observar o V\u00cdNCULO que o servidor teve junto ao poder p\u00fablico, caso seja vinculo CELETISTA OU CARGO EM COMISS\u00c3O o mesmo dever\u00e1 observar o \u00edtem anterior 2.1 e levar a certid\u00e3o do \u00f3rg\u00e3o ao INSS para solicitar a certid\u00e3o do INSS e trazer para averbar nesta municipalidade), constatando na mesma que o vinculo do servidor \u00e9 ESTATUT\u00c1RIO a CRH efetivar\u00e1 a abertura do processo de AVERBA\u00c7\u00c3O DO TEMPO DE CONTRIBUI\u00c7\u00c3O, sempre anexando a via original da certid\u00e3o de tempo de contribui\u00e7\u00e3o (Uni\u00e3o, Estados, Munic\u00edpios). Ap\u00f3s a expedi\u00e7\u00e3o da PORTARIA DE AVERBA\u00c7\u00c3O a CRH entrar\u00e1 em contato com o servidor para que o mesmo retire suas vias originais que ficaram anexadas junto ao processo.<\/p>\n\n\n\n<p>2.3) Caso o servidor, tenha os dois tipos de averba\u00e7\u00e3o, basta cumprir os dois itens acima (2.1 e 2.2) para abertura do processo. A tramita\u00e7\u00e3o do processo ocorre como os demais.<\/p>\n","protected":false},"excerpt":{"rendered":"<p>Procedimento para averba\u00e7\u00e3o de tempo de contribui\u00e7\u00e3o para fins de aposentadoria Para a averba\u00e7\u00e3o de tempo de contribui\u00e7\u00e3o para fins de aposentadoria nesta municipalidade, se faz necess\u00e1rio esclarecer que: 1) em primeiro [&hellip;]<\/p>\n","protected":false},"author":1,"featured_media":0,"parent":0,"menu_order":0,"comment_status":"closed","ping_status":"closed","template":"","meta":{"footnotes":""},"class_list":["post-356","page","type-page","status-publish","hentry"],"yoast_head":"<!-- This site is optimized with the Yoast SEO plugin v23.8 - https:\/\/yoast.com\/wordpress\/plugins\/seo\/ -->\n<title>Averba\u00e7\u00e3o por Tempo de Contribui\u00e7\u00e3o - Portal do Servidor P\u00fablico<\/title>\n<meta name=\"robots\" content=\"index, follow, max-snippet:-1, max-image-preview:large, max-video-preview:-1\" \/>\n<link rel=\"canonical\" href=\"https:\/\/www.pmpf.rs.gov.br\/portal-do-servidor-publico\/averbacao-por-tempo-de-contribuicao\/\" \/>\n<meta property=\"og:locale\" content=\"pt_BR\" \/>\n<meta property=\"og:type\" content=\"article\" \/>\n<meta property=\"og:title\" content=\"Averba\u00e7\u00e3o por Tempo de Contribui\u00e7\u00e3o - Portal do Servidor P\u00fablico\" \/>\n<meta property=\"og:description\" content=\"Procedimento para averba\u00e7\u00e3o de tempo de contribui\u00e7\u00e3o para fins de aposentadoria Para a averba\u00e7\u00e3o de tempo de contribui\u00e7\u00e3o para fins de aposentadoria nesta municipalidade, se faz necess\u00e1rio esclarecer que: 1) em primeiro [&hellip;]\" \/>\n<meta property=\"og:url\" content=\"https:\/\/www.pmpf.rs.gov.br\/portal-do-servidor-publico\/averbacao-por-tempo-de-contribuicao\/\" \/>\n<meta property=\"og:site_name\" content=\"Portal do Servidor P\u00fablico\" \/>\n<meta property=\"article:modified_time\" content=\"2022-01-14T15:58:53+00:00\" \/>\n<meta name=\"twitter:card\" content=\"summary_large_image\" \/>\n<meta name=\"twitter:label1\" content=\"Est. tempo de leitura\" \/>\n\t<meta name=\"twitter:data1\" content=\"3 minutos\" \/>\n<script type=\"application\/ld+json\" class=\"yoast-schema-graph\">{\"@context\":\"https:\/\/schema.org\",\"@graph\":[{\"@type\":\"WebPage\",\"@id\":\"https:\/\/www.pmpf.rs.gov.br\/portal-do-servidor-publico\/averbacao-por-tempo-de-contribuicao\/\",\"url\":\"https:\/\/www.pmpf.rs.gov.br\/portal-do-servidor-publico\/averbacao-por-tempo-de-contribuicao\/\",\"name\":\"Averba\u00e7\u00e3o por Tempo de Contribui\u00e7\u00e3o - Portal do Servidor P\u00fablico\",\"isPartOf\":{\"@id\":\"https:\/\/www.pmpf.rs.gov.br\/portal-do-servidor-publico\/#website\"},\"datePublished\":\"2022-01-14T15:58:52+00:00\",\"dateModified\":\"2022-01-14T15:58:53+00:00\",\"inLanguage\":\"pt-BR\",\"potentialAction\":[{\"@type\":\"ReadAction\",\"target\":[\"https:\/\/www.pmpf.rs.gov.br\/portal-do-servidor-publico\/averbacao-por-tempo-de-contribuicao\/\"]}]},{\"@type\":\"WebSite\",\"@id\":\"https:\/\/www.pmpf.rs.gov.br\/portal-do-servidor-publico\/#website\",\"url\":\"https:\/\/www.pmpf.rs.gov.br\/portal-do-servidor-publico\/\",\"name\":\"Portal do Servidor P\u00fablico\",\"description\":\"S\u00f3 mais um site Prefeitura de Passo Fundo\",\"potentialAction\":[{\"@type\":\"SearchAction\",\"target\":{\"@type\":\"EntryPoint\",\"urlTemplate\":\"https:\/\/www.pmpf.rs.gov.br\/portal-do-servidor-publico\/?s={search_term_string}\"},\"query-input\":{\"@type\":\"PropertyValueSpecification\",\"valueRequired\":true,\"valueName\":\"search_term_string\"}}],\"inLanguage\":\"pt-BR\"}]}<\/script>\n<!-- \/ Yoast SEO plugin. -->","yoast_head_json":{"title":"Averba\u00e7\u00e3o por Tempo de Contribui\u00e7\u00e3o - Portal do Servidor P\u00fablico","robots":{"index":"index","follow":"follow","max-snippet":"max-snippet:-1","max-image-preview":"max-image-preview:large","max-video-preview":"max-video-preview:-1"},"canonical":"https:\/\/www.pmpf.rs.gov.br\/portal-do-servidor-publico\/averbacao-por-tempo-de-contribuicao\/","og_locale":"pt_BR","og_type":"article","og_title":"Averba\u00e7\u00e3o por Tempo de Contribui\u00e7\u00e3o - Portal do Servidor P\u00fablico","og_description":"Procedimento para averba\u00e7\u00e3o de tempo de contribui\u00e7\u00e3o para fins de aposentadoria Para a averba\u00e7\u00e3o de tempo de contribui\u00e7\u00e3o para fins de aposentadoria nesta municipalidade, se faz necess\u00e1rio esclarecer que: 1) em primeiro [&hellip;]","og_url":"https:\/\/www.pmpf.rs.gov.br\/portal-do-servidor-publico\/averbacao-por-tempo-de-contribuicao\/","og_site_name":"Portal do Servidor P\u00fablico","article_modified_time":"2022-01-14T15:58:53+00:00","twitter_card":"summary_large_image","twitter_misc":{"Est. tempo de leitura":"3 minutos"},"schema":{"@context":"https:\/\/schema.org","@graph":[{"@type":"WebPage","@id":"https:\/\/www.pmpf.rs.gov.br\/portal-do-servidor-publico\/averbacao-por-tempo-de-contribuicao\/","url":"https:\/\/www.pmpf.rs.gov.br\/portal-do-servidor-publico\/averbacao-por-tempo-de-contribuicao\/","name":"Averba\u00e7\u00e3o por Tempo de Contribui\u00e7\u00e3o - Portal do Servidor P\u00fablico","isPartOf":{"@id":"https:\/\/www.pmpf.rs.gov.br\/portal-do-servidor-publico\/#website"},"datePublished":"2022-01-14T15:58:52+00:00","dateModified":"2022-01-14T15:58:53+00:00","inLanguage":"pt-BR","potentialAction":[{"@type":"ReadAction","target":["https:\/\/www.pmpf.rs.gov.br\/portal-do-servidor-publico\/averbacao-por-tempo-de-contribuicao\/"]}]},{"@type":"WebSite","@id":"https:\/\/www.pmpf.rs.gov.br\/portal-do-servidor-publico\/#website","url":"https:\/\/www.pmpf.rs.gov.br\/portal-do-servidor-publico\/","name":"Portal do Servidor P\u00fablico","description":"S\u00f3 mais um site Prefeitura de Passo Fundo","potentialAction":[{"@type":"SearchAction","target":{"@type":"EntryPoint","urlTemplate":"https:\/\/www.pmpf.rs.gov.br\/portal-do-servidor-publico\/?s={search_term_string}"},"query-input":{"@type":"PropertyValueSpecification","valueRequired":true,"valueName":"search_term_string"}}],"inLanguage":"pt-BR"}]}},"_links":{"self":[{"href":"https:\/\/www.pmpf.rs.gov.br\/portal-do-servidor-publico\/wp-json\/wp\/v2\/pages\/356"}],"collection":[{"href":"https:\/\/www.pmpf.rs.gov.br\/portal-do-servidor-publico\/wp-json\/wp\/v2\/pages"}],"about":[{"href":"https:\/\/www.pmpf.rs.gov.br\/portal-do-servidor-publico\/wp-json\/wp\/v2\/types\/page"}],"author":[{"embeddable":true,"href":"https:\/\/www.pmpf.rs.gov.br\/portal-do-servidor-publico\/wp-json\/wp\/v2\/users\/1"}],"replies":[{"embeddable":true,"href":"https:\/\/www.pmpf.rs.gov.br\/portal-do-servidor-publico\/wp-json\/wp\/v2\/comments?post=356"}],"version-history":[{"count":1,"href":"https:\/\/www.pmpf.rs.gov.br\/portal-do-servidor-publico\/wp-json\/wp\/v2\/pages\/356\/revisions"}],"predecessor-version":[{"id":357,"href":"https:\/\/www.pmpf.rs.gov.br\/portal-do-servidor-publico\/wp-json\/wp\/v2\/pages\/356\/revisions\/357"}],"wp:attachment":[{"href":"https:\/\/www.pmpf.rs.gov.br\/portal-do-servidor-publico\/wp-json\/wp\/v2\/media?parent=356"}],"curies":[{"name":"wp","href":"https:\/\/api.w.org\/{rel}","templated":true}]}}