{"id":5,"date":"2022-01-03T16:47:41","date_gmt":"2022-01-03T19:47:41","guid":{"rendered":"https:\/\/www.pmpf.rs.gov.br\/nota-fiscal-de-servico-eletronica\/?page_id=5"},"modified":"2026-01-06T11:07:04","modified_gmt":"2026-01-06T14:07:04","slug":"nota-fiscal-de-servico-eletronica-nfs-e","status":"publish","type":"page","link":"https:\/\/www.pmpf.rs.gov.br\/nfse\/","title":{"rendered":""},"content":{"rendered":"\n<p>Considerando a previs\u00e3o regulamentadora da Reforma Tribut\u00e1ria disposta na LC 214\/2025, bem como, a revis\u00e3o disposta no Decreto Municipal&nbsp;<a href=\"https:\/\/leismunicipais.com.br\/a1\/rs\/p\/passo-fundo\/decreto\/2025\/14\/134\/decreto-n-134-2025-dispoe-sobre-a-adesao-do-municipio-de-passo-fundo-ao-ambiente-nacional-da-nota-fiscal-de-servico-eletronica-nfs-e-nacional-e-da-outras-providencias?q=decreto+134%2F2025\" target=\"_blank\" rel=\"noreferrer noopener\">134\/2025&nbsp;<\/a>a Coordenadoria de Receitas e Servi\u00e7os e Outras vem informar que: A partir de 01 de janeiro de 2026, o Munic\u00edpio passar\u00e1 a utilizar o Emissor Nacional de Nota Fiscal de Servi\u00e7o de Padr\u00e3o Nacional (NFS-e Nacional). O&nbsp;contribuinte prestador de servi\u00e7os est\u00e1 obrigado ao uso da Nota Fiscal de Servi\u00e7o Eletr\u00f4nica &#8211; NFS-e.<\/p>\n\n\n\n<p>O novo sistema tem por objetivo simplificar o processo de emiss\u00e3o de notas fiscais de servi\u00e7os, padronizando layout e regras em \u00e2mbito nacional, permitindo maior integra\u00e7\u00e3o entre prestadores de servi\u00e7os, tomadores e administra\u00e7\u00f5es tribut\u00e1rias.<\/p>\n\n\n\n<hr class=\"wp-block-separator has-alpha-channel-opacity\"\/>\n\n\n\n<h3 class=\"wp-block-heading has-black-color has-text-color has-link-color wp-elements-b2e30063763681285d78d73fea567e10\">Microempreendedores Individuais (MEI)<\/h3>\n\n\n\n<p>Todos os <strong>Microempreendedores Individuais (MEI) <\/strong>enquadrados como prestadores de servi\u00e7os<strong> emitem a Nota Fiscal de Servi\u00e7os Eletr\u00f4nica \u2013 NFS-e <\/strong>pelo <a href=\"https:\/\/www.nfse.gov.br\/EmissorNacional\/Login?ReturnUrl=%2FEmissorNacional\" target=\"_blank\" rel=\"noreferrer noopener\"><strong>Portal Nacional da Nota Fiscal de Servi\u00e7o Eletr\u00f4nica<\/strong><\/a>, atrav\u00e9s do Emissor Nacional acessando o link: <a href=\"http:\/\/www.gov.br\/nfse\" target=\"_blank\" rel=\"noreferrer noopener\"><u>www.gov.br\/nfse<\/u><\/a>.<\/p>\n\n\n\n<p>Esta mudan\u00e7a na forma de emiss\u00e3o, \u00e9 uma OBRIGATORIEDADE estabelecida pelo COMIT\u00ca GESTOR DO SIMPLES NACIONAL, atrav\u00e9s das Resolu\u00e7\u00f5es CGSN n\u00ba 169\/2022, n\u00ba 171\/2022 e n\u00ba 172\/2023.<\/p>\n\n\n\n<div style=\"height:10px\" aria-hidden=\"true\" class=\"wp-block-spacer\"><\/div>\n\n\n\n<div class=\"wp-block-buttons is-content-justification-center is-layout-flex wp-container-core-buttons-is-layout-1 wp-block-buttons-is-layout-flex\">\n<div class=\"wp-block-button has-custom-font-size\" style=\"font-size:16px\"><a class=\"wp-block-button__link has-white-color has-blue-background-color has-text-color has-background has-link-color wp-element-button\" href=\"https:\/\/www.gov.br\/nfse\/pt-br\/mei\/links-com-passo-a-passo\" style=\"border-radius:20px\" target=\"_blank\" rel=\"noreferrer noopener\">Saiba Mais&#8230;<\/a><\/div>\n<\/div>\n\n\n\n<div style=\"height:10px\" aria-hidden=\"true\" class=\"wp-block-spacer\"><\/div>\n\n\n\n<p><strong>D\u00favidas:<\/strong><br><strong>E-mail:<\/strong> <a href=\"mailto:atendimento.nfs-e@rfb.gov.br\" target=\"_blank\" rel=\"noreferrer noopener\">atendimento.nfs-e@rfb.gov.br<\/a><br><strong>Central de Atendimento Sebrae:<\/strong> 0800.570.0800<\/p>\n\n\n\n<hr class=\"wp-block-separator has-alpha-channel-opacity\"\/>\n\n\n\n<h3 class=\"wp-block-heading\">Plugin para Emiss\u00e3o de Nota Fiscal &#8211; Web PKI<\/h3>\n\n\n<div class=\"wp-block-image is-style-default\">\n<figure class=\"alignleft size-full is-resized\"><img loading=\"lazy\" decoding=\"async\" width=\"1280\" height=\"451\" src=\"https:\/\/www.pmpf.rs.gov.br\/nfse\/wp-content\/uploads\/sites\/63\/2023\/08\/pluggin-nfse.jpg\" alt=\"\" class=\"wp-image-183\" style=\"width:318px;height:auto\" srcset=\"https:\/\/www.pmpf.rs.gov.br\/nfse\/wp-content\/uploads\/sites\/63\/2023\/08\/pluggin-nfse.jpg 1280w, https:\/\/www.pmpf.rs.gov.br\/nfse\/wp-content\/uploads\/sites\/63\/2023\/08\/pluggin-nfse-300x106.jpg 300w, https:\/\/www.pmpf.rs.gov.br\/nfse\/wp-content\/uploads\/sites\/63\/2023\/08\/pluggin-nfse-1024x361.jpg 1024w, https:\/\/www.pmpf.rs.gov.br\/nfse\/wp-content\/uploads\/sites\/63\/2023\/08\/pluggin-nfse-768x271.jpg 768w\" sizes=\"(max-width: 1280px) 100vw, 1280px\" \/><\/figure><\/div>\n\n\n<p>O Thema Acesso Hardware foi descontinuado, os contribuintes dever\u00e3o efetuar procedimento de instala\u00e7\u00e3o do Plugin Web PKI em seus navegadores.<\/p>\n\n\n\n<p>A nova tecnologia de plugin que est\u00e1 sendo disponibilizada, facilita a instala\u00e7\u00e3o e tamb\u00e9m permite a compatibilidade com outros equipamentos que utilizam sistemas operacionais diferentes do Windows.<\/p>\n\n\n\n<div style=\"height:10px\" aria-hidden=\"true\" class=\"wp-block-spacer\"><\/div>\n\n\n\n<div class=\"wp-block-buttons is-content-justification-center is-layout-flex wp-container-core-buttons-is-layout-2 wp-block-buttons-is-layout-flex\">\n<div class=\"wp-block-button has-custom-font-size\" style=\"font-size:16px\"><a class=\"wp-block-button__link has-white-color has-blue-background-color has-text-color has-background wp-element-button\" href=\"https:\/\/www.pmpf.rs.gov.br\/nfse\/wp-content\/uploads\/sites\/63\/2022\/01\/Plugin-Web-PKI-Instalacao.pdf\" style=\"border-radius:20px\" target=\"_blank\" rel=\"noreferrer noopener\">Manual de Instala\u00e7\u00e3o do Plugin WEB PKI<\/a><\/div>\n<\/div>\n\n\n\n<hr class=\"wp-block-separator has-alpha-channel-opacity\"\/>\n\n\n\n<h3 class=\"wp-block-heading\">Se n\u00e3o conseguir acessar a Nota Fiscal Eletr\u00f4nica siga os seguintes passos:<\/h3>\n\n\n\n<p><strong>Limpar o Cache do Navegador de Internet<\/strong>&nbsp;em suas configura\u00e7\u00f5es. Tamb\u00e9m poder\u00e1 limpar o cache do Navegador usando o programa&nbsp;<a href=\"https:\/\/www.ccleaner.com\/ccleaner\" target=\"_blank\" rel=\"noreferrer noopener\">CClear<\/a>. No programa CClear, marcar as op\u00e7\u00f5es conforme seu navegador (<a href=\"https:\/\/www.pmpf.rs.gov.br\/nota-fiscal-de-servico-eletronica\/wp-content\/uploads\/sites\/63\/2022\/01\/tela_cahe_01.png\" target=\"_blank\" rel=\"noreferrer noopener\">tela exemplo1<\/a>,&nbsp;<a href=\"https:\/\/www.pmpf.rs.gov.br\/nota-fiscal-de-servico-eletronica\/wp-content\/uploads\/sites\/63\/2022\/01\/tela_cahe_02.png\" target=\"_blank\" rel=\"noreferrer noopener\">tela exemplo2<\/a>), clicar em Analisar e depois Limpar. Ap\u00f3s limpar o cache, feche o navegador, abra-o novamente e tente acessar a Nota Fiscal Eletr\u00f4nica. <\/p>\n\n\n\n<hr class=\"wp-block-separator has-alpha-channel-opacity\"\/>\n\n\n\n<h3 class=\"wp-block-heading has-black-color has-text-color\">Contato Nota Fiscal Eletr\u00f4nica<\/h3>\n\n\n\n<p><strong>Telefone:<\/strong>(54)3311-4098 \/ (54) 3311-4222<br><strong>E-mail:<\/strong>&nbsp;notaeletronicaiss@pmpf.rs.gov.br<\/p>\n\n\n\n<hr class=\"wp-block-separator has-alpha-channel-opacity\"\/>\n\n\n\n<h3 class=\"wp-block-heading has-black-color has-text-color\">Autoriza\u00e7\u00e3o<\/h3>\n\n\n\n<ol class=\"wp-block-list\">\n<li>Encaminhar o\u00a0<a href=\"https:\/\/www.pmpf.rs.gov.br\/nfse\/wp-content\/uploads\/sites\/63\/2022\/01\/Requerimento-NFS-e-Nacional.pdf\" target=\"_blank\" rel=\"noreferrer noopener\">requerimento<\/a>\u00a0preenchido e assinado pelo respons\u00e1vel, solicitando autoriza\u00e7\u00e3o para emiss\u00e3o de NFS-e;<\/li>\n\n\n\n<li>No caso do prestador de servi\u00e7o (filial) utilizar o Certificado Digital e-CNPJ da matriz, ou o e-CPF do s\u00f3cio cadastrado na Prefeitura, dever\u00e1 informar o n\u00famero do CNPJ ou CPF, se for o caso, no pedido;<\/li>\n\n\n\n<li>Digitalizar o requerimento e documento da pessoa que assinou e encaminhar para a Secretaria de Finan\u00e7as pelo e-mail: notaeletronicaiss@pmpf.rs.gov.br.<\/li>\n<\/ol>\n\n\n\n<hr class=\"wp-block-separator has-alpha-channel-opacity\"\/>\n\n\n\n<h3 class=\"wp-block-heading has-black-color has-text-color\">Requisitos<\/h3>\n\n\n\n<ol class=\"wp-block-list\">\n<li>Certificado Digital Padr\u00e3o ICP \u2013 Brasil;<\/li>\n\n\n\n<li>Java atualizado;<\/li>\n\n\n\n<li>Navegador de internet;<\/li>\n\n\n\n<li>Alvar\u00e1 municipal;<\/li>\n\n\n\n<li>Ter atividade de presta\u00e7\u00e3o de servi\u00e7o no alvar\u00e1.<\/li>\n<\/ol>\n\n\n\n<hr class=\"wp-block-separator has-alpha-channel-opacity\"\/>\n\n\n\n<h3 class=\"wp-block-heading has-black-color has-text-color\">Informa\u00e7\u00f5es e Manuais<\/h3>\n\n\n\n<ul class=\"wp-block-list\">\n<li><a href=\"https:\/\/www.pmpf.rs.gov.br\/nfse\/desenvolvedores\/\" target=\"_blank\" rel=\"noreferrer noopener\">Orienta\u00e7\u00f5es para Desenvolvedores<\/a><\/li>\n\n\n\n<li><a href=\"https:\/\/www.pmpf.rs.gov.br\/nfse\/manuais\/\" target=\"_blank\" rel=\"noreferrer noopener\">Manuais<\/a><\/li>\n\n\n\n<li>Legisla\u00e7\u00e3o (<a href=\"https:\/\/www.pmpf.rs.gov.br\/nfse\/legislacao-lc-no-290\/\" target=\"_blank\" rel=\"noreferrer noopener\">Lei Complementar N\u00ba 290<\/a> e <a href=\"https:\/\/www.pmpf.rs.gov.br\/nfse\/wp-content\/uploads\/sites\/63\/2022\/01\/decreto-nfse-62-2023.pdf\" target=\"_blank\" rel=\"noreferrer noopener\">Decreto 62\/2023<\/a>)<\/li>\n\n\n\n<li><a href=\"https:\/\/www.pmpf.rs.gov.br\/nfse\/wp-content\/uploads\/sites\/63\/2022\/01\/itensListaServicos_062018.pdf\" target=\"_blank\" rel=\"noreferrer noopener\">Item da lista de servi\u00e7o (Anexo a LC n\u00ba 137\/2004)<\/a><\/li>\n\n\n\n<li><a href=\"https:\/\/www.pmpf.rs.gov.br\/nfse\/wp-content\/uploads\/sites\/63\/2022\/01\/nfse_NaturezaOperacao_2025.pdf\" target=\"_blank\" rel=\"noreferrer noopener\">Natureza da opera\u00e7\u00e3o atualizado<\/a><\/li>\n\n\n\n<li><a href=\"http:\/\/www.youtube.com\/embed\/7of6aHtmVCA\" target=\"_blank\" rel=\"noreferrer noopener\">V\u00eddeo Tutorial sobre a gera\u00e7\u00e3o da NFSe<\/a><\/li>\n<\/ul>\n\n\n\n<hr class=\"wp-block-separator has-alpha-channel-opacity\"\/>\n","protected":false},"excerpt":{"rendered":"<p>Considerando a previs\u00e3o regulamentadora da Reforma Tribut\u00e1ria disposta na LC 214\/2025, bem como, a revis\u00e3o disposta no Decreto Municipal&nbsp;134\/2025&nbsp;a Coordenadoria de Receitas e Servi\u00e7os e Outras vem informar que: A partir de [&hellip;]<\/p>\n","protected":false},"author":1,"featured_media":0,"parent":0,"menu_order":0,"comment_status":"closed","ping_status":"closed","template":"page_secretaria_com_sidebar.php","meta":{"footnotes":""},"class_list":["post-5","page","type-page","status-publish","hentry"],"yoast_head":"<!-- This site is optimized with the Yoast SEO plugin v23.8 - https:\/\/yoast.com\/wordpress\/plugins\/seo\/ -->\n<title>- Nota Fiscal de Servi\u00e7o Eletr\u00f4nica - NFS-e<\/title>\n<meta name=\"robots\" content=\"index, follow, max-snippet:-1, max-image-preview:large, max-video-preview:-1\" \/>\n<link rel=\"canonical\" href=\"https:\/\/www.pmpf.rs.gov.br\/nfse\/\" \/>\n<meta property=\"og:locale\" content=\"pt_BR\" \/>\n<meta property=\"og:type\" content=\"article\" \/>\n<meta property=\"og:title\" content=\"- Nota Fiscal de Servi\u00e7o Eletr\u00f4nica - NFS-e\" \/>\n<meta property=\"og:description\" content=\"Considerando a previs\u00e3o regulamentadora da Reforma Tribut\u00e1ria disposta na LC 214\/2025, bem como, a revis\u00e3o disposta no Decreto Municipal&nbsp;134\/2025&nbsp;a Coordenadoria de Receitas e Servi\u00e7os e Outras vem informar que: A partir de [&hellip;]\" \/>\n<meta property=\"og:url\" content=\"https:\/\/www.pmpf.rs.gov.br\/nfse\/\" \/>\n<meta property=\"og:site_name\" content=\"Nota Fiscal de Servi\u00e7o Eletr\u00f4nica - NFS-e\" \/>\n<meta property=\"article:modified_time\" content=\"2026-01-06T14:07:04+00:00\" \/>\n<meta property=\"og:image\" content=\"https:\/\/www.pmpf.rs.gov.br\/nfse\/wp-content\/uploads\/sites\/63\/2023\/08\/pluggin-nfse.jpg\" \/>\n\t<meta property=\"og:image:width\" content=\"1280\" \/>\n\t<meta property=\"og:image:height\" content=\"451\" \/>\n\t<meta property=\"og:image:type\" content=\"image\/jpeg\" \/>\n<meta name=\"twitter:card\" content=\"summary_large_image\" \/>\n<meta name=\"twitter:label1\" content=\"Est. tempo de leitura\" \/>\n\t<meta name=\"twitter:data1\" content=\"4 minutos\" \/>\n<script type=\"application\/ld+json\" class=\"yoast-schema-graph\">{\"@context\":\"https:\/\/schema.org\",\"@graph\":[{\"@type\":\"WebPage\",\"@id\":\"https:\/\/www.pmpf.rs.gov.br\/nfse\/\",\"url\":\"https:\/\/www.pmpf.rs.gov.br\/nfse\/\",\"name\":\"- Nota Fiscal de Servi\u00e7o Eletr\u00f4nica - NFS-e\",\"isPartOf\":{\"@id\":\"https:\/\/www.pmpf.rs.gov.br\/nfse\/#website\"},\"primaryImageOfPage\":{\"@id\":\"https:\/\/www.pmpf.rs.gov.br\/nfse\/#primaryimage\"},\"image\":{\"@id\":\"https:\/\/www.pmpf.rs.gov.br\/nfse\/#primaryimage\"},\"thumbnailUrl\":\"https:\/\/www.pmpf.rs.gov.br\/nfse\/wp-content\/uploads\/sites\/63\/2023\/08\/pluggin-nfse.jpg\",\"datePublished\":\"2022-01-03T19:47:41+00:00\",\"dateModified\":\"2026-01-06T14:07:04+00:00\",\"breadcrumb\":{\"@id\":\"https:\/\/www.pmpf.rs.gov.br\/nfse\/#breadcrumb\"},\"inLanguage\":\"pt-BR\",\"potentialAction\":[{\"@type\":\"ReadAction\",\"target\":[\"https:\/\/www.pmpf.rs.gov.br\/nfse\/\"]}]},{\"@type\":\"ImageObject\",\"inLanguage\":\"pt-BR\",\"@id\":\"https:\/\/www.pmpf.rs.gov.br\/nfse\/#primaryimage\",\"url\":\"https:\/\/www.pmpf.rs.gov.br\/nfse\/wp-content\/uploads\/sites\/63\/2023\/08\/pluggin-nfse.jpg\",\"contentUrl\":\"https:\/\/www.pmpf.rs.gov.br\/nfse\/wp-content\/uploads\/sites\/63\/2023\/08\/pluggin-nfse.jpg\",\"width\":1280,\"height\":451},{\"@type\":\"BreadcrumbList\",\"@id\":\"https:\/\/www.pmpf.rs.gov.br\/nfse\/#breadcrumb\",\"itemListElement\":[]},{\"@type\":\"WebSite\",\"@id\":\"https:\/\/www.pmpf.rs.gov.br\/nfse\/#website\",\"url\":\"https:\/\/www.pmpf.rs.gov.br\/nfse\/\",\"name\":\"Nota Fiscal de Servi\u00e7o Eletr\u00f4nica - NFS-e\",\"description\":\"S\u00f3 mais um site Prefeitura de Passo Fundo\",\"potentialAction\":[{\"@type\":\"SearchAction\",\"target\":{\"@type\":\"EntryPoint\",\"urlTemplate\":\"https:\/\/www.pmpf.rs.gov.br\/nfse\/?s={search_term_string}\"},\"query-input\":{\"@type\":\"PropertyValueSpecification\",\"valueRequired\":true,\"valueName\":\"search_term_string\"}}],\"inLanguage\":\"pt-BR\"}]}<\/script>\n<!-- \/ Yoast SEO plugin. -->","yoast_head_json":{"title":"- Nota Fiscal de Servi\u00e7o Eletr\u00f4nica - NFS-e","robots":{"index":"index","follow":"follow","max-snippet":"max-snippet:-1","max-image-preview":"max-image-preview:large","max-video-preview":"max-video-preview:-1"},"canonical":"https:\/\/www.pmpf.rs.gov.br\/nfse\/","og_locale":"pt_BR","og_type":"article","og_title":"- Nota Fiscal de Servi\u00e7o Eletr\u00f4nica - NFS-e","og_description":"Considerando a previs\u00e3o regulamentadora da Reforma Tribut\u00e1ria disposta na LC 214\/2025, bem como, a revis\u00e3o disposta no Decreto Municipal&nbsp;134\/2025&nbsp;a Coordenadoria de Receitas e Servi\u00e7os e Outras vem informar que: A partir de [&hellip;]","og_url":"https:\/\/www.pmpf.rs.gov.br\/nfse\/","og_site_name":"Nota Fiscal de Servi\u00e7o Eletr\u00f4nica - NFS-e","article_modified_time":"2026-01-06T14:07:04+00:00","og_image":[{"width":1280,"height":451,"url":"https:\/\/www.pmpf.rs.gov.br\/nfse\/wp-content\/uploads\/sites\/63\/2023\/08\/pluggin-nfse.jpg","type":"image\/jpeg"}],"twitter_card":"summary_large_image","twitter_misc":{"Est. tempo de leitura":"4 minutos"},"schema":{"@context":"https:\/\/schema.org","@graph":[{"@type":"WebPage","@id":"https:\/\/www.pmpf.rs.gov.br\/nfse\/","url":"https:\/\/www.pmpf.rs.gov.br\/nfse\/","name":"- Nota Fiscal de Servi\u00e7o Eletr\u00f4nica - NFS-e","isPartOf":{"@id":"https:\/\/www.pmpf.rs.gov.br\/nfse\/#website"},"primaryImageOfPage":{"@id":"https:\/\/www.pmpf.rs.gov.br\/nfse\/#primaryimage"},"image":{"@id":"https:\/\/www.pmpf.rs.gov.br\/nfse\/#primaryimage"},"thumbnailUrl":"https:\/\/www.pmpf.rs.gov.br\/nfse\/wp-content\/uploads\/sites\/63\/2023\/08\/pluggin-nfse.jpg","datePublished":"2022-01-03T19:47:41+00:00","dateModified":"2026-01-06T14:07:04+00:00","breadcrumb":{"@id":"https:\/\/www.pmpf.rs.gov.br\/nfse\/#breadcrumb"},"inLanguage":"pt-BR","potentialAction":[{"@type":"ReadAction","target":["https:\/\/www.pmpf.rs.gov.br\/nfse\/"]}]},{"@type":"ImageObject","inLanguage":"pt-BR","@id":"https:\/\/www.pmpf.rs.gov.br\/nfse\/#primaryimage","url":"https:\/\/www.pmpf.rs.gov.br\/nfse\/wp-content\/uploads\/sites\/63\/2023\/08\/pluggin-nfse.jpg","contentUrl":"https:\/\/www.pmpf.rs.gov.br\/nfse\/wp-content\/uploads\/sites\/63\/2023\/08\/pluggin-nfse.jpg","width":1280,"height":451},{"@type":"BreadcrumbList","@id":"https:\/\/www.pmpf.rs.gov.br\/nfse\/#breadcrumb","itemListElement":[]},{"@type":"WebSite","@id":"https:\/\/www.pmpf.rs.gov.br\/nfse\/#website","url":"https:\/\/www.pmpf.rs.gov.br\/nfse\/","name":"Nota Fiscal de Servi\u00e7o Eletr\u00f4nica - NFS-e","description":"S\u00f3 mais um site Prefeitura de Passo Fundo","potentialAction":[{"@type":"SearchAction","target":{"@type":"EntryPoint","urlTemplate":"https:\/\/www.pmpf.rs.gov.br\/nfse\/?s={search_term_string}"},"query-input":{"@type":"PropertyValueSpecification","valueRequired":true,"valueName":"search_term_string"}}],"inLanguage":"pt-BR"}]}},"_links":{"self":[{"href":"https:\/\/www.pmpf.rs.gov.br\/nfse\/wp-json\/wp\/v2\/pages\/5"}],"collection":[{"href":"https:\/\/www.pmpf.rs.gov.br\/nfse\/wp-json\/wp\/v2\/pages"}],"about":[{"href":"https:\/\/www.pmpf.rs.gov.br\/nfse\/wp-json\/wp\/v2\/types\/page"}],"author":[{"embeddable":true,"href":"https:\/\/www.pmpf.rs.gov.br\/nfse\/wp-json\/wp\/v2\/users\/1"}],"replies":[{"embeddable":true,"href":"https:\/\/www.pmpf.rs.gov.br\/nfse\/wp-json\/wp\/v2\/comments?post=5"}],"version-history":[{"count":178,"href":"https:\/\/www.pmpf.rs.gov.br\/nfse\/wp-json\/wp\/v2\/pages\/5\/revisions"}],"predecessor-version":[{"id":410,"href":"https:\/\/www.pmpf.rs.gov.br\/nfse\/wp-json\/wp\/v2\/pages\/5\/revisions\/410"}],"wp:attachment":[{"href":"https:\/\/www.pmpf.rs.gov.br\/nfse\/wp-json\/wp\/v2\/media?parent=5"}],"curies":[{"name":"wp","href":"https:\/\/api.w.org\/{rel}","templated":true}]}}