{"id":223,"date":"2025-07-04T16:43:10","date_gmt":"2025-07-04T19:43:10","guid":{"rendered":"https:\/\/www.pmpf.rs.gov.br\/inovacao\/?page_id=223"},"modified":"2025-11-14T15:59:19","modified_gmt":"2025-11-14T18:59:19","slug":"sandbox","status":"publish","type":"page","link":"https:\/\/www.pmpf.rs.gov.br\/inovacao\/sandbox\/","title":{"rendered":"Editais do Programa Sandbox Passo Fundo"},"content":{"rendered":"\n<div class=\"wp-block-columns is-layout-flex wp-container-core-columns-is-layout-1 wp-block-columns-is-layout-flex\">\n<div class=\"wp-block-column is-layout-flow wp-block-column-is-layout-flow\">\n<figure class=\"wp-block-image size-full\"><img loading=\"lazy\" decoding=\"async\" width=\"576\" height=\"718\" src=\"https:\/\/www.pmpf.rs.gov.br\/inovacao\/wp-content\/uploads\/sites\/78\/2025\/10\/card-sandbox-2.jpg\" alt=\"\" class=\"wp-image-394\" srcset=\"https:\/\/www.pmpf.rs.gov.br\/inovacao\/wp-content\/uploads\/sites\/78\/2025\/10\/card-sandbox-2.jpg 576w, https:\/\/www.pmpf.rs.gov.br\/inovacao\/wp-content\/uploads\/sites\/78\/2025\/10\/card-sandbox-2-241x300.jpg 241w\" sizes=\"(max-width: 576px) 100vw, 576px\" \/><\/figure>\n<\/div>\n\n\n\n<div class=\"wp-block-column is-layout-flow wp-block-column-is-layout-flow\">\n<p>Sele\u00e7\u00e3o de Solu\u00e7\u00f5es Inovadoras, que contribuam para o desenvolvimento sustent\u00e1vel, econ\u00f4mico e social da cidade de Passo Fundo, a serem<br>testadas em ambiente regulat\u00f3rio experimental no \u00e2mbito do Programa Sandbox Passo Fundo.<\/p>\n\n\n\n<h4 class=\"wp-block-heading\">Editais<\/h4>\n\n\n\n<ul class=\"wp-block-list\">\n<li><a href=\"https:\/\/www.pmpf.rs.gov.br\/inovacao\/wp-content\/uploads\/sites\/78\/2024\/03\/inovacao-edital127-sadbox-2025.pdf\" target=\"_blank\" rel=\"noreferrer noopener\">Edital de Abertura 127\/2025<\/a> <\/li>\n\n\n\n<li><a href=\"https:\/\/www.pmpf.rs.gov.br\/inovacao\/wp-content\/uploads\/sites\/78\/2024\/03\/inovacao-edital150-sandbox2025.pdf\" target=\"_blank\" rel=\"noreferrer noopener\">Edital de Retifica\u00e7\u00e3o 150\/2025<\/a><\/li>\n\n\n\n<li><a href=\"https:\/\/www.pmpf.rs.gov.br\/inovacao\/wp-content\/uploads\/sites\/78\/2024\/03\/edital-186-2025-10092025.pdf\" target=\"_blank\" rel=\"noreferrer noopener\">Edital de Retifica\u00e7\u00e3o 186\/2025<\/a><\/li>\n\n\n\n<li><a href=\"https:\/\/www.pmpf.rs.gov.br\/inovacao\/wp-content\/uploads\/sites\/78\/2024\/03\/concPublico-edital-231-2025-2.pdf\" target=\"_blank\" rel=\"noreferrer noopener\">Edital de Retifica\u00e7\u00e3o 231\/2025<\/a><\/li>\n<\/ul>\n\n\n\n<h4 class=\"wp-block-heading\">Resultados<\/h4>\n\n\n\n<ul class=\"wp-block-list\">\n<li><a href=\"https:\/\/www.pmpf.rs.gov.br\/inovacao\/wp-content\/uploads\/sites\/78\/2024\/03\/aprovados-sandbox.pdf\" target=\"_blank\" rel=\"noreferrer noopener\">Aprovados para o Primeiro Ciclo do Sandbox Passo Fundo<\/a><\/li>\n<\/ul>\n\n\n\n<h4 class=\"wp-block-heading has-text-align-left\">Informa\u00e7\u00f5es<br>(54) 99641-1922, <strong> <\/strong><a href=\"mailto:cap.inovacao@pmpf.rs.gov.br\">cap.inovacao@pmpf.rs.gov.br<\/a><\/h4>\n\n\n\n<ul class=\"wp-block-social-links is-layout-flex wp-block-social-links-is-layout-flex\"><li class=\"wp-social-link wp-social-link-whatsapp  wp-block-social-link\"><a href=\"https:\/\/wa.me\/996411922\" class=\"wp-block-social-link-anchor\"><svg width=\"24\" height=\"24\" viewBox=\"0 0 24 24\" version=\"1.1\" xmlns=\"http:\/\/www.w3.org\/2000\/svg\" aria-hidden=\"true\" focusable=\"false\"><path d=\"M 12.011719 2 C 6.5057187 2 2.0234844 6.478375 2.0214844 11.984375 C 2.0204844 13.744375 2.4814687 15.462563 3.3554688 16.976562 L 2 22 L 7.2324219 20.763672 C 8.6914219 21.559672 10.333859 21.977516 12.005859 21.978516 L 12.009766 21.978516 C 17.514766 21.978516 21.995047 17.499141 21.998047 11.994141 C 22.000047 9.3251406 20.962172 6.8157344 19.076172 4.9277344 C 17.190172 3.0407344 14.683719 2.001 12.011719 2 z M 12.009766 4 C 14.145766 4.001 16.153109 4.8337969 17.662109 6.3417969 C 19.171109 7.8517969 20.000047 9.8581875 19.998047 11.992188 C 19.996047 16.396187 16.413812 19.978516 12.007812 19.978516 C 10.674812 19.977516 9.3544062 19.642812 8.1914062 19.007812 L 7.5175781 18.640625 L 6.7734375 18.816406 L 4.8046875 19.28125 L 5.2851562 17.496094 L 5.5019531 16.695312 L 5.0878906 15.976562 C 4.3898906 14.768562 4.0204844 13.387375 4.0214844 11.984375 C 4.0234844 7.582375 7.6067656 4 12.009766 4 z M 8.4765625 7.375 C 8.3095625 7.375 8.0395469 7.4375 7.8105469 7.6875 C 7.5815469 7.9365 6.9355469 8.5395781 6.9355469 9.7675781 C 6.9355469 10.995578 7.8300781 12.182609 7.9550781 12.349609 C 8.0790781 12.515609 9.68175 15.115234 12.21875 16.115234 C 14.32675 16.946234 14.754891 16.782234 15.212891 16.740234 C 15.670891 16.699234 16.690438 16.137687 16.898438 15.554688 C 17.106437 14.971687 17.106922 14.470187 17.044922 14.367188 C 16.982922 14.263188 16.816406 14.201172 16.566406 14.076172 C 16.317406 13.951172 15.090328 13.348625 14.861328 13.265625 C 14.632328 13.182625 14.464828 13.140625 14.298828 13.390625 C 14.132828 13.640625 13.655766 14.201187 13.509766 14.367188 C 13.363766 14.534188 13.21875 14.556641 12.96875 14.431641 C 12.71875 14.305641 11.914938 14.041406 10.960938 13.191406 C 10.218937 12.530406 9.7182656 11.714844 9.5722656 11.464844 C 9.4272656 11.215844 9.5585938 11.079078 9.6835938 10.955078 C 9.7955938 10.843078 9.9316406 10.663578 10.056641 10.517578 C 10.180641 10.371578 10.223641 10.267562 10.306641 10.101562 C 10.389641 9.9355625 10.347156 9.7890625 10.285156 9.6640625 C 10.223156 9.5390625 9.737625 8.3065 9.515625 7.8125 C 9.328625 7.3975 9.131125 7.3878594 8.953125 7.3808594 C 8.808125 7.3748594 8.6425625 7.375 8.4765625 7.375 z\"><\/path><\/svg><span class=\"wp-block-social-link-label screen-reader-text\">WhatsApp<\/span><\/a><\/li><\/ul>\n<\/div>\n<\/div>\n\n\n\n<hr class=\"wp-block-separator has-alpha-channel-opacity\"\/>\n","protected":false},"excerpt":{"rendered":"<p>Sele\u00e7\u00e3o de Solu\u00e7\u00f5es Inovadoras, que contribuam para o desenvolvimento sustent\u00e1vel, econ\u00f4mico e social da cidade de Passo Fundo, a seremtestadas em ambiente regulat\u00f3rio experimental no \u00e2mbito do Programa Sandbox Passo Fundo. Editais [&hellip;]<\/p>\n","protected":false},"author":4,"featured_media":0,"parent":0,"menu_order":0,"comment_status":"closed","ping_status":"closed","template":"","meta":{"footnotes":""},"class_list":["post-223","page","type-page","status-publish","hentry"],"yoast_head":"<!-- This site is optimized with the Yoast SEO plugin v23.8 - https:\/\/yoast.com\/wordpress\/plugins\/seo\/ -->\n<title>Editais do Programa Sandbox Passo Fundo - Secretaria de Inova\u00e7\u00e3o<\/title>\n<meta name=\"robots\" content=\"index, follow, max-snippet:-1, max-image-preview:large, max-video-preview:-1\" \/>\n<link rel=\"canonical\" href=\"https:\/\/www.pmpf.rs.gov.br\/inovacao\/sandbox\/\" \/>\n<meta property=\"og:locale\" content=\"pt_BR\" \/>\n<meta property=\"og:type\" content=\"article\" \/>\n<meta property=\"og:title\" content=\"Editais do Programa Sandbox Passo Fundo - Secretaria de Inova\u00e7\u00e3o\" \/>\n<meta property=\"og:description\" content=\"Sele\u00e7\u00e3o de Solu\u00e7\u00f5es Inovadoras, que contribuam para o desenvolvimento sustent\u00e1vel, econ\u00f4mico e social da cidade de Passo Fundo, a seremtestadas em ambiente regulat\u00f3rio experimental no \u00e2mbito do Programa Sandbox Passo Fundo. Editais [&hellip;]\" \/>\n<meta property=\"og:url\" content=\"https:\/\/www.pmpf.rs.gov.br\/inovacao\/sandbox\/\" \/>\n<meta property=\"og:site_name\" content=\"Secretaria de Inova\u00e7\u00e3o\" \/>\n<meta property=\"article:modified_time\" content=\"2025-11-14T18:59:19+00:00\" \/>\n<meta property=\"og:image\" content=\"https:\/\/www.pmpf.rs.gov.br\/inovacao\/wp-content\/uploads\/sites\/78\/2025\/10\/card-sandbox-2.jpg\" \/>\n\t<meta property=\"og:image:width\" content=\"576\" \/>\n\t<meta property=\"og:image:height\" content=\"718\" \/>\n\t<meta property=\"og:image:type\" content=\"image\/jpeg\" \/>\n<meta name=\"twitter:card\" content=\"summary_large_image\" \/>\n<script type=\"application\/ld+json\" class=\"yoast-schema-graph\">{\"@context\":\"https:\/\/schema.org\",\"@graph\":[{\"@type\":\"WebPage\",\"@id\":\"https:\/\/www.pmpf.rs.gov.br\/inovacao\/sandbox\/\",\"url\":\"https:\/\/www.pmpf.rs.gov.br\/inovacao\/sandbox\/\",\"name\":\"Editais do Programa Sandbox Passo Fundo - Secretaria de Inova\u00e7\u00e3o\",\"isPartOf\":{\"@id\":\"https:\/\/www.pmpf.rs.gov.br\/inovacao\/#website\"},\"primaryImageOfPage\":{\"@id\":\"https:\/\/www.pmpf.rs.gov.br\/inovacao\/sandbox\/#primaryimage\"},\"image\":{\"@id\":\"https:\/\/www.pmpf.rs.gov.br\/inovacao\/sandbox\/#primaryimage\"},\"thumbnailUrl\":\"https:\/\/www.pmpf.rs.gov.br\/inovacao\/wp-content\/uploads\/sites\/78\/2025\/10\/card-sandbox-2.jpg\",\"datePublished\":\"2025-07-04T19:43:10+00:00\",\"dateModified\":\"2025-11-14T18:59:19+00:00\",\"breadcrumb\":{\"@id\":\"https:\/\/www.pmpf.rs.gov.br\/inovacao\/sandbox\/#breadcrumb\"},\"inLanguage\":\"pt-BR\",\"potentialAction\":[{\"@type\":\"ReadAction\",\"target\":[\"https:\/\/www.pmpf.rs.gov.br\/inovacao\/sandbox\/\"]}]},{\"@type\":\"ImageObject\",\"inLanguage\":\"pt-BR\",\"@id\":\"https:\/\/www.pmpf.rs.gov.br\/inovacao\/sandbox\/#primaryimage\",\"url\":\"https:\/\/www.pmpf.rs.gov.br\/inovacao\/wp-content\/uploads\/sites\/78\/2025\/10\/card-sandbox-2.jpg\",\"contentUrl\":\"https:\/\/www.pmpf.rs.gov.br\/inovacao\/wp-content\/uploads\/sites\/78\/2025\/10\/card-sandbox-2.jpg\",\"width\":576,\"height\":718},{\"@type\":\"BreadcrumbList\",\"@id\":\"https:\/\/www.pmpf.rs.gov.br\/inovacao\/sandbox\/#breadcrumb\",\"itemListElement\":[{\"@type\":\"ListItem\",\"position\":1,\"name\":\"In\u00edcio\",\"item\":\"https:\/\/www.pmpf.rs.gov.br\/inovacao\/\"},{\"@type\":\"ListItem\",\"position\":2,\"name\":\"Editais do Programa Sandbox Passo Fundo\"}]},{\"@type\":\"WebSite\",\"@id\":\"https:\/\/www.pmpf.rs.gov.br\/inovacao\/#website\",\"url\":\"https:\/\/www.pmpf.rs.gov.br\/inovacao\/\",\"name\":\"Secretaria de Inova\u00e7\u00e3o\",\"description\":\"\",\"potentialAction\":[{\"@type\":\"SearchAction\",\"target\":{\"@type\":\"EntryPoint\",\"urlTemplate\":\"https:\/\/www.pmpf.rs.gov.br\/inovacao\/?s={search_term_string}\"},\"query-input\":{\"@type\":\"PropertyValueSpecification\",\"valueRequired\":true,\"valueName\":\"search_term_string\"}}],\"inLanguage\":\"pt-BR\"}]}<\/script>\n<!-- \/ Yoast SEO plugin. -->","yoast_head_json":{"title":"Editais do Programa Sandbox Passo Fundo - Secretaria de Inova\u00e7\u00e3o","robots":{"index":"index","follow":"follow","max-snippet":"max-snippet:-1","max-image-preview":"max-image-preview:large","max-video-preview":"max-video-preview:-1"},"canonical":"https:\/\/www.pmpf.rs.gov.br\/inovacao\/sandbox\/","og_locale":"pt_BR","og_type":"article","og_title":"Editais do Programa Sandbox Passo Fundo - Secretaria de Inova\u00e7\u00e3o","og_description":"Sele\u00e7\u00e3o de Solu\u00e7\u00f5es Inovadoras, que contribuam para o desenvolvimento sustent\u00e1vel, econ\u00f4mico e social da cidade de Passo Fundo, a seremtestadas em ambiente regulat\u00f3rio experimental no \u00e2mbito do Programa Sandbox Passo Fundo. Editais [&hellip;]","og_url":"https:\/\/www.pmpf.rs.gov.br\/inovacao\/sandbox\/","og_site_name":"Secretaria de Inova\u00e7\u00e3o","article_modified_time":"2025-11-14T18:59:19+00:00","og_image":[{"width":576,"height":718,"url":"https:\/\/www.pmpf.rs.gov.br\/inovacao\/wp-content\/uploads\/sites\/78\/2025\/10\/card-sandbox-2.jpg","type":"image\/jpeg"}],"twitter_card":"summary_large_image","schema":{"@context":"https:\/\/schema.org","@graph":[{"@type":"WebPage","@id":"https:\/\/www.pmpf.rs.gov.br\/inovacao\/sandbox\/","url":"https:\/\/www.pmpf.rs.gov.br\/inovacao\/sandbox\/","name":"Editais do Programa Sandbox Passo Fundo - Secretaria de Inova\u00e7\u00e3o","isPartOf":{"@id":"https:\/\/www.pmpf.rs.gov.br\/inovacao\/#website"},"primaryImageOfPage":{"@id":"https:\/\/www.pmpf.rs.gov.br\/inovacao\/sandbox\/#primaryimage"},"image":{"@id":"https:\/\/www.pmpf.rs.gov.br\/inovacao\/sandbox\/#primaryimage"},"thumbnailUrl":"https:\/\/www.pmpf.rs.gov.br\/inovacao\/wp-content\/uploads\/sites\/78\/2025\/10\/card-sandbox-2.jpg","datePublished":"2025-07-04T19:43:10+00:00","dateModified":"2025-11-14T18:59:19+00:00","breadcrumb":{"@id":"https:\/\/www.pmpf.rs.gov.br\/inovacao\/sandbox\/#breadcrumb"},"inLanguage":"pt-BR","potentialAction":[{"@type":"ReadAction","target":["https:\/\/www.pmpf.rs.gov.br\/inovacao\/sandbox\/"]}]},{"@type":"ImageObject","inLanguage":"pt-BR","@id":"https:\/\/www.pmpf.rs.gov.br\/inovacao\/sandbox\/#primaryimage","url":"https:\/\/www.pmpf.rs.gov.br\/inovacao\/wp-content\/uploads\/sites\/78\/2025\/10\/card-sandbox-2.jpg","contentUrl":"https:\/\/www.pmpf.rs.gov.br\/inovacao\/wp-content\/uploads\/sites\/78\/2025\/10\/card-sandbox-2.jpg","width":576,"height":718},{"@type":"BreadcrumbList","@id":"https:\/\/www.pmpf.rs.gov.br\/inovacao\/sandbox\/#breadcrumb","itemListElement":[{"@type":"ListItem","position":1,"name":"In\u00edcio","item":"https:\/\/www.pmpf.rs.gov.br\/inovacao\/"},{"@type":"ListItem","position":2,"name":"Editais do Programa Sandbox Passo Fundo"}]},{"@type":"WebSite","@id":"https:\/\/www.pmpf.rs.gov.br\/inovacao\/#website","url":"https:\/\/www.pmpf.rs.gov.br\/inovacao\/","name":"Secretaria de Inova\u00e7\u00e3o","description":"","potentialAction":[{"@type":"SearchAction","target":{"@type":"EntryPoint","urlTemplate":"https:\/\/www.pmpf.rs.gov.br\/inovacao\/?s={search_term_string}"},"query-input":{"@type":"PropertyValueSpecification","valueRequired":true,"valueName":"search_term_string"}}],"inLanguage":"pt-BR"}]}},"_links":{"self":[{"href":"https:\/\/www.pmpf.rs.gov.br\/inovacao\/wp-json\/wp\/v2\/pages\/223"}],"collection":[{"href":"https:\/\/www.pmpf.rs.gov.br\/inovacao\/wp-json\/wp\/v2\/pages"}],"about":[{"href":"https:\/\/www.pmpf.rs.gov.br\/inovacao\/wp-json\/wp\/v2\/types\/page"}],"author":[{"embeddable":true,"href":"https:\/\/www.pmpf.rs.gov.br\/inovacao\/wp-json\/wp\/v2\/users\/4"}],"replies":[{"embeddable":true,"href":"https:\/\/www.pmpf.rs.gov.br\/inovacao\/wp-json\/wp\/v2\/comments?post=223"}],"version-history":[{"count":73,"href":"https:\/\/www.pmpf.rs.gov.br\/inovacao\/wp-json\/wp\/v2\/pages\/223\/revisions"}],"predecessor-version":[{"id":439,"href":"https:\/\/www.pmpf.rs.gov.br\/inovacao\/wp-json\/wp\/v2\/pages\/223\/revisions\/439"}],"wp:attachment":[{"href":"https:\/\/www.pmpf.rs.gov.br\/inovacao\/wp-json\/wp\/v2\/media?parent=223"}],"curies":[{"name":"wp","href":"https:\/\/api.w.org\/{rel}","templated":true}]}}