{"id":68,"date":"2021-12-21T17:19:46","date_gmt":"2021-12-21T20:19:46","guid":{"rendered":"https:\/\/www.pmpf.rs.gov.br\/financas\/?page_id=68"},"modified":"2025-11-14T09:47:30","modified_gmt":"2025-11-14T12:47:30","slug":"imposto-sobre-transmissao-de-bens-imoveis-por-ato-oneroso-inter-vivos","status":"publish","type":"page","link":"https:\/\/www.pmpf.rs.gov.br\/financas\/imposto-sobre-transmissao-de-bens-imoveis-por-ato-oneroso-inter-vivos\/","title":{"rendered":"ITBI"},"content":{"rendered":"\n<h2 class=\"wp-block-heading has-black-color has-text-color has-link-color wp-elements-08b642cb6d63eb6e6698bcb1a0c8b8b5\">Imposto sobre transmiss\u00e3o de Bens Im\u00f3veis por Ato Oneroso &#8216;inter-vivos&#8217;<\/h2>\n\n\n\n<p>\u00c9 o imposto incidente sobre as transmiss\u00f5es de im\u00f3veis ou direitos a ele relativos, \u201cinter-vivos\u201d por ato oneroso. Se a transmiss\u00e3o for gratuita (doa\u00e7\u00e3o ou heran\u00e7a) n\u00e3o incide o ITBI, neste caso o imposto a ser recolhido \u00e9 o ITCD, de compet\u00eancia do Estado.<\/p>\n\n\n\n<p>Em outros casos \u00e9 o adquirente do im\u00f3vel transacionado, \u00e9 o valor venal do im\u00f3vel apurado mediante estimativa fiscal pelo agente da fazenda municipal na data da emiss\u00e3o da guia, levando em considera\u00e7\u00e3o o valor informado pelos transacionantes, o valor venal do IPTU e o valor de oferta do im\u00f3vel no mercado imobili\u00e1rio.<\/p>\n\n\n\n<p>A al\u00edquota do ITBI em Passo Fundo \u00e9 de 2% para todos as transa\u00e7\u00f5es.<\/p>\n\n\n\n<p>A guia do ITBI deve ser preenchida no tabelionato onde se dar\u00e1 a escritura\u00e7\u00e3o do im\u00f3vel e posteriormente encaminhada a Secretaria de Finan\u00e7as para avalia\u00e7\u00e3o e emiss\u00e3o do boleto de pagamento. O boleto pode ser pago na rede banc\u00e1ria ou lot\u00e9ricas credenciadas, a exemplo dos demais tributos.<\/p>\n\n\n\n<p>O ITBI \u00e9 emitido para pagamento em parcela \u00fanica, sendo que a avalia\u00e7\u00e3o e a guia de pagamento tem validade de 30 dias.<\/p>\n\n\n\n<p>Para maiores informa\u00e7\u00f5es, entre em contato no telefone (54) 3311-4222 ou pelo e-mail itbi@pmpf.rs.gov.br.<\/p>\n","protected":false},"excerpt":{"rendered":"<p>Imposto sobre transmiss\u00e3o de Bens Im\u00f3veis por Ato Oneroso &#8216;inter-vivos&#8217; \u00c9 o imposto incidente sobre as transmiss\u00f5es de im\u00f3veis ou direitos a ele relativos, \u201cinter-vivos\u201d por ato oneroso. Se a transmiss\u00e3o for [&hellip;]<\/p>\n","protected":false},"author":1,"featured_media":0,"parent":0,"menu_order":0,"comment_status":"closed","ping_status":"closed","template":"","meta":{"footnotes":""},"class_list":["post-68","page","type-page","status-publish","hentry"],"yoast_head":"<!-- This site is optimized with the Yoast SEO plugin v23.8 - https:\/\/yoast.com\/wordpress\/plugins\/seo\/ -->\n<title>ITBI - Finan\u00e7as<\/title>\n<meta name=\"robots\" content=\"index, follow, max-snippet:-1, max-image-preview:large, max-video-preview:-1\" \/>\n<link rel=\"canonical\" href=\"https:\/\/www.pmpf.rs.gov.br\/financas\/imposto-sobre-transmissao-de-bens-imoveis-por-ato-oneroso-inter-vivos\/\" \/>\n<meta property=\"og:locale\" content=\"pt_BR\" \/>\n<meta property=\"og:type\" content=\"article\" \/>\n<meta property=\"og:title\" content=\"ITBI - Finan\u00e7as\" \/>\n<meta property=\"og:description\" content=\"Imposto sobre transmiss\u00e3o de Bens Im\u00f3veis por Ato Oneroso &#8216;inter-vivos&#8217; \u00c9 o imposto incidente sobre as transmiss\u00f5es de im\u00f3veis ou direitos a ele relativos, \u201cinter-vivos\u201d por ato oneroso. Se a transmiss\u00e3o for [&hellip;]\" \/>\n<meta property=\"og:url\" content=\"https:\/\/www.pmpf.rs.gov.br\/financas\/imposto-sobre-transmissao-de-bens-imoveis-por-ato-oneroso-inter-vivos\/\" \/>\n<meta property=\"og:site_name\" content=\"Finan\u00e7as\" \/>\n<meta property=\"article:modified_time\" content=\"2025-11-14T12:47:30+00:00\" \/>\n<meta name=\"twitter:card\" content=\"summary_large_image\" \/>\n<meta name=\"twitter:label1\" content=\"Est. tempo de leitura\" \/>\n\t<meta name=\"twitter:data1\" content=\"2 minutos\" \/>\n<script type=\"application\/ld+json\" class=\"yoast-schema-graph\">{\"@context\":\"https:\/\/schema.org\",\"@graph\":[{\"@type\":\"WebPage\",\"@id\":\"https:\/\/www.pmpf.rs.gov.br\/financas\/imposto-sobre-transmissao-de-bens-imoveis-por-ato-oneroso-inter-vivos\/\",\"url\":\"https:\/\/www.pmpf.rs.gov.br\/financas\/imposto-sobre-transmissao-de-bens-imoveis-por-ato-oneroso-inter-vivos\/\",\"name\":\"ITBI - Finan\u00e7as\",\"isPartOf\":{\"@id\":\"https:\/\/www.pmpf.rs.gov.br\/financas\/#website\"},\"datePublished\":\"2021-12-21T20:19:46+00:00\",\"dateModified\":\"2025-11-14T12:47:30+00:00\",\"inLanguage\":\"pt-BR\",\"potentialAction\":[{\"@type\":\"ReadAction\",\"target\":[\"https:\/\/www.pmpf.rs.gov.br\/financas\/imposto-sobre-transmissao-de-bens-imoveis-por-ato-oneroso-inter-vivos\/\"]}]},{\"@type\":\"WebSite\",\"@id\":\"https:\/\/www.pmpf.rs.gov.br\/financas\/#website\",\"url\":\"https:\/\/www.pmpf.rs.gov.br\/financas\/\",\"name\":\"Finan\u00e7as\",\"description\":\"S\u00f3 mais um site Prefeitura de Passo Fundo\",\"potentialAction\":[{\"@type\":\"SearchAction\",\"target\":{\"@type\":\"EntryPoint\",\"urlTemplate\":\"https:\/\/www.pmpf.rs.gov.br\/financas\/?s={search_term_string}\"},\"query-input\":{\"@type\":\"PropertyValueSpecification\",\"valueRequired\":true,\"valueName\":\"search_term_string\"}}],\"inLanguage\":\"pt-BR\"}]}<\/script>\n<!-- \/ Yoast SEO plugin. -->","yoast_head_json":{"title":"ITBI - Finan\u00e7as","robots":{"index":"index","follow":"follow","max-snippet":"max-snippet:-1","max-image-preview":"max-image-preview:large","max-video-preview":"max-video-preview:-1"},"canonical":"https:\/\/www.pmpf.rs.gov.br\/financas\/imposto-sobre-transmissao-de-bens-imoveis-por-ato-oneroso-inter-vivos\/","og_locale":"pt_BR","og_type":"article","og_title":"ITBI - Finan\u00e7as","og_description":"Imposto sobre transmiss\u00e3o de Bens Im\u00f3veis por Ato Oneroso &#8216;inter-vivos&#8217; \u00c9 o imposto incidente sobre as transmiss\u00f5es de im\u00f3veis ou direitos a ele relativos, \u201cinter-vivos\u201d por ato oneroso. Se a transmiss\u00e3o for [&hellip;]","og_url":"https:\/\/www.pmpf.rs.gov.br\/financas\/imposto-sobre-transmissao-de-bens-imoveis-por-ato-oneroso-inter-vivos\/","og_site_name":"Finan\u00e7as","article_modified_time":"2025-11-14T12:47:30+00:00","twitter_card":"summary_large_image","twitter_misc":{"Est. tempo de leitura":"2 minutos"},"schema":{"@context":"https:\/\/schema.org","@graph":[{"@type":"WebPage","@id":"https:\/\/www.pmpf.rs.gov.br\/financas\/imposto-sobre-transmissao-de-bens-imoveis-por-ato-oneroso-inter-vivos\/","url":"https:\/\/www.pmpf.rs.gov.br\/financas\/imposto-sobre-transmissao-de-bens-imoveis-por-ato-oneroso-inter-vivos\/","name":"ITBI - Finan\u00e7as","isPartOf":{"@id":"https:\/\/www.pmpf.rs.gov.br\/financas\/#website"},"datePublished":"2021-12-21T20:19:46+00:00","dateModified":"2025-11-14T12:47:30+00:00","inLanguage":"pt-BR","potentialAction":[{"@type":"ReadAction","target":["https:\/\/www.pmpf.rs.gov.br\/financas\/imposto-sobre-transmissao-de-bens-imoveis-por-ato-oneroso-inter-vivos\/"]}]},{"@type":"WebSite","@id":"https:\/\/www.pmpf.rs.gov.br\/financas\/#website","url":"https:\/\/www.pmpf.rs.gov.br\/financas\/","name":"Finan\u00e7as","description":"S\u00f3 mais um site Prefeitura de Passo Fundo","potentialAction":[{"@type":"SearchAction","target":{"@type":"EntryPoint","urlTemplate":"https:\/\/www.pmpf.rs.gov.br\/financas\/?s={search_term_string}"},"query-input":{"@type":"PropertyValueSpecification","valueRequired":true,"valueName":"search_term_string"}}],"inLanguage":"pt-BR"}]}},"_links":{"self":[{"href":"https:\/\/www.pmpf.rs.gov.br\/financas\/wp-json\/wp\/v2\/pages\/68"}],"collection":[{"href":"https:\/\/www.pmpf.rs.gov.br\/financas\/wp-json\/wp\/v2\/pages"}],"about":[{"href":"https:\/\/www.pmpf.rs.gov.br\/financas\/wp-json\/wp\/v2\/types\/page"}],"author":[{"embeddable":true,"href":"https:\/\/www.pmpf.rs.gov.br\/financas\/wp-json\/wp\/v2\/users\/1"}],"replies":[{"embeddable":true,"href":"https:\/\/www.pmpf.rs.gov.br\/financas\/wp-json\/wp\/v2\/comments?post=68"}],"version-history":[{"count":5,"href":"https:\/\/www.pmpf.rs.gov.br\/financas\/wp-json\/wp\/v2\/pages\/68\/revisions"}],"predecessor-version":[{"id":1324,"href":"https:\/\/www.pmpf.rs.gov.br\/financas\/wp-json\/wp\/v2\/pages\/68\/revisions\/1324"}],"wp:attachment":[{"href":"https:\/\/www.pmpf.rs.gov.br\/financas\/wp-json\/wp\/v2\/media?parent=68"}],"curies":[{"name":"wp","href":"https:\/\/api.w.org\/{rel}","templated":true}]}}