{"id":66,"date":"2021-12-21T17:19:08","date_gmt":"2021-12-21T20:19:08","guid":{"rendered":"https:\/\/www.pmpf.rs.gov.br\/financas\/?page_id=66"},"modified":"2024-02-19T16:48:05","modified_gmt":"2024-02-19T19:48:05","slug":"imposto-sobre-servicos-de-qualquer-natureza","status":"publish","type":"page","link":"https:\/\/www.pmpf.rs.gov.br\/financas\/imposto-sobre-servicos-de-qualquer-natureza\/","title":{"rendered":"ISS"},"content":{"rendered":"\n<h2 class=\"wp-block-heading\"><em>Imposto Sobre Servi\u00e7os de Qualquer Natureza<\/em><\/h2>\n\n\n\n<p>O ISSQN&nbsp; deve ser pago por todos os prestadores de servi\u00e7os, sejam aut\u00f4nomos ou empresas, de acordo com sua atividade.<\/p>\n\n\n\n<p>O ISSQN vari\u00e1vel \u00e9 devido pelos prestadores de servi\u00e7os e o valor a ser pago \u00e9 um percentual sobre a receita mensal. Esse valor, excepcionalmente, pode ser fixado por estimativa, considerando-se a prov\u00e1vel receita do contribuinte.<\/p>\n\n\n\n<p>O ISSQN poder\u00e1 ser recolhido atrav\u00e9s da guia emitida pela Prefeitura no ato de inscri\u00e7\u00e3o, e anualmente no m\u00eas de janeiro.<\/p>\n\n\n\n<p>Os Tributos Municipais podem ser pagos no banco Banrisul, Banco do Brasil, Caixa Econ\u00f4mica Federal e Casas Lot\u00e9ricas.<\/p>\n\n\n\n<p><em><strong>ISSQN &#8211; Constru\u00e7\u00e3o Civil<\/strong><\/em><br>O ISSQN tamb\u00e9m deve ser pago por prestadores de servi\u00e7o em obras, seja por execu\u00e7\u00e3o, administra\u00e7\u00e3o, empreitada ou sub-empreitada de constru\u00e7\u00e3o civil de obras hidr\u00e1ulicas e outras obras semelhantes, engenharia consultiva (elabora\u00e7\u00e3o de projetos, elabora\u00e7\u00e3o de planos diretores, fiscaliza\u00e7\u00e3o e supervis\u00e3o de obras e servi\u00e7os de engenharia), bem como demoli\u00e7\u00e3o, repara\u00e7\u00e3o, conserva\u00e7\u00e3o e reforma de pr\u00e9dios e edif\u00edcios.<\/p>\n\n\n\n<p>Pagam o ISSQN constru\u00e7\u00e3o civil tanto os profissionais aut\u00f4nomos como as pessoas jur\u00eddicas, de acordo com a atividade.<\/p>\n\n\n\n<p>Caso n\u00e3o ocorra recolhimento do imposto referente \u00e0 constru\u00e7\u00e3o pelo prestador do servi\u00e7o, o propriet\u00e1rio do im\u00f3vel, o dono da obra e o empreiteiro respondem solidariamente.<\/p>\n\n\n\n<p>O propriet\u00e1rio da obra \u00e9 obrigado a inscrever-se no Cadastro Especial da Constru\u00e7\u00e3o Civil (CECC). A inscri\u00e7\u00e3o deve ser feita no pedido de licenciamento da obra e, a aprova\u00e7\u00e3o do projeto depender\u00e1 desta inscri\u00e7\u00e3o.&nbsp; O pagamento do ISSQN constru\u00e7\u00e3o civil \u00e9 indispens\u00e1vel para que haja a libera\u00e7\u00e3o do habite-se.<\/p>\n\n\n\n<div class=\"wp-block-buttons is-layout-flex wp-block-buttons-is-layout-flex\"><\/div>\n\n\n\n<hr class=\"wp-block-separator has-alpha-channel-opacity\"\/>\n","protected":false},"excerpt":{"rendered":"<p>Imposto Sobre Servi\u00e7os de Qualquer Natureza O ISSQN&nbsp; deve ser pago por todos os prestadores de servi\u00e7os, sejam aut\u00f4nomos ou empresas, de acordo com sua atividade. O ISSQN vari\u00e1vel \u00e9 devido pelos [&hellip;]<\/p>\n","protected":false},"author":1,"featured_media":0,"parent":0,"menu_order":0,"comment_status":"closed","ping_status":"closed","template":"","meta":{"footnotes":""},"class_list":["post-66","page","type-page","status-publish","hentry"],"yoast_head":"<!-- This site is optimized with the Yoast SEO plugin v23.8 - https:\/\/yoast.com\/wordpress\/plugins\/seo\/ -->\n<title>ISS - Finan\u00e7as<\/title>\n<meta name=\"robots\" content=\"index, follow, max-snippet:-1, max-image-preview:large, max-video-preview:-1\" \/>\n<link rel=\"canonical\" href=\"https:\/\/www.pmpf.rs.gov.br\/financas\/imposto-sobre-servicos-de-qualquer-natureza\/\" \/>\n<meta property=\"og:locale\" content=\"pt_BR\" \/>\n<meta property=\"og:type\" content=\"article\" \/>\n<meta property=\"og:title\" content=\"ISS - Finan\u00e7as\" \/>\n<meta property=\"og:description\" content=\"Imposto Sobre Servi\u00e7os de Qualquer Natureza O ISSQN&nbsp; deve ser pago por todos os prestadores de servi\u00e7os, sejam aut\u00f4nomos ou empresas, de acordo com sua atividade. O ISSQN vari\u00e1vel \u00e9 devido pelos [&hellip;]\" \/>\n<meta property=\"og:url\" content=\"https:\/\/www.pmpf.rs.gov.br\/financas\/imposto-sobre-servicos-de-qualquer-natureza\/\" \/>\n<meta property=\"og:site_name\" content=\"Finan\u00e7as\" \/>\n<meta property=\"article:modified_time\" content=\"2024-02-19T19:48:05+00:00\" \/>\n<meta name=\"twitter:card\" content=\"summary_large_image\" \/>\n<meta name=\"twitter:label1\" content=\"Est. tempo de leitura\" \/>\n\t<meta name=\"twitter:data1\" content=\"2 minutos\" \/>\n<script type=\"application\/ld+json\" class=\"yoast-schema-graph\">{\"@context\":\"https:\/\/schema.org\",\"@graph\":[{\"@type\":\"WebPage\",\"@id\":\"https:\/\/www.pmpf.rs.gov.br\/financas\/imposto-sobre-servicos-de-qualquer-natureza\/\",\"url\":\"https:\/\/www.pmpf.rs.gov.br\/financas\/imposto-sobre-servicos-de-qualquer-natureza\/\",\"name\":\"ISS - Finan\u00e7as\",\"isPartOf\":{\"@id\":\"https:\/\/www.pmpf.rs.gov.br\/financas\/#website\"},\"datePublished\":\"2021-12-21T20:19:08+00:00\",\"dateModified\":\"2024-02-19T19:48:05+00:00\",\"inLanguage\":\"pt-BR\",\"potentialAction\":[{\"@type\":\"ReadAction\",\"target\":[\"https:\/\/www.pmpf.rs.gov.br\/financas\/imposto-sobre-servicos-de-qualquer-natureza\/\"]}]},{\"@type\":\"WebSite\",\"@id\":\"https:\/\/www.pmpf.rs.gov.br\/financas\/#website\",\"url\":\"https:\/\/www.pmpf.rs.gov.br\/financas\/\",\"name\":\"Finan\u00e7as\",\"description\":\"S\u00f3 mais um site Prefeitura de Passo Fundo\",\"potentialAction\":[{\"@type\":\"SearchAction\",\"target\":{\"@type\":\"EntryPoint\",\"urlTemplate\":\"https:\/\/www.pmpf.rs.gov.br\/financas\/?s={search_term_string}\"},\"query-input\":{\"@type\":\"PropertyValueSpecification\",\"valueRequired\":true,\"valueName\":\"search_term_string\"}}],\"inLanguage\":\"pt-BR\"}]}<\/script>\n<!-- \/ Yoast SEO plugin. -->","yoast_head_json":{"title":"ISS - Finan\u00e7as","robots":{"index":"index","follow":"follow","max-snippet":"max-snippet:-1","max-image-preview":"max-image-preview:large","max-video-preview":"max-video-preview:-1"},"canonical":"https:\/\/www.pmpf.rs.gov.br\/financas\/imposto-sobre-servicos-de-qualquer-natureza\/","og_locale":"pt_BR","og_type":"article","og_title":"ISS - Finan\u00e7as","og_description":"Imposto Sobre Servi\u00e7os de Qualquer Natureza O ISSQN&nbsp; deve ser pago por todos os prestadores de servi\u00e7os, sejam aut\u00f4nomos ou empresas, de acordo com sua atividade. O ISSQN vari\u00e1vel \u00e9 devido pelos [&hellip;]","og_url":"https:\/\/www.pmpf.rs.gov.br\/financas\/imposto-sobre-servicos-de-qualquer-natureza\/","og_site_name":"Finan\u00e7as","article_modified_time":"2024-02-19T19:48:05+00:00","twitter_card":"summary_large_image","twitter_misc":{"Est. tempo de leitura":"2 minutos"},"schema":{"@context":"https:\/\/schema.org","@graph":[{"@type":"WebPage","@id":"https:\/\/www.pmpf.rs.gov.br\/financas\/imposto-sobre-servicos-de-qualquer-natureza\/","url":"https:\/\/www.pmpf.rs.gov.br\/financas\/imposto-sobre-servicos-de-qualquer-natureza\/","name":"ISS - Finan\u00e7as","isPartOf":{"@id":"https:\/\/www.pmpf.rs.gov.br\/financas\/#website"},"datePublished":"2021-12-21T20:19:08+00:00","dateModified":"2024-02-19T19:48:05+00:00","inLanguage":"pt-BR","potentialAction":[{"@type":"ReadAction","target":["https:\/\/www.pmpf.rs.gov.br\/financas\/imposto-sobre-servicos-de-qualquer-natureza\/"]}]},{"@type":"WebSite","@id":"https:\/\/www.pmpf.rs.gov.br\/financas\/#website","url":"https:\/\/www.pmpf.rs.gov.br\/financas\/","name":"Finan\u00e7as","description":"S\u00f3 mais um site Prefeitura de Passo Fundo","potentialAction":[{"@type":"SearchAction","target":{"@type":"EntryPoint","urlTemplate":"https:\/\/www.pmpf.rs.gov.br\/financas\/?s={search_term_string}"},"query-input":{"@type":"PropertyValueSpecification","valueRequired":true,"valueName":"search_term_string"}}],"inLanguage":"pt-BR"}]}},"_links":{"self":[{"href":"https:\/\/www.pmpf.rs.gov.br\/financas\/wp-json\/wp\/v2\/pages\/66"}],"collection":[{"href":"https:\/\/www.pmpf.rs.gov.br\/financas\/wp-json\/wp\/v2\/pages"}],"about":[{"href":"https:\/\/www.pmpf.rs.gov.br\/financas\/wp-json\/wp\/v2\/types\/page"}],"author":[{"embeddable":true,"href":"https:\/\/www.pmpf.rs.gov.br\/financas\/wp-json\/wp\/v2\/users\/1"}],"replies":[{"embeddable":true,"href":"https:\/\/www.pmpf.rs.gov.br\/financas\/wp-json\/wp\/v2\/comments?post=66"}],"version-history":[{"count":5,"href":"https:\/\/www.pmpf.rs.gov.br\/financas\/wp-json\/wp\/v2\/pages\/66\/revisions"}],"predecessor-version":[{"id":1173,"href":"https:\/\/www.pmpf.rs.gov.br\/financas\/wp-json\/wp\/v2\/pages\/66\/revisions\/1173"}],"wp:attachment":[{"href":"https:\/\/www.pmpf.rs.gov.br\/financas\/wp-json\/wp\/v2\/media?parent=66"}],"curies":[{"name":"wp","href":"https:\/\/api.w.org\/{rel}","templated":true}]}}