{"id":62,"date":"2021-12-21T17:17:47","date_gmt":"2021-12-21T20:17:47","guid":{"rendered":"https:\/\/www.pmpf.rs.gov.br\/financas\/?page_id=62"},"modified":"2021-12-21T17:17:47","modified_gmt":"2021-12-21T20:17:47","slug":"divida-ativa","status":"publish","type":"page","link":"https:\/\/www.pmpf.rs.gov.br\/financas\/divida-ativa\/","title":{"rendered":"D\u00edvida Ativa"},"content":{"rendered":"\n<p>A D\u00edvida ativa se refere a tributos municipais vencidos e n\u00e3o pagos. Transcorrido o prazo para pagamento, em 60 (sessenta) dias, a municipalidade pode inscrever o tributo em d\u00edvida, para cobran\u00e7a.<\/p>\n\n\n\n<p>A d\u00edvida ativa engloba tributos como o IPTU, ISSQN, alvar\u00e1, contribui\u00e7\u00e3o de melhoria (pavimenta\u00e7\u00e3o), multas, notifica\u00e7\u00f5es de lan\u00e7amento, taxas, etc.Obs: a inscri\u00e7\u00e3o do d\u00e9bito em d\u00edvida ativa implica em:<\/p>\n\n\n\n<p>Cobran\u00e7a de juros de 0,5% ao m\u00eas<\/p>\n\n\n\n<p>Cobran\u00e7a de multa, conforme segue:<br>At\u00e9 30 dias &#8211; 2%<br>De 31 a 60 dias &#8211; 4%<br>De 61 a 90 dias &#8211; 6%<br>De 91 a 120 dias &#8211; 8%<br>Mais de 120 dias &#8211; 10%<\/p>\n\n\n\n<p>Corre\u00e7\u00e3o do valor original pela varia\u00e7\u00e3o da UFM<br>ATEN\u00c7\u00c3O: Ap\u00f3s a inscri\u00e7\u00e3o do d\u00e9bito em d\u00edvida ativa, este poder\u00e1 ser cobrado judicialmente.<\/p>\n\n\n\n<p>Parcelamento de d\u00e9bitos em d\u00edvida ativa<br>O n\u00famero m\u00e1ximo de parcelas \u00e9 de 36 vezes, sendo que para parcelar em mais de 15 vezes \u00e9 necess\u00e1rio o deferimento do secret\u00e1rio municipal da fazenda.<br>O valor m\u00ednimo de cada parcela n\u00e3o pode ser inferior a 16 UFMs.<br>O parcelamento da d\u00edvida ativa somente pode ser feito pelo pr\u00f3prio devedor, ou pessoa autorizada por meio de procura\u00e7\u00e3o.<br>A d\u00edvida ativa s\u00f3 pode ser parcelada duas vezes (parcelamento e reparcelamento). Ap\u00f3s isso, se o d\u00e9bito persistir, somente poder\u00e1 ser pago em parcela \u00fanica.<\/p>\n","protected":false},"excerpt":{"rendered":"<p>A D\u00edvida ativa se refere a tributos municipais vencidos e n\u00e3o pagos. Transcorrido o prazo para pagamento, em 60 (sessenta) dias, a municipalidade pode inscrever o tributo em d\u00edvida, para cobran\u00e7a. A [&hellip;]<\/p>\n","protected":false},"author":1,"featured_media":0,"parent":0,"menu_order":0,"comment_status":"closed","ping_status":"closed","template":"","meta":{"footnotes":""},"class_list":["post-62","page","type-page","status-publish","hentry"],"yoast_head":"<!-- This site is optimized with the Yoast SEO plugin v23.8 - https:\/\/yoast.com\/wordpress\/plugins\/seo\/ -->\n<title>D\u00edvida Ativa - Finan\u00e7as<\/title>\n<meta name=\"robots\" content=\"index, follow, max-snippet:-1, max-image-preview:large, max-video-preview:-1\" \/>\n<link rel=\"canonical\" href=\"https:\/\/www.pmpf.rs.gov.br\/financas\/divida-ativa\/\" \/>\n<meta property=\"og:locale\" content=\"pt_BR\" \/>\n<meta property=\"og:type\" content=\"article\" \/>\n<meta property=\"og:title\" content=\"D\u00edvida Ativa - Finan\u00e7as\" \/>\n<meta property=\"og:description\" content=\"A D\u00edvida ativa se refere a tributos municipais vencidos e n\u00e3o pagos. Transcorrido o prazo para pagamento, em 60 (sessenta) dias, a municipalidade pode inscrever o tributo em d\u00edvida, para cobran\u00e7a. A [&hellip;]\" \/>\n<meta property=\"og:url\" content=\"https:\/\/www.pmpf.rs.gov.br\/financas\/divida-ativa\/\" \/>\n<meta property=\"og:site_name\" content=\"Finan\u00e7as\" \/>\n<meta name=\"twitter:card\" content=\"summary_large_image\" \/>\n<meta name=\"twitter:label1\" content=\"Est. tempo de leitura\" \/>\n\t<meta name=\"twitter:data1\" content=\"2 minutos\" \/>\n<script type=\"application\/ld+json\" class=\"yoast-schema-graph\">{\"@context\":\"https:\/\/schema.org\",\"@graph\":[{\"@type\":\"WebPage\",\"@id\":\"https:\/\/www.pmpf.rs.gov.br\/financas\/divida-ativa\/\",\"url\":\"https:\/\/www.pmpf.rs.gov.br\/financas\/divida-ativa\/\",\"name\":\"D\u00edvida Ativa - Finan\u00e7as\",\"isPartOf\":{\"@id\":\"https:\/\/www.pmpf.rs.gov.br\/financas\/#website\"},\"datePublished\":\"2021-12-21T20:17:47+00:00\",\"dateModified\":\"2021-12-21T20:17:47+00:00\",\"inLanguage\":\"pt-BR\",\"potentialAction\":[{\"@type\":\"ReadAction\",\"target\":[\"https:\/\/www.pmpf.rs.gov.br\/financas\/divida-ativa\/\"]}]},{\"@type\":\"WebSite\",\"@id\":\"https:\/\/www.pmpf.rs.gov.br\/financas\/#website\",\"url\":\"https:\/\/www.pmpf.rs.gov.br\/financas\/\",\"name\":\"Finan\u00e7as\",\"description\":\"S\u00f3 mais um site Prefeitura de Passo Fundo\",\"potentialAction\":[{\"@type\":\"SearchAction\",\"target\":{\"@type\":\"EntryPoint\",\"urlTemplate\":\"https:\/\/www.pmpf.rs.gov.br\/financas\/?s={search_term_string}\"},\"query-input\":{\"@type\":\"PropertyValueSpecification\",\"valueRequired\":true,\"valueName\":\"search_term_string\"}}],\"inLanguage\":\"pt-BR\"}]}<\/script>\n<!-- \/ Yoast SEO plugin. -->","yoast_head_json":{"title":"D\u00edvida Ativa - Finan\u00e7as","robots":{"index":"index","follow":"follow","max-snippet":"max-snippet:-1","max-image-preview":"max-image-preview:large","max-video-preview":"max-video-preview:-1"},"canonical":"https:\/\/www.pmpf.rs.gov.br\/financas\/divida-ativa\/","og_locale":"pt_BR","og_type":"article","og_title":"D\u00edvida Ativa - Finan\u00e7as","og_description":"A D\u00edvida ativa se refere a tributos municipais vencidos e n\u00e3o pagos. Transcorrido o prazo para pagamento, em 60 (sessenta) dias, a municipalidade pode inscrever o tributo em d\u00edvida, para cobran\u00e7a. A [&hellip;]","og_url":"https:\/\/www.pmpf.rs.gov.br\/financas\/divida-ativa\/","og_site_name":"Finan\u00e7as","twitter_card":"summary_large_image","twitter_misc":{"Est. tempo de leitura":"2 minutos"},"schema":{"@context":"https:\/\/schema.org","@graph":[{"@type":"WebPage","@id":"https:\/\/www.pmpf.rs.gov.br\/financas\/divida-ativa\/","url":"https:\/\/www.pmpf.rs.gov.br\/financas\/divida-ativa\/","name":"D\u00edvida Ativa - Finan\u00e7as","isPartOf":{"@id":"https:\/\/www.pmpf.rs.gov.br\/financas\/#website"},"datePublished":"2021-12-21T20:17:47+00:00","dateModified":"2021-12-21T20:17:47+00:00","inLanguage":"pt-BR","potentialAction":[{"@type":"ReadAction","target":["https:\/\/www.pmpf.rs.gov.br\/financas\/divida-ativa\/"]}]},{"@type":"WebSite","@id":"https:\/\/www.pmpf.rs.gov.br\/financas\/#website","url":"https:\/\/www.pmpf.rs.gov.br\/financas\/","name":"Finan\u00e7as","description":"S\u00f3 mais um site Prefeitura de Passo Fundo","potentialAction":[{"@type":"SearchAction","target":{"@type":"EntryPoint","urlTemplate":"https:\/\/www.pmpf.rs.gov.br\/financas\/?s={search_term_string}"},"query-input":{"@type":"PropertyValueSpecification","valueRequired":true,"valueName":"search_term_string"}}],"inLanguage":"pt-BR"}]}},"_links":{"self":[{"href":"https:\/\/www.pmpf.rs.gov.br\/financas\/wp-json\/wp\/v2\/pages\/62"}],"collection":[{"href":"https:\/\/www.pmpf.rs.gov.br\/financas\/wp-json\/wp\/v2\/pages"}],"about":[{"href":"https:\/\/www.pmpf.rs.gov.br\/financas\/wp-json\/wp\/v2\/types\/page"}],"author":[{"embeddable":true,"href":"https:\/\/www.pmpf.rs.gov.br\/financas\/wp-json\/wp\/v2\/users\/1"}],"replies":[{"embeddable":true,"href":"https:\/\/www.pmpf.rs.gov.br\/financas\/wp-json\/wp\/v2\/comments?post=62"}],"version-history":[{"count":1,"href":"https:\/\/www.pmpf.rs.gov.br\/financas\/wp-json\/wp\/v2\/pages\/62\/revisions"}],"predecessor-version":[{"id":63,"href":"https:\/\/www.pmpf.rs.gov.br\/financas\/wp-json\/wp\/v2\/pages\/62\/revisions\/63"}],"wp:attachment":[{"href":"https:\/\/www.pmpf.rs.gov.br\/financas\/wp-json\/wp\/v2\/media?parent=62"}],"curies":[{"name":"wp","href":"https:\/\/api.w.org\/{rel}","templated":true}]}}