{"id":102,"date":"2024-10-17T16:39:44","date_gmt":"2024-10-17T19:39:44","guid":{"rendered":"https:\/\/www.pmpf.rs.gov.br\/fecit\/?page_id=102"},"modified":"2024-10-17T16:50:04","modified_gmt":"2024-10-17T19:50:04","slug":"festival-de-ciencia-inovacao-e-tecnologia-da-rede-municipal-de-ensino-2a-edicao","status":"publish","type":"page","link":"https:\/\/www.pmpf.rs.gov.br\/fecit\/inicial\/festival-de-ciencia-inovacao-e-tecnologia-da-rede-municipal-de-ensino-2a-edicao\/","title":{"rendered":"Festival de Ci\u00eancia, Inova\u00e7\u00e3o e Tecnologia da Rede Municipal de Ensino &#8211; 2\u00aa EDI\u00c7\u00c3O"},"content":{"rendered":"\n<h2 class=\"wp-block-heading\">De 21\/11 a 24\/11\/23<\/h2>\n\n\n\n<p><\/p>\n\n\n\n<p>A 2\u00aa edi\u00e7\u00e3o do Festival de Ci\u00eancia, Inova\u00e7\u00e3o e Tecnologia (FECIT)  promete ser ainda mais incr\u00edvel que a primeira.<\/p>\n\n\n\n<p>O objetivo deste evento \u00e9 inserir os estudantes da Rede Municipal de Ensino em um universo cheio de ci\u00eancia, inova\u00e7\u00e3o e tecnologia, criando um ambiente de compartilhamento e socializa\u00e7\u00e3o dos projetos desenvolvidos nas escolas municipais, como Cidadania Global, Pensamento Cient\u00edfico e Cultura Digital. <\/p>\n\n\n\n<p>O FECIT contar\u00e1 com hackathons, campeonatos de games, conta\u00e7\u00e3o de hist\u00f3rias, shows, palestras, experi\u00eancias maker e ser\u00e1 ainda melhor que a primeira edi\u00e7\u00e3o. Ser\u00e1 uma verdadeira celebra\u00e7\u00e3o da ci\u00eancia e da tecnologia.<\/p>\n\n\n\n<p>E a melhor parte \u00e9 que o evento ser\u00e1 aberto ao p\u00fablico! A comunidade passo-fundense est\u00e1 convidada a conhecer os projetos das nossas escolas e participar das atividades do FECIT.<\/p>\n\n\n\n<p>Ent\u00e3o, anotem na agenda: o FECIT acontecer\u00e1 entre os dias 21 a 24 de novembro de 2023. N\u00e3o percam essa oportunidade de celebrar a ci\u00eancia e a inova\u00e7\u00e3o com a gente!<br><br><\/p>\n\n\n\n<h2 class=\"wp-block-heading\">Qual o objetivo?<\/h2>\n\n\n\n<p>Criar um ambiente de compartilhamento e socializa\u00e7\u00e3o dos projetos que j\u00e1 vem sendo desenvolvidos em nossas escolas, nos diferentes componentes curriculares em especial naqueles que comp\u00f5em a Parte Diversificada: Cidadania Global, Pensamento Cient\u00edfico e Cultura Digital.<\/p>\n\n\n\n<p>Promover uma imers\u00e3o dos estudantes da Rede Municipal de Ensino em um universo de ci\u00eancia, inova\u00e7\u00e3o e tecnologia.<\/p>\n\n\n\n<h2 class=\"wp-block-heading\">Onde vai ocorrer?<\/h2>\n\n\n\n<p>Gin\u00e1sio de Esportes do Instituto de Sa\u00fade &#8211; Pr\u00e9dio A12 &#8211; Universidade de Passo Fundo &#8211; BR 285, S\u00e3o Jos\u00e9 &#8211; Passo Fundo\/RS &#8211; CEP: 99052-900<\/p>\n\n\n\n<h2 class=\"wp-block-heading\">Quando?<\/h2>\n\n\n\n<p>De 21 a 24\/11\/23<\/p>\n\n\n\n<h2 class=\"wp-block-heading\">Hor\u00e1rio?<\/h2>\n\n\n\n<p>Manh\u00e3 das 9h \u00e0s 11h&nbsp; e Tarde das 14h \u00e0s 16h<\/p>\n\n\n\n<h2 class=\"wp-block-heading\">Quem?<\/h2>\n\n\n\n<p>Alunos das Escolas de Educa\u00e7\u00e3o Infantil e Ensino Fundamental da Rede Municipal<\/p>\n\n\n\n<h2 class=\"wp-block-heading\">Como inscrevo minha Escola?<\/h2>\n\n\n\n<p>As inscri\u00e7\u00f5es devem ser feitas pelas escolas at\u00e9 o dia 13\/10\/2023 atrav\u00e9s de formul\u00e1rio espec\u00edfico, a ser divulgado na p\u00e1gina do FECIT.&nbsp;<\/p>\n\n\n\n<h2 class=\"wp-block-heading\">O que mais ter\u00e1 no FECIT?<\/h2>\n\n\n\n<p>Contar\u00e1 com hackathons, campeonatos de games, conta\u00e7\u00e3o de hist\u00f3rias, shows, palestras, experi\u00eancias maker, dentre outras a\u00e7\u00f5es relacionadas \u00e0 Ci\u00eancia, Inova\u00e7\u00e3o e Tecnologia.<\/p>\n\n\n\n<h2 class=\"wp-block-heading\">Ser\u00e1 aberto ao p\u00fablico?<\/h2>\n\n\n\n<p>A comunidade passo-fundense ser\u00e1 convidada a conhecer os projetos das nossas escolas.<\/p>\n","protected":false},"excerpt":{"rendered":"<p>De 21\/11 a 24\/11\/23 A 2\u00aa edi\u00e7\u00e3o do Festival de Ci\u00eancia, Inova\u00e7\u00e3o e Tecnologia (FECIT) promete ser ainda mais incr\u00edvel que a primeira. O objetivo deste evento \u00e9 inserir os estudantes da [&hellip;]<\/p>\n","protected":false},"author":22,"featured_media":0,"parent":6,"menu_order":0,"comment_status":"closed","ping_status":"closed","template":"page_secretaria_com_sidebar.php","meta":{"footnotes":""},"class_list":["post-102","page","type-page","status-publish","hentry"],"yoast_head":"<!-- This site is optimized with the Yoast SEO plugin v23.8 - https:\/\/yoast.com\/wordpress\/plugins\/seo\/ -->\n<title>Festival de Ci\u00eancia, Inova\u00e7\u00e3o e Tecnologia da Rede Municipal de Ensino - 2\u00aa EDI\u00c7\u00c3O - Festival de Ci\u00eancia Inova\u00e7\u00e3o e Tecnologia da Rede Municipal de Ensino<\/title>\n<meta name=\"robots\" content=\"index, follow, max-snippet:-1, max-image-preview:large, max-video-preview:-1\" \/>\n<link rel=\"canonical\" href=\"https:\/\/www.pmpf.rs.gov.br\/fecit\/inicial\/festival-de-ciencia-inovacao-e-tecnologia-da-rede-municipal-de-ensino-2a-edicao\/\" \/>\n<meta property=\"og:locale\" content=\"pt_BR\" \/>\n<meta property=\"og:type\" content=\"article\" \/>\n<meta property=\"og:title\" content=\"Festival de Ci\u00eancia, Inova\u00e7\u00e3o e Tecnologia da Rede Municipal de Ensino - 2\u00aa EDI\u00c7\u00c3O - Festival de Ci\u00eancia Inova\u00e7\u00e3o e Tecnologia da Rede Municipal de Ensino\" \/>\n<meta property=\"og:description\" content=\"De 21\/11 a 24\/11\/23 A 2\u00aa edi\u00e7\u00e3o do Festival de Ci\u00eancia, Inova\u00e7\u00e3o e Tecnologia (FECIT) promete ser ainda mais incr\u00edvel que a primeira. O objetivo deste evento \u00e9 inserir os estudantes da [&hellip;]\" \/>\n<meta property=\"og:url\" content=\"https:\/\/www.pmpf.rs.gov.br\/fecit\/inicial\/festival-de-ciencia-inovacao-e-tecnologia-da-rede-municipal-de-ensino-2a-edicao\/\" \/>\n<meta property=\"og:site_name\" content=\"Festival de Ci\u00eancia Inova\u00e7\u00e3o e Tecnologia da Rede Municipal de Ensino\" \/>\n<meta property=\"article:modified_time\" content=\"2024-10-17T19:50:04+00:00\" \/>\n<meta name=\"twitter:card\" content=\"summary_large_image\" \/>\n<meta name=\"twitter:label1\" content=\"Est. tempo de leitura\" \/>\n\t<meta name=\"twitter:data1\" content=\"2 minutos\" \/>\n<script type=\"application\/ld+json\" class=\"yoast-schema-graph\">{\"@context\":\"https:\/\/schema.org\",\"@graph\":[{\"@type\":\"WebPage\",\"@id\":\"https:\/\/www.pmpf.rs.gov.br\/fecit\/inicial\/festival-de-ciencia-inovacao-e-tecnologia-da-rede-municipal-de-ensino-2a-edicao\/\",\"url\":\"https:\/\/www.pmpf.rs.gov.br\/fecit\/inicial\/festival-de-ciencia-inovacao-e-tecnologia-da-rede-municipal-de-ensino-2a-edicao\/\",\"name\":\"Festival de Ci\u00eancia, Inova\u00e7\u00e3o e Tecnologia da Rede Municipal de Ensino - 2\u00aa EDI\u00c7\u00c3O - Festival de Ci\u00eancia Inova\u00e7\u00e3o e Tecnologia da Rede Municipal de Ensino\",\"isPartOf\":{\"@id\":\"https:\/\/www.pmpf.rs.gov.br\/fecit\/#website\"},\"datePublished\":\"2024-10-17T19:39:44+00:00\",\"dateModified\":\"2024-10-17T19:50:04+00:00\",\"breadcrumb\":{\"@id\":\"https:\/\/www.pmpf.rs.gov.br\/fecit\/inicial\/festival-de-ciencia-inovacao-e-tecnologia-da-rede-municipal-de-ensino-2a-edicao\/#breadcrumb\"},\"inLanguage\":\"pt-BR\",\"potentialAction\":[{\"@type\":\"ReadAction\",\"target\":[\"https:\/\/www.pmpf.rs.gov.br\/fecit\/inicial\/festival-de-ciencia-inovacao-e-tecnologia-da-rede-municipal-de-ensino-2a-edicao\/\"]}]},{\"@type\":\"BreadcrumbList\",\"@id\":\"https:\/\/www.pmpf.rs.gov.br\/fecit\/inicial\/festival-de-ciencia-inovacao-e-tecnologia-da-rede-municipal-de-ensino-2a-edicao\/#breadcrumb\",\"itemListElement\":[{\"@type\":\"ListItem\",\"position\":1,\"name\":\"In\u00edcio\",\"item\":\"https:\/\/www.pmpf.rs.gov.br\/fecit\/\"},{\"@type\":\"ListItem\",\"position\":2,\"name\":\"Festival de Ci\u00eancia, Inova\u00e7\u00e3o e Tecnologia da Rede Municipal de Ensino &#8211; 3\u00aa EDI\u00c7\u00c3O\",\"item\":\"https:\/\/www.pmpf.rs.gov.br\/fecit\/\"},{\"@type\":\"ListItem\",\"position\":3,\"name\":\"Festival de Ci\u00eancia, Inova\u00e7\u00e3o e Tecnologia da Rede Municipal de Ensino &#8211; 2\u00aa EDI\u00c7\u00c3O\"}]},{\"@type\":\"WebSite\",\"@id\":\"https:\/\/www.pmpf.rs.gov.br\/fecit\/#website\",\"url\":\"https:\/\/www.pmpf.rs.gov.br\/fecit\/\",\"name\":\"Festival de Ci\u00eancia Inova\u00e7\u00e3o e Tecnologia da Rede Municipal de Ensino\",\"description\":\"S\u00f3 mais um site Prefeitura de Passo Fundo\",\"potentialAction\":[{\"@type\":\"SearchAction\",\"target\":{\"@type\":\"EntryPoint\",\"urlTemplate\":\"https:\/\/www.pmpf.rs.gov.br\/fecit\/?s={search_term_string}\"},\"query-input\":{\"@type\":\"PropertyValueSpecification\",\"valueRequired\":true,\"valueName\":\"search_term_string\"}}],\"inLanguage\":\"pt-BR\"}]}<\/script>\n<!-- \/ Yoast SEO plugin. -->","yoast_head_json":{"title":"Festival de Ci\u00eancia, Inova\u00e7\u00e3o e Tecnologia da Rede Municipal de Ensino - 2\u00aa EDI\u00c7\u00c3O - Festival de Ci\u00eancia Inova\u00e7\u00e3o e Tecnologia da Rede Municipal de Ensino","robots":{"index":"index","follow":"follow","max-snippet":"max-snippet:-1","max-image-preview":"max-image-preview:large","max-video-preview":"max-video-preview:-1"},"canonical":"https:\/\/www.pmpf.rs.gov.br\/fecit\/inicial\/festival-de-ciencia-inovacao-e-tecnologia-da-rede-municipal-de-ensino-2a-edicao\/","og_locale":"pt_BR","og_type":"article","og_title":"Festival de Ci\u00eancia, Inova\u00e7\u00e3o e Tecnologia da Rede Municipal de Ensino - 2\u00aa EDI\u00c7\u00c3O - Festival de Ci\u00eancia Inova\u00e7\u00e3o e Tecnologia da Rede Municipal de Ensino","og_description":"De 21\/11 a 24\/11\/23 A 2\u00aa edi\u00e7\u00e3o do Festival de Ci\u00eancia, Inova\u00e7\u00e3o e Tecnologia (FECIT) promete ser ainda mais incr\u00edvel que a primeira. O objetivo deste evento \u00e9 inserir os estudantes da [&hellip;]","og_url":"https:\/\/www.pmpf.rs.gov.br\/fecit\/inicial\/festival-de-ciencia-inovacao-e-tecnologia-da-rede-municipal-de-ensino-2a-edicao\/","og_site_name":"Festival de Ci\u00eancia Inova\u00e7\u00e3o e Tecnologia da Rede Municipal de Ensino","article_modified_time":"2024-10-17T19:50:04+00:00","twitter_card":"summary_large_image","twitter_misc":{"Est. tempo de leitura":"2 minutos"},"schema":{"@context":"https:\/\/schema.org","@graph":[{"@type":"WebPage","@id":"https:\/\/www.pmpf.rs.gov.br\/fecit\/inicial\/festival-de-ciencia-inovacao-e-tecnologia-da-rede-municipal-de-ensino-2a-edicao\/","url":"https:\/\/www.pmpf.rs.gov.br\/fecit\/inicial\/festival-de-ciencia-inovacao-e-tecnologia-da-rede-municipal-de-ensino-2a-edicao\/","name":"Festival de Ci\u00eancia, Inova\u00e7\u00e3o e Tecnologia da Rede Municipal de Ensino - 2\u00aa EDI\u00c7\u00c3O - Festival de Ci\u00eancia Inova\u00e7\u00e3o e Tecnologia da Rede Municipal de Ensino","isPartOf":{"@id":"https:\/\/www.pmpf.rs.gov.br\/fecit\/#website"},"datePublished":"2024-10-17T19:39:44+00:00","dateModified":"2024-10-17T19:50:04+00:00","breadcrumb":{"@id":"https:\/\/www.pmpf.rs.gov.br\/fecit\/inicial\/festival-de-ciencia-inovacao-e-tecnologia-da-rede-municipal-de-ensino-2a-edicao\/#breadcrumb"},"inLanguage":"pt-BR","potentialAction":[{"@type":"ReadAction","target":["https:\/\/www.pmpf.rs.gov.br\/fecit\/inicial\/festival-de-ciencia-inovacao-e-tecnologia-da-rede-municipal-de-ensino-2a-edicao\/"]}]},{"@type":"BreadcrumbList","@id":"https:\/\/www.pmpf.rs.gov.br\/fecit\/inicial\/festival-de-ciencia-inovacao-e-tecnologia-da-rede-municipal-de-ensino-2a-edicao\/#breadcrumb","itemListElement":[{"@type":"ListItem","position":1,"name":"In\u00edcio","item":"https:\/\/www.pmpf.rs.gov.br\/fecit\/"},{"@type":"ListItem","position":2,"name":"Festival de Ci\u00eancia, Inova\u00e7\u00e3o e Tecnologia da Rede Municipal de Ensino &#8211; 3\u00aa EDI\u00c7\u00c3O","item":"https:\/\/www.pmpf.rs.gov.br\/fecit\/"},{"@type":"ListItem","position":3,"name":"Festival de Ci\u00eancia, Inova\u00e7\u00e3o e Tecnologia da Rede Municipal de Ensino &#8211; 2\u00aa EDI\u00c7\u00c3O"}]},{"@type":"WebSite","@id":"https:\/\/www.pmpf.rs.gov.br\/fecit\/#website","url":"https:\/\/www.pmpf.rs.gov.br\/fecit\/","name":"Festival de Ci\u00eancia Inova\u00e7\u00e3o e Tecnologia da Rede Municipal de Ensino","description":"S\u00f3 mais um site Prefeitura de Passo Fundo","potentialAction":[{"@type":"SearchAction","target":{"@type":"EntryPoint","urlTemplate":"https:\/\/www.pmpf.rs.gov.br\/fecit\/?s={search_term_string}"},"query-input":{"@type":"PropertyValueSpecification","valueRequired":true,"valueName":"search_term_string"}}],"inLanguage":"pt-BR"}]}},"_links":{"self":[{"href":"https:\/\/www.pmpf.rs.gov.br\/fecit\/wp-json\/wp\/v2\/pages\/102"}],"collection":[{"href":"https:\/\/www.pmpf.rs.gov.br\/fecit\/wp-json\/wp\/v2\/pages"}],"about":[{"href":"https:\/\/www.pmpf.rs.gov.br\/fecit\/wp-json\/wp\/v2\/types\/page"}],"author":[{"embeddable":true,"href":"https:\/\/www.pmpf.rs.gov.br\/fecit\/wp-json\/wp\/v2\/users\/22"}],"replies":[{"embeddable":true,"href":"https:\/\/www.pmpf.rs.gov.br\/fecit\/wp-json\/wp\/v2\/comments?post=102"}],"version-history":[{"count":1,"href":"https:\/\/www.pmpf.rs.gov.br\/fecit\/wp-json\/wp\/v2\/pages\/102\/revisions"}],"predecessor-version":[{"id":103,"href":"https:\/\/www.pmpf.rs.gov.br\/fecit\/wp-json\/wp\/v2\/pages\/102\/revisions\/103"}],"up":[{"embeddable":true,"href":"https:\/\/www.pmpf.rs.gov.br\/fecit\/wp-json\/wp\/v2\/pages\/6"}],"wp:attachment":[{"href":"https:\/\/www.pmpf.rs.gov.br\/fecit\/wp-json\/wp\/v2\/media?parent=102"}],"curies":[{"name":"wp","href":"https:\/\/api.w.org\/{rel}","templated":true}]}}