{"id":1140,"date":"2022-09-23T15:59:10","date_gmt":"2022-09-23T18:59:10","guid":{"rendered":"https:\/\/www.pmpf.rs.gov.br\/esportes\/?page_id=1140"},"modified":"2022-10-18T14:33:07","modified_gmt":"2022-10-18T17:33:07","slug":"marta-schonhorst","status":"publish","type":"page","link":"https:\/\/www.pmpf.rs.gov.br\/esportes\/marta-schonhorst\/","title":{"rendered":"Marta Schonhorst"},"content":{"rendered":"\n<p>Marta nasceu em Passo Fundo no ano de 1974, passando a estudar na capital do estado logo em seus primeiros anos.<br>Seu primeiro contato com a gin\u00e1stica r\u00edtmica aconteceu aos 7 anos durante uma aula de educa\u00e7\u00e3o f\u00edsica, sendo amor \u00e0 primeira vista. Logo que descobriu sua paix\u00e3o, Marta contou a seus familiares que \u201cj\u00e1 sabia o que queria fazer\u201d, recebendo total apoio e passando a treinar na Sogipa para desenvolver seu talento da melhor forma.<br>Disputou seu primeiro campeonato sul-americano logo aos 9 anos de idade.<br>Aos 13 anos Marta j\u00e1 era Campe\u00e3 Brasileira Infanto-Juvenil de Gin\u00e1stica R\u00edtmica, recebendo destaque em reportagens da Folha de S\u00e3o Paulo. Em sua segunda apari\u00e7\u00e3o no mesmo jornal, j\u00e1 era Campe\u00e3 Brasileira Juvenil e Campe\u00e3 Sul-Americana Infanto-Juvenil. Na reportagem, Marta mostrava sua intensa rotina di\u00e1ria de treinamentos, 5 horas di\u00e1rias e incont\u00e1veis repeti\u00e7\u00f5es de cada exerc\u00edcio.<br>Ao longo de sua juventude, Marta teve que mudar de cidade algumas vezes em fun\u00e7\u00e3o de transfer\u00eancias no trabalho de seus familiares, morando em lugares como S\u00e3o Paulo e na Alemanha, fazendo com que sua performance fosse melhorada.<br>Em 1989 aos 15 anos, estreou no Campeonato Mundial na Iugosl\u00e1via e, em seu Mundial de 1991 conquistou sua vaga para os Jogos Ol\u00edmpicos de Barcelona em 1992.<br>Nos jogos ol\u00edmpicos, com pouca estrutura, patroc\u00ednios e representando um esporte sem tradi\u00e7\u00e3o no pa\u00eds, Marta conquistou um louv\u00e1vel 41\u00ba lugar na classifica\u00e7\u00e3o final.<br>Marta \u00e9 outra joia esportiva que nasceu em nossa cidade e ganhou os holofotes do mundo fazendo aquilo que sempre soube fazer, encantar a todos.<br><br>Algumas conquistas da carreira:<br>\ud83c\udfc6 Campe\u00e3 Sul-Americana Infanto-Juvenil;<br>\ud83c\udfc6 Campe\u00e3 Brasileira Juvenil;<br>\ud83c\udfc6 Campe\u00e3 Brasileira Infanto-Juvenil;<br>\ud83e\udd49 3\u00ba Lugar por equipes no Pan-Americano Juvenil de Porto Rico 1988;<br>\ud83c\udfc6 Campe\u00e3 como Coordenadora da equipe de Gin\u00e1stica R\u00edtmica do Brasil no Pan do Rio em 2007;<br>\ud83c\udf96\ufe0f Participa\u00e7\u00e3o nos Jogos Pan-Americanos de Havana em 1991.<br><br>Atualmente Marta atua no setor empresarial, transformando seus conhecimentos vividos nos esporte de alta performance em grandes oportunidades de desenvolvimento e desempenho humano.<br><br>Siga<\/p>\n\n\n\n<ul class=\"wp-block-social-links is-layout-flex wp-block-social-links-is-layout-flex\"><li class=\"wp-social-link wp-social-link-instagram  wp-block-social-link\"><a href=\"https:\/\/www.instagram.com\/martaschonhorst\/\" class=\"wp-block-social-link-anchor\"><svg width=\"24\" height=\"24\" viewBox=\"0 0 24 24\" version=\"1.1\" xmlns=\"http:\/\/www.w3.org\/2000\/svg\" aria-hidden=\"true\" focusable=\"false\"><path d=\"M12,4.622c2.403,0,2.688,0.009,3.637,0.052c0.877,0.04,1.354,0.187,1.671,0.31c0.42,0.163,0.72,0.358,1.035,0.673 c0.315,0.315,0.51,0.615,0.673,1.035c0.123,0.317,0.27,0.794,0.31,1.671c0.043,0.949,0.052,1.234,0.052,3.637 s-0.009,2.688-0.052,3.637c-0.04,0.877-0.187,1.354-0.31,1.671c-0.163,0.42-0.358,0.72-0.673,1.035 c-0.315,0.315-0.615,0.51-1.035,0.673c-0.317,0.123-0.794,0.27-1.671,0.31c-0.949,0.043-1.233,0.052-3.637,0.052 s-2.688-0.009-3.637-0.052c-0.877-0.04-1.354-0.187-1.671-0.31c-0.42-0.163-0.72-0.358-1.035-0.673 c-0.315-0.315-0.51-0.615-0.673-1.035c-0.123-0.317-0.27-0.794-0.31-1.671C4.631,14.688,4.622,14.403,4.622,12 s0.009-2.688,0.052-3.637c0.04-0.877,0.187-1.354,0.31-1.671c0.163-0.42,0.358-0.72,0.673-1.035 c0.315-0.315,0.615-0.51,1.035-0.673c0.317-0.123,0.794-0.27,1.671-0.31C9.312,4.631,9.597,4.622,12,4.622 M12,3 C9.556,3,9.249,3.01,8.289,3.054C7.331,3.098,6.677,3.25,6.105,3.472C5.513,3.702,5.011,4.01,4.511,4.511 c-0.5,0.5-0.808,1.002-1.038,1.594C3.25,6.677,3.098,7.331,3.054,8.289C3.01,9.249,3,9.556,3,12c0,2.444,0.01,2.751,0.054,3.711 c0.044,0.958,0.196,1.612,0.418,2.185c0.23,0.592,0.538,1.094,1.038,1.594c0.5,0.5,1.002,0.808,1.594,1.038 c0.572,0.222,1.227,0.375,2.185,0.418C9.249,20.99,9.556,21,12,21s2.751-0.01,3.711-0.054c0.958-0.044,1.612-0.196,2.185-0.418 c0.592-0.23,1.094-0.538,1.594-1.038c0.5-0.5,0.808-1.002,1.038-1.594c0.222-0.572,0.375-1.227,0.418-2.185 C20.99,14.751,21,14.444,21,12s-0.01-2.751-0.054-3.711c-0.044-0.958-0.196-1.612-0.418-2.185c-0.23-0.592-0.538-1.094-1.038-1.594 c-0.5-0.5-1.002-0.808-1.594-1.038c-0.572-0.222-1.227-0.375-2.185-0.418C14.751,3.01,14.444,3,12,3L12,3z M12,7.378 c-2.552,0-4.622,2.069-4.622,4.622S9.448,16.622,12,16.622s4.622-2.069,4.622-4.622S14.552,7.378,12,7.378z M12,15 c-1.657,0-3-1.343-3-3s1.343-3,3-3s3,1.343,3,3S13.657,15,12,15z M16.804,6.116c-0.596,0-1.08,0.484-1.08,1.08 s0.484,1.08,1.08,1.08c0.596,0,1.08-0.484,1.08-1.08S17.401,6.116,16.804,6.116z\"><\/path><\/svg><span class=\"wp-block-social-link-label screen-reader-text\">Instagram<\/span><\/a><\/li><\/ul>\n\n\n\n<hr class=\"wp-block-separator has-css-opacity\"\/>\n\n\n\n<figure class=\"wp-block-gallery has-nested-images columns-2 is-cropped wp-block-gallery-1 is-layout-flex wp-block-gallery-is-layout-flex\">\n<figure class=\"wp-block-image size-large is-style-default\"><a href=\"https:\/\/www.pmpf.rs.gov.br\/esportes\/wp-content\/uploads\/sites\/44\/2022\/09\/marta1.jpg\"><img loading=\"lazy\" decoding=\"async\" width=\"604\" height=\"453\" data-id=\"1142\" src=\"https:\/\/www.pmpf.rs.gov.br\/esportes\/wp-content\/uploads\/sites\/44\/2022\/09\/marta1.jpg\" alt=\"\" class=\"wp-image-1142\" srcset=\"https:\/\/www.pmpf.rs.gov.br\/esportes\/wp-content\/uploads\/sites\/44\/2022\/09\/marta1.jpg 604w, https:\/\/www.pmpf.rs.gov.br\/esportes\/wp-content\/uploads\/sites\/44\/2022\/09\/marta1-300x225.jpg 300w\" sizes=\"(max-width: 604px) 100vw, 604px\" \/><\/a><\/figure>\n\n\n\n<figure class=\"wp-block-image size-large is-style-default\"><a href=\"https:\/\/www.pmpf.rs.gov.br\/esportes\/wp-content\/uploads\/sites\/44\/2022\/09\/marta4.jpg\"><img loading=\"lazy\" decoding=\"async\" width=\"960\" height=\"640\" data-id=\"1145\" src=\"https:\/\/www.pmpf.rs.gov.br\/esportes\/wp-content\/uploads\/sites\/44\/2022\/09\/marta4.jpg\" alt=\"\" class=\"wp-image-1145\" srcset=\"https:\/\/www.pmpf.rs.gov.br\/esportes\/wp-content\/uploads\/sites\/44\/2022\/09\/marta4.jpg 960w, https:\/\/www.pmpf.rs.gov.br\/esportes\/wp-content\/uploads\/sites\/44\/2022\/09\/marta4-300x200.jpg 300w, https:\/\/www.pmpf.rs.gov.br\/esportes\/wp-content\/uploads\/sites\/44\/2022\/09\/marta4-768x512.jpg 768w\" sizes=\"(max-width: 960px) 100vw, 960px\" \/><\/a><\/figure>\n\n\n\n<figure class=\"wp-block-image size-large is-style-default\"><a href=\"https:\/\/www.pmpf.rs.gov.br\/esportes\/wp-content\/uploads\/sites\/44\/2022\/09\/marta2.jpg\"><img loading=\"lazy\" decoding=\"async\" width=\"472\" height=\"604\" data-id=\"1143\" src=\"https:\/\/www.pmpf.rs.gov.br\/esportes\/wp-content\/uploads\/sites\/44\/2022\/09\/marta2.jpg\" alt=\"\" class=\"wp-image-1143\" srcset=\"https:\/\/www.pmpf.rs.gov.br\/esportes\/wp-content\/uploads\/sites\/44\/2022\/09\/marta2.jpg 472w, https:\/\/www.pmpf.rs.gov.br\/esportes\/wp-content\/uploads\/sites\/44\/2022\/09\/marta2-234x300.jpg 234w\" sizes=\"(max-width: 472px) 100vw, 472px\" \/><\/a><\/figure>\n\n\n\n<figure class=\"wp-block-image size-large is-style-default\"><a href=\"https:\/\/www.pmpf.rs.gov.br\/esportes\/wp-content\/uploads\/sites\/44\/2022\/09\/marta3.jpg\"><img loading=\"lazy\" decoding=\"async\" width=\"720\" height=\"602\" data-id=\"1144\" src=\"https:\/\/www.pmpf.rs.gov.br\/esportes\/wp-content\/uploads\/sites\/44\/2022\/09\/marta3.jpg\" alt=\"\" class=\"wp-image-1144\" srcset=\"https:\/\/www.pmpf.rs.gov.br\/esportes\/wp-content\/uploads\/sites\/44\/2022\/09\/marta3.jpg 720w, https:\/\/www.pmpf.rs.gov.br\/esportes\/wp-content\/uploads\/sites\/44\/2022\/09\/marta3-300x251.jpg 300w\" sizes=\"(max-width: 720px) 100vw, 720px\" \/><\/a><\/figure>\n<\/figure>\n\n\n\n<hr class=\"wp-block-separator has-css-opacity\"\/>\n","protected":false},"excerpt":{"rendered":"<p>Marta nasceu em Passo Fundo no ano de 1974, passando a estudar na capital do estado logo em seus primeiros anos.Seu primeiro contato com a gin\u00e1stica r\u00edtmica aconteceu aos 7 anos durante [&hellip;]<\/p>\n","protected":false},"author":4,"featured_media":0,"parent":0,"menu_order":0,"comment_status":"closed","ping_status":"closed","template":"","meta":{"footnotes":""},"class_list":["post-1140","page","type-page","status-publish","hentry"],"yoast_head":"<!-- This site is optimized with the Yoast SEO plugin v23.8 - https:\/\/yoast.com\/wordpress\/plugins\/seo\/ -->\n<title>Marta Schonhorst - Secretaria de Esportes<\/title>\n<meta name=\"robots\" content=\"index, follow, max-snippet:-1, max-image-preview:large, max-video-preview:-1\" \/>\n<link rel=\"canonical\" href=\"https:\/\/www.pmpf.rs.gov.br\/esportes\/marta-schonhorst\/\" \/>\n<meta property=\"og:locale\" content=\"pt_BR\" \/>\n<meta property=\"og:type\" content=\"article\" \/>\n<meta property=\"og:title\" content=\"Marta Schonhorst - Secretaria de Esportes\" \/>\n<meta property=\"og:description\" content=\"Marta nasceu em Passo Fundo no ano de 1974, passando a estudar na capital do estado logo em seus primeiros anos.Seu primeiro contato com a gin\u00e1stica r\u00edtmica aconteceu aos 7 anos durante [&hellip;]\" \/>\n<meta property=\"og:url\" content=\"https:\/\/www.pmpf.rs.gov.br\/esportes\/marta-schonhorst\/\" \/>\n<meta property=\"og:site_name\" content=\"Secretaria de Esportes\" \/>\n<meta property=\"article:modified_time\" content=\"2022-10-18T17:33:07+00:00\" \/>\n<meta property=\"og:image\" content=\"https:\/\/www.pmpf.rs.gov.br\/esportes\/wp-content\/uploads\/sites\/44\/2022\/09\/marta1.jpg\" \/>\n<meta name=\"twitter:card\" content=\"summary_large_image\" \/>\n<meta name=\"twitter:label1\" content=\"Est. tempo de leitura\" \/>\n\t<meta name=\"twitter:data1\" content=\"2 minutos\" \/>\n<script type=\"application\/ld+json\" class=\"yoast-schema-graph\">{\"@context\":\"https:\/\/schema.org\",\"@graph\":[{\"@type\":\"WebPage\",\"@id\":\"https:\/\/www.pmpf.rs.gov.br\/esportes\/marta-schonhorst\/\",\"url\":\"https:\/\/www.pmpf.rs.gov.br\/esportes\/marta-schonhorst\/\",\"name\":\"Marta Schonhorst - Secretaria de Esportes\",\"isPartOf\":{\"@id\":\"https:\/\/www.pmpf.rs.gov.br\/esportes\/#website\"},\"primaryImageOfPage\":{\"@id\":\"https:\/\/www.pmpf.rs.gov.br\/esportes\/marta-schonhorst\/#primaryimage\"},\"image\":{\"@id\":\"https:\/\/www.pmpf.rs.gov.br\/esportes\/marta-schonhorst\/#primaryimage\"},\"thumbnailUrl\":\"https:\/\/www.pmpf.rs.gov.br\/esportes\/wp-content\/uploads\/sites\/44\/2022\/09\/marta1.jpg\",\"datePublished\":\"2022-09-23T18:59:10+00:00\",\"dateModified\":\"2022-10-18T17:33:07+00:00\",\"inLanguage\":\"pt-BR\",\"potentialAction\":[{\"@type\":\"ReadAction\",\"target\":[\"https:\/\/www.pmpf.rs.gov.br\/esportes\/marta-schonhorst\/\"]}]},{\"@type\":\"ImageObject\",\"inLanguage\":\"pt-BR\",\"@id\":\"https:\/\/www.pmpf.rs.gov.br\/esportes\/marta-schonhorst\/#primaryimage\",\"url\":\"https:\/\/www.pmpf.rs.gov.br\/esportes\/wp-content\/uploads\/sites\/44\/2022\/09\/marta1.jpg\",\"contentUrl\":\"https:\/\/www.pmpf.rs.gov.br\/esportes\/wp-content\/uploads\/sites\/44\/2022\/09\/marta1.jpg\",\"width\":604,\"height\":453},{\"@type\":\"WebSite\",\"@id\":\"https:\/\/www.pmpf.rs.gov.br\/esportes\/#website\",\"url\":\"https:\/\/www.pmpf.rs.gov.br\/esportes\/\",\"name\":\"Secretaria de Esportes\",\"description\":\"Site Secretaria de Esporte da Prefeitura de Passo Fundo\",\"potentialAction\":[{\"@type\":\"SearchAction\",\"target\":{\"@type\":\"EntryPoint\",\"urlTemplate\":\"https:\/\/www.pmpf.rs.gov.br\/esportes\/?s={search_term_string}\"},\"query-input\":{\"@type\":\"PropertyValueSpecification\",\"valueRequired\":true,\"valueName\":\"search_term_string\"}}],\"inLanguage\":\"pt-BR\"}]}<\/script>\n<!-- \/ Yoast SEO plugin. -->","yoast_head_json":{"title":"Marta Schonhorst - Secretaria de Esportes","robots":{"index":"index","follow":"follow","max-snippet":"max-snippet:-1","max-image-preview":"max-image-preview:large","max-video-preview":"max-video-preview:-1"},"canonical":"https:\/\/www.pmpf.rs.gov.br\/esportes\/marta-schonhorst\/","og_locale":"pt_BR","og_type":"article","og_title":"Marta Schonhorst - Secretaria de Esportes","og_description":"Marta nasceu em Passo Fundo no ano de 1974, passando a estudar na capital do estado logo em seus primeiros anos.Seu primeiro contato com a gin\u00e1stica r\u00edtmica aconteceu aos 7 anos durante [&hellip;]","og_url":"https:\/\/www.pmpf.rs.gov.br\/esportes\/marta-schonhorst\/","og_site_name":"Secretaria de Esportes","article_modified_time":"2022-10-18T17:33:07+00:00","og_image":[{"url":"https:\/\/www.pmpf.rs.gov.br\/esportes\/wp-content\/uploads\/sites\/44\/2022\/09\/marta1.jpg"}],"twitter_card":"summary_large_image","twitter_misc":{"Est. tempo de leitura":"2 minutos"},"schema":{"@context":"https:\/\/schema.org","@graph":[{"@type":"WebPage","@id":"https:\/\/www.pmpf.rs.gov.br\/esportes\/marta-schonhorst\/","url":"https:\/\/www.pmpf.rs.gov.br\/esportes\/marta-schonhorst\/","name":"Marta Schonhorst - Secretaria de Esportes","isPartOf":{"@id":"https:\/\/www.pmpf.rs.gov.br\/esportes\/#website"},"primaryImageOfPage":{"@id":"https:\/\/www.pmpf.rs.gov.br\/esportes\/marta-schonhorst\/#primaryimage"},"image":{"@id":"https:\/\/www.pmpf.rs.gov.br\/esportes\/marta-schonhorst\/#primaryimage"},"thumbnailUrl":"https:\/\/www.pmpf.rs.gov.br\/esportes\/wp-content\/uploads\/sites\/44\/2022\/09\/marta1.jpg","datePublished":"2022-09-23T18:59:10+00:00","dateModified":"2022-10-18T17:33:07+00:00","inLanguage":"pt-BR","potentialAction":[{"@type":"ReadAction","target":["https:\/\/www.pmpf.rs.gov.br\/esportes\/marta-schonhorst\/"]}]},{"@type":"ImageObject","inLanguage":"pt-BR","@id":"https:\/\/www.pmpf.rs.gov.br\/esportes\/marta-schonhorst\/#primaryimage","url":"https:\/\/www.pmpf.rs.gov.br\/esportes\/wp-content\/uploads\/sites\/44\/2022\/09\/marta1.jpg","contentUrl":"https:\/\/www.pmpf.rs.gov.br\/esportes\/wp-content\/uploads\/sites\/44\/2022\/09\/marta1.jpg","width":604,"height":453},{"@type":"WebSite","@id":"https:\/\/www.pmpf.rs.gov.br\/esportes\/#website","url":"https:\/\/www.pmpf.rs.gov.br\/esportes\/","name":"Secretaria de Esportes","description":"Site Secretaria de Esporte da Prefeitura de Passo Fundo","potentialAction":[{"@type":"SearchAction","target":{"@type":"EntryPoint","urlTemplate":"https:\/\/www.pmpf.rs.gov.br\/esportes\/?s={search_term_string}"},"query-input":{"@type":"PropertyValueSpecification","valueRequired":true,"valueName":"search_term_string"}}],"inLanguage":"pt-BR"}]}},"_links":{"self":[{"href":"https:\/\/www.pmpf.rs.gov.br\/esportes\/wp-json\/wp\/v2\/pages\/1140"}],"collection":[{"href":"https:\/\/www.pmpf.rs.gov.br\/esportes\/wp-json\/wp\/v2\/pages"}],"about":[{"href":"https:\/\/www.pmpf.rs.gov.br\/esportes\/wp-json\/wp\/v2\/types\/page"}],"author":[{"embeddable":true,"href":"https:\/\/www.pmpf.rs.gov.br\/esportes\/wp-json\/wp\/v2\/users\/4"}],"replies":[{"embeddable":true,"href":"https:\/\/www.pmpf.rs.gov.br\/esportes\/wp-json\/wp\/v2\/comments?post=1140"}],"version-history":[{"count":4,"href":"https:\/\/www.pmpf.rs.gov.br\/esportes\/wp-json\/wp\/v2\/pages\/1140\/revisions"}],"predecessor-version":[{"id":1205,"href":"https:\/\/www.pmpf.rs.gov.br\/esportes\/wp-json\/wp\/v2\/pages\/1140\/revisions\/1205"}],"wp:attachment":[{"href":"https:\/\/www.pmpf.rs.gov.br\/esportes\/wp-json\/wp\/v2\/media?parent=1140"}],"curies":[{"name":"wp","href":"https:\/\/api.w.org\/{rel}","templated":true}]}}