{"id":1122,"date":"2022-09-16T15:56:07","date_gmt":"2022-09-16T18:56:07","guid":{"rendered":"https:\/\/www.pmpf.rs.gov.br\/esportes\/?page_id=1122"},"modified":"2022-09-16T16:45:15","modified_gmt":"2022-09-16T19:45:15","slug":"miriamdagostini","status":"publish","type":"page","link":"https:\/\/www.pmpf.rs.gov.br\/esportes\/miriamdagostini\/","title":{"rendered":"Miriam D&#8217;Agostini"},"content":{"rendered":"\n<p>Nascida em Passo Fundo no ano de 1978, Miriam iniciou no t\u00eanis aos 7 anos tendo que jogar contra meninos devido \u00e0 falta de meninas praticantes do esporte.<br><br>Logo aos 8 anos mudou-se para Porto Alegre e iniciou seus treinamentos na Sogipa e aos 12 foi morar com a fam\u00edlia de seu treinador no Paraguai, onde come\u00e7ou a viajar o mundo para disputar o circuito juvenil.<br><br>Disputou seu primeiro torneio profissional com 15 anos e aos 16 mudou-se para Miami, nos Estados Unidos.<br><br>Aos 17 anos, estava disputando os Jogos Ol\u00edmpicos de Atlanta em 1996, sendo a terceira atleta mais jovem da delega\u00e7\u00e3o.<br><br>Aos 22 anos, anunciou precocemente sua aposentadoria devido \u00e0 falta de patrocinadores.<br><br>Foi uma das escolhidas para participar do revezamento da Tocha Ol\u00edmpica em Passo Fundo no ano de 2016.<br><br>\ud83d\udc8eMiriam \u00e9 outra joia esportiva que nasceu em nossa cidade e ganhou os holofotes do mundo muito cedo fazendo aquilo que sempre soube fazer.<br><br>Algumas conquistas da carreira:<br><br>\ud83c\udfc6\ud83c\udfc68 T\u00edtulos FIT Futures Simples;<br>\ud83c\udfc6\ud83c\udfc6 15 T\u00edtulos FIT Futures de Duplas;<br>\ud83e\udd4817\u00aa Coloca\u00e7\u00e3o nos Jogos Ol\u00edmpicos de Atlanta em 1996;<br>\ud83c\udfc6 4\u00aa colocada no Ranking Mundial Juvenil;<br>\ud83c\udfc6 25\u00aa colocada no Ranking Mundial Junior;<br>\ud83c\udfc6 188\u00ba no Ranking WTA Cat. Simples;<br>\ud83c\udfc6 128\u00ba no Ranking WTA Cat. Duplas;<br>Participa\u00e7\u00e3o nos Jogos Pan-Americanos da Argentina em 1995 e do Canad\u00e1 em 1999.<br><br>Atualmente Miriam que \u00e9 formada em Comunica\u00e7\u00e3o Social, e especializada em marketing esportivo, trabalha como publicit\u00e1ria no departamento de marketing do Comit\u00ea Ol\u00edmpico Brasileiro.<br><br><strong>Siga:&nbsp;<\/strong><\/p>\n\n\n\n<ul class=\"wp-block-social-links is-layout-flex wp-block-social-links-is-layout-flex\"><li class=\"wp-social-link wp-social-link-instagram  wp-block-social-link\"><a href=\"https:\/\/www.instagram.com\/miriamdagostini\" class=\"wp-block-social-link-anchor\"><svg width=\"24\" height=\"24\" viewBox=\"0 0 24 24\" version=\"1.1\" xmlns=\"http:\/\/www.w3.org\/2000\/svg\" aria-hidden=\"true\" focusable=\"false\"><path d=\"M12,4.622c2.403,0,2.688,0.009,3.637,0.052c0.877,0.04,1.354,0.187,1.671,0.31c0.42,0.163,0.72,0.358,1.035,0.673 c0.315,0.315,0.51,0.615,0.673,1.035c0.123,0.317,0.27,0.794,0.31,1.671c0.043,0.949,0.052,1.234,0.052,3.637 s-0.009,2.688-0.052,3.637c-0.04,0.877-0.187,1.354-0.31,1.671c-0.163,0.42-0.358,0.72-0.673,1.035 c-0.315,0.315-0.615,0.51-1.035,0.673c-0.317,0.123-0.794,0.27-1.671,0.31c-0.949,0.043-1.233,0.052-3.637,0.052 s-2.688-0.009-3.637-0.052c-0.877-0.04-1.354-0.187-1.671-0.31c-0.42-0.163-0.72-0.358-1.035-0.673 c-0.315-0.315-0.51-0.615-0.673-1.035c-0.123-0.317-0.27-0.794-0.31-1.671C4.631,14.688,4.622,14.403,4.622,12 s0.009-2.688,0.052-3.637c0.04-0.877,0.187-1.354,0.31-1.671c0.163-0.42,0.358-0.72,0.673-1.035 c0.315-0.315,0.615-0.51,1.035-0.673c0.317-0.123,0.794-0.27,1.671-0.31C9.312,4.631,9.597,4.622,12,4.622 M12,3 C9.556,3,9.249,3.01,8.289,3.054C7.331,3.098,6.677,3.25,6.105,3.472C5.513,3.702,5.011,4.01,4.511,4.511 c-0.5,0.5-0.808,1.002-1.038,1.594C3.25,6.677,3.098,7.331,3.054,8.289C3.01,9.249,3,9.556,3,12c0,2.444,0.01,2.751,0.054,3.711 c0.044,0.958,0.196,1.612,0.418,2.185c0.23,0.592,0.538,1.094,1.038,1.594c0.5,0.5,1.002,0.808,1.594,1.038 c0.572,0.222,1.227,0.375,2.185,0.418C9.249,20.99,9.556,21,12,21s2.751-0.01,3.711-0.054c0.958-0.044,1.612-0.196,2.185-0.418 c0.592-0.23,1.094-0.538,1.594-1.038c0.5-0.5,0.808-1.002,1.038-1.594c0.222-0.572,0.375-1.227,0.418-2.185 C20.99,14.751,21,14.444,21,12s-0.01-2.751-0.054-3.711c-0.044-0.958-0.196-1.612-0.418-2.185c-0.23-0.592-0.538-1.094-1.038-1.594 c-0.5-0.5-1.002-0.808-1.594-1.038c-0.572-0.222-1.227-0.375-2.185-0.418C14.751,3.01,14.444,3,12,3L12,3z M12,7.378 c-2.552,0-4.622,2.069-4.622,4.622S9.448,16.622,12,16.622s4.622-2.069,4.622-4.622S14.552,7.378,12,7.378z M12,15 c-1.657,0-3-1.343-3-3s1.343-3,3-3s3,1.343,3,3S13.657,15,12,15z M16.804,6.116c-0.596,0-1.08,0.484-1.08,1.08 s0.484,1.08,1.08,1.08c0.596,0,1.08-0.484,1.08-1.08S17.401,6.116,16.804,6.116z\"><\/path><\/svg><span class=\"wp-block-social-link-label screen-reader-text\">Instagram<\/span><\/a><\/li><\/ul>\n\n\n\n<hr class=\"wp-block-separator\"\/>\n\n\n\n<figure class=\"wp-block-gallery has-nested-images columns-2 is-cropped wp-block-gallery-1 is-layout-flex wp-block-gallery-is-layout-flex\">\n<figure class=\"wp-block-image size-large is-style-default\"><a href=\"https:\/\/www.pmpf.rs.gov.br\/esportes\/wp-content\/uploads\/sites\/44\/2022\/09\/miriamdagostini3.jpg\"><img loading=\"lazy\" decoding=\"async\" width=\"928\" height=\"619\" data-id=\"1127\" src=\"https:\/\/www.pmpf.rs.gov.br\/esportes\/wp-content\/uploads\/sites\/44\/2022\/09\/miriamdagostini3.jpg\" alt=\"\" class=\"wp-image-1127\" srcset=\"https:\/\/www.pmpf.rs.gov.br\/esportes\/wp-content\/uploads\/sites\/44\/2022\/09\/miriamdagostini3.jpg 928w, https:\/\/www.pmpf.rs.gov.br\/esportes\/wp-content\/uploads\/sites\/44\/2022\/09\/miriamdagostini3-300x200.jpg 300w, https:\/\/www.pmpf.rs.gov.br\/esportes\/wp-content\/uploads\/sites\/44\/2022\/09\/miriamdagostini3-768x512.jpg 768w\" sizes=\"(max-width: 928px) 100vw, 928px\" \/><\/a><\/figure>\n\n\n\n<figure class=\"wp-block-image size-large is-style-default\"><a href=\"https:\/\/www.pmpf.rs.gov.br\/esportes\/wp-content\/uploads\/sites\/44\/2022\/09\/miriam_dagostini2.jpg\"><img loading=\"lazy\" decoding=\"async\" width=\"918\" height=\"515\" data-id=\"1138\" src=\"https:\/\/www.pmpf.rs.gov.br\/esportes\/wp-content\/uploads\/sites\/44\/2022\/09\/miriam_dagostini2.jpg\" alt=\"\" class=\"wp-image-1138\" srcset=\"https:\/\/www.pmpf.rs.gov.br\/esportes\/wp-content\/uploads\/sites\/44\/2022\/09\/miriam_dagostini2.jpg 918w, https:\/\/www.pmpf.rs.gov.br\/esportes\/wp-content\/uploads\/sites\/44\/2022\/09\/miriam_dagostini2-300x168.jpg 300w, https:\/\/www.pmpf.rs.gov.br\/esportes\/wp-content\/uploads\/sites\/44\/2022\/09\/miriam_dagostini2-768x431.jpg 768w, https:\/\/www.pmpf.rs.gov.br\/esportes\/wp-content\/uploads\/sites\/44\/2022\/09\/miriam_dagostini2-520x292.jpg 520w\" sizes=\"(max-width: 918px) 100vw, 918px\" \/><\/a><\/figure>\n\n\n\n<figure class=\"wp-block-image size-large is-style-default\"><a href=\"https:\/\/www.pmpf.rs.gov.br\/esportes\/wp-content\/uploads\/sites\/44\/2022\/09\/miriam_dagostini1.jpg\"><img loading=\"lazy\" decoding=\"async\" width=\"1700\" height=\"1532\" data-id=\"1126\" src=\"https:\/\/www.pmpf.rs.gov.br\/esportes\/wp-content\/uploads\/sites\/44\/2022\/09\/miriam_dagostini1.jpg\" alt=\"\" class=\"wp-image-1126\" srcset=\"https:\/\/www.pmpf.rs.gov.br\/esportes\/wp-content\/uploads\/sites\/44\/2022\/09\/miriam_dagostini1.jpg 1700w, https:\/\/www.pmpf.rs.gov.br\/esportes\/wp-content\/uploads\/sites\/44\/2022\/09\/miriam_dagostini1-300x270.jpg 300w, https:\/\/www.pmpf.rs.gov.br\/esportes\/wp-content\/uploads\/sites\/44\/2022\/09\/miriam_dagostini1-1024x923.jpg 1024w, https:\/\/www.pmpf.rs.gov.br\/esportes\/wp-content\/uploads\/sites\/44\/2022\/09\/miriam_dagostini1-768x692.jpg 768w, https:\/\/www.pmpf.rs.gov.br\/esportes\/wp-content\/uploads\/sites\/44\/2022\/09\/miriam_dagostini1-1536x1384.jpg 1536w\" sizes=\"(max-width: 1700px) 100vw, 1700px\" \/><\/a><figcaption>JOHN GIBSON\/Getty Images<\/figcaption><\/figure>\n<\/figure>\n\n\n\n<hr class=\"wp-block-separator\"\/>\n","protected":false},"excerpt":{"rendered":"<p>Nascida em Passo Fundo no ano de 1978, Miriam iniciou no t\u00eanis aos 7 anos tendo que jogar contra meninos devido \u00e0 falta de meninas praticantes do esporte. Logo aos 8 anos [&hellip;]<\/p>\n","protected":false},"author":4,"featured_media":0,"parent":0,"menu_order":0,"comment_status":"closed","ping_status":"closed","template":"","meta":{"footnotes":""},"class_list":["post-1122","page","type-page","status-publish","hentry"],"yoast_head":"<!-- This site is optimized with the Yoast SEO plugin v23.8 - https:\/\/yoast.com\/wordpress\/plugins\/seo\/ -->\n<title>Miriam D&#039;Agostini - Secretaria de Esportes<\/title>\n<meta name=\"robots\" content=\"index, follow, max-snippet:-1, max-image-preview:large, max-video-preview:-1\" \/>\n<link rel=\"canonical\" href=\"https:\/\/www.pmpf.rs.gov.br\/esportes\/miriamdagostini\/\" \/>\n<meta property=\"og:locale\" content=\"pt_BR\" \/>\n<meta property=\"og:type\" content=\"article\" \/>\n<meta property=\"og:title\" content=\"Miriam D&#039;Agostini - Secretaria de Esportes\" \/>\n<meta property=\"og:description\" content=\"Nascida em Passo Fundo no ano de 1978, Miriam iniciou no t\u00eanis aos 7 anos tendo que jogar contra meninos devido \u00e0 falta de meninas praticantes do esporte. Logo aos 8 anos [&hellip;]\" \/>\n<meta property=\"og:url\" content=\"https:\/\/www.pmpf.rs.gov.br\/esportes\/miriamdagostini\/\" \/>\n<meta property=\"og:site_name\" content=\"Secretaria de Esportes\" \/>\n<meta property=\"article:modified_time\" content=\"2022-09-16T19:45:15+00:00\" \/>\n<meta property=\"og:image\" content=\"https:\/\/www.pmpf.rs.gov.br\/esportes\/wp-content\/uploads\/sites\/44\/2022\/09\/miriamdagostini3.jpg\" \/>\n<meta name=\"twitter:card\" content=\"summary_large_image\" \/>\n<meta name=\"twitter:label1\" content=\"Est. tempo de leitura\" \/>\n\t<meta name=\"twitter:data1\" content=\"1 minuto\" \/>\n<script type=\"application\/ld+json\" class=\"yoast-schema-graph\">{\"@context\":\"https:\/\/schema.org\",\"@graph\":[{\"@type\":\"WebPage\",\"@id\":\"https:\/\/www.pmpf.rs.gov.br\/esportes\/miriamdagostini\/\",\"url\":\"https:\/\/www.pmpf.rs.gov.br\/esportes\/miriamdagostini\/\",\"name\":\"Miriam D'Agostini - Secretaria de Esportes\",\"isPartOf\":{\"@id\":\"https:\/\/www.pmpf.rs.gov.br\/esportes\/#website\"},\"primaryImageOfPage\":{\"@id\":\"https:\/\/www.pmpf.rs.gov.br\/esportes\/miriamdagostini\/#primaryimage\"},\"image\":{\"@id\":\"https:\/\/www.pmpf.rs.gov.br\/esportes\/miriamdagostini\/#primaryimage\"},\"thumbnailUrl\":\"https:\/\/www.pmpf.rs.gov.br\/esportes\/wp-content\/uploads\/sites\/44\/2022\/09\/miriamdagostini3.jpg\",\"datePublished\":\"2022-09-16T18:56:07+00:00\",\"dateModified\":\"2022-09-16T19:45:15+00:00\",\"inLanguage\":\"pt-BR\",\"potentialAction\":[{\"@type\":\"ReadAction\",\"target\":[\"https:\/\/www.pmpf.rs.gov.br\/esportes\/miriamdagostini\/\"]}]},{\"@type\":\"ImageObject\",\"inLanguage\":\"pt-BR\",\"@id\":\"https:\/\/www.pmpf.rs.gov.br\/esportes\/miriamdagostini\/#primaryimage\",\"url\":\"https:\/\/www.pmpf.rs.gov.br\/esportes\/wp-content\/uploads\/sites\/44\/2022\/09\/miriamdagostini3.jpg\",\"contentUrl\":\"https:\/\/www.pmpf.rs.gov.br\/esportes\/wp-content\/uploads\/sites\/44\/2022\/09\/miriamdagostini3.jpg\",\"width\":928,\"height\":619},{\"@type\":\"WebSite\",\"@id\":\"https:\/\/www.pmpf.rs.gov.br\/esportes\/#website\",\"url\":\"https:\/\/www.pmpf.rs.gov.br\/esportes\/\",\"name\":\"Secretaria de Esportes\",\"description\":\"Site Secretaria de Esporte da Prefeitura de Passo Fundo\",\"potentialAction\":[{\"@type\":\"SearchAction\",\"target\":{\"@type\":\"EntryPoint\",\"urlTemplate\":\"https:\/\/www.pmpf.rs.gov.br\/esportes\/?s={search_term_string}\"},\"query-input\":{\"@type\":\"PropertyValueSpecification\",\"valueRequired\":true,\"valueName\":\"search_term_string\"}}],\"inLanguage\":\"pt-BR\"}]}<\/script>\n<!-- \/ Yoast SEO plugin. -->","yoast_head_json":{"title":"Miriam D'Agostini - Secretaria de Esportes","robots":{"index":"index","follow":"follow","max-snippet":"max-snippet:-1","max-image-preview":"max-image-preview:large","max-video-preview":"max-video-preview:-1"},"canonical":"https:\/\/www.pmpf.rs.gov.br\/esportes\/miriamdagostini\/","og_locale":"pt_BR","og_type":"article","og_title":"Miriam D'Agostini - Secretaria de Esportes","og_description":"Nascida em Passo Fundo no ano de 1978, Miriam iniciou no t\u00eanis aos 7 anos tendo que jogar contra meninos devido \u00e0 falta de meninas praticantes do esporte. Logo aos 8 anos [&hellip;]","og_url":"https:\/\/www.pmpf.rs.gov.br\/esportes\/miriamdagostini\/","og_site_name":"Secretaria de Esportes","article_modified_time":"2022-09-16T19:45:15+00:00","og_image":[{"url":"https:\/\/www.pmpf.rs.gov.br\/esportes\/wp-content\/uploads\/sites\/44\/2022\/09\/miriamdagostini3.jpg"}],"twitter_card":"summary_large_image","twitter_misc":{"Est. tempo de leitura":"1 minuto"},"schema":{"@context":"https:\/\/schema.org","@graph":[{"@type":"WebPage","@id":"https:\/\/www.pmpf.rs.gov.br\/esportes\/miriamdagostini\/","url":"https:\/\/www.pmpf.rs.gov.br\/esportes\/miriamdagostini\/","name":"Miriam D'Agostini - Secretaria de Esportes","isPartOf":{"@id":"https:\/\/www.pmpf.rs.gov.br\/esportes\/#website"},"primaryImageOfPage":{"@id":"https:\/\/www.pmpf.rs.gov.br\/esportes\/miriamdagostini\/#primaryimage"},"image":{"@id":"https:\/\/www.pmpf.rs.gov.br\/esportes\/miriamdagostini\/#primaryimage"},"thumbnailUrl":"https:\/\/www.pmpf.rs.gov.br\/esportes\/wp-content\/uploads\/sites\/44\/2022\/09\/miriamdagostini3.jpg","datePublished":"2022-09-16T18:56:07+00:00","dateModified":"2022-09-16T19:45:15+00:00","inLanguage":"pt-BR","potentialAction":[{"@type":"ReadAction","target":["https:\/\/www.pmpf.rs.gov.br\/esportes\/miriamdagostini\/"]}]},{"@type":"ImageObject","inLanguage":"pt-BR","@id":"https:\/\/www.pmpf.rs.gov.br\/esportes\/miriamdagostini\/#primaryimage","url":"https:\/\/www.pmpf.rs.gov.br\/esportes\/wp-content\/uploads\/sites\/44\/2022\/09\/miriamdagostini3.jpg","contentUrl":"https:\/\/www.pmpf.rs.gov.br\/esportes\/wp-content\/uploads\/sites\/44\/2022\/09\/miriamdagostini3.jpg","width":928,"height":619},{"@type":"WebSite","@id":"https:\/\/www.pmpf.rs.gov.br\/esportes\/#website","url":"https:\/\/www.pmpf.rs.gov.br\/esportes\/","name":"Secretaria de Esportes","description":"Site Secretaria de Esporte da Prefeitura de Passo Fundo","potentialAction":[{"@type":"SearchAction","target":{"@type":"EntryPoint","urlTemplate":"https:\/\/www.pmpf.rs.gov.br\/esportes\/?s={search_term_string}"},"query-input":{"@type":"PropertyValueSpecification","valueRequired":true,"valueName":"search_term_string"}}],"inLanguage":"pt-BR"}]}},"_links":{"self":[{"href":"https:\/\/www.pmpf.rs.gov.br\/esportes\/wp-json\/wp\/v2\/pages\/1122"}],"collection":[{"href":"https:\/\/www.pmpf.rs.gov.br\/esportes\/wp-json\/wp\/v2\/pages"}],"about":[{"href":"https:\/\/www.pmpf.rs.gov.br\/esportes\/wp-json\/wp\/v2\/types\/page"}],"author":[{"embeddable":true,"href":"https:\/\/www.pmpf.rs.gov.br\/esportes\/wp-json\/wp\/v2\/users\/4"}],"replies":[{"embeddable":true,"href":"https:\/\/www.pmpf.rs.gov.br\/esportes\/wp-json\/wp\/v2\/comments?post=1122"}],"version-history":[{"count":7,"href":"https:\/\/www.pmpf.rs.gov.br\/esportes\/wp-json\/wp\/v2\/pages\/1122\/revisions"}],"predecessor-version":[{"id":1139,"href":"https:\/\/www.pmpf.rs.gov.br\/esportes\/wp-json\/wp\/v2\/pages\/1122\/revisions\/1139"}],"wp:attachment":[{"href":"https:\/\/www.pmpf.rs.gov.br\/esportes\/wp-json\/wp\/v2\/media?parent=1122"}],"curies":[{"name":"wp","href":"https:\/\/api.w.org\/{rel}","templated":true}]}}