{"id":5,"date":"2023-07-31T14:39:04","date_gmt":"2023-07-31T17:39:04","guid":{"rendered":"https:\/\/www.pmpf.rs.gov.br\/eps\/?page_id=5"},"modified":"2026-02-23T16:54:59","modified_gmt":"2026-02-23T19:54:59","slug":"inicial","status":"publish","type":"page","link":"https:\/\/www.pmpf.rs.gov.br\/eps\/","title":{"rendered":"Inicial"},"content":{"rendered":"\n<p>A educa\u00e7\u00e3o \u00e9 o caminho para a forma\u00e7\u00e3o e o desenvolvimento pessoal e profissional do cidad\u00e3o.  Ela \u00e9 a ferramenta para transforma\u00e7\u00e3o da sociedade e do ambiente em que vivemos. O Munic\u00edpio de Passo Fundo \u00e9 signat\u00e1rio do Programa Internacional Cidade Educadora. Com o prop\u00f3sito, de propagar a educa\u00e7\u00e3o na Cidade de Passo Fundo, oportunizando os seus benef\u00edcios para todos, a administra\u00e7\u00e3o p\u00fablica idealizou as Escolas P\u00fablicas Municipais:<\/p>\n\n\n\n<ul class=\"wp-block-list has-medium-font-size\">\n<li><a href=\"https:\/\/www.pmpf.rs.gov.br\/eps\/epartecriatividade\/\">Escola P\u00fablica de Arte e Criatividade Roberto Pirovano Zanatta<\/a><\/li>\n\n\n\n<li><a href=\"https:\/\/www.pmpf.rs.gov.br\/escolademusica\/\" target=\"_blank\" rel=\"noreferrer noopener\">Escola P\u00fablica de M\u00fasica Yamandu Costa<\/a><\/li>\n\n\n\n<li><a href=\"http:\/\/eprof.educapf.org\" target=\"_blank\" rel=\"noreferrer noopener\">Escola das Profiss\u00f5es<\/a><\/li>\n\n\n\n<li>Escola P\u00fablica de Tr\u00e2nsito Eloy Fiebig<\/li>\n\n\n\n<li>Escola P\u00fablica das Gera\u00e7\u00f5es (Em implanta\u00e7\u00e3o)<\/li>\n\n\n\n<li><a href=\"https:\/\/www.pmpf.rs.gov.br\/eps\/escoladesustentabilidade\/\" target=\"_blank\" rel=\"noreferrer noopener\">Escola P\u00fablica de Sustentabilidade<\/a><\/li>\n<\/ul>\n\n\n\n<hr class=\"wp-block-separator has-alpha-channel-opacity\"\/>\n","protected":false},"excerpt":{"rendered":"<p>A educa\u00e7\u00e3o \u00e9 o caminho para a forma\u00e7\u00e3o e o desenvolvimento pessoal e profissional do cidad\u00e3o. Ela \u00e9 a ferramenta para transforma\u00e7\u00e3o da sociedade e do ambiente em que vivemos. O Munic\u00edpio [&hellip;]<\/p>\n","protected":false},"author":4,"featured_media":0,"parent":0,"menu_order":0,"comment_status":"closed","ping_status":"closed","template":"page_secretaria_com_sidebar.php","meta":{"footnotes":""},"class_list":["post-5","page","type-page","status-publish","hentry"],"yoast_head":"<!-- This site is optimized with the Yoast SEO plugin v23.8 - https:\/\/yoast.com\/wordpress\/plugins\/seo\/ -->\n<title>Inicial - Escolas P\u00fablicas<\/title>\n<meta name=\"robots\" content=\"index, follow, max-snippet:-1, max-image-preview:large, max-video-preview:-1\" \/>\n<link rel=\"canonical\" href=\"https:\/\/www.pmpf.rs.gov.br\/eps\/\" \/>\n<meta property=\"og:locale\" content=\"pt_BR\" \/>\n<meta property=\"og:type\" content=\"article\" \/>\n<meta property=\"og:title\" content=\"Inicial - Escolas P\u00fablicas\" \/>\n<meta property=\"og:description\" content=\"A educa\u00e7\u00e3o \u00e9 o caminho para a forma\u00e7\u00e3o e o desenvolvimento pessoal e profissional do cidad\u00e3o. Ela \u00e9 a ferramenta para transforma\u00e7\u00e3o da sociedade e do ambiente em que vivemos. O Munic\u00edpio [&hellip;]\" \/>\n<meta property=\"og:url\" content=\"https:\/\/www.pmpf.rs.gov.br\/eps\/\" \/>\n<meta property=\"og:site_name\" content=\"Escolas P\u00fablicas\" \/>\n<meta property=\"article:modified_time\" content=\"2026-02-23T19:54:59+00:00\" \/>\n<meta name=\"twitter:card\" content=\"summary_large_image\" \/>\n<meta name=\"twitter:label1\" content=\"Est. tempo de leitura\" \/>\n\t<meta name=\"twitter:data1\" content=\"1 minuto\" \/>\n<script type=\"application\/ld+json\" class=\"yoast-schema-graph\">{\"@context\":\"https:\/\/schema.org\",\"@graph\":[{\"@type\":\"WebPage\",\"@id\":\"https:\/\/www.pmpf.rs.gov.br\/eps\/\",\"url\":\"https:\/\/www.pmpf.rs.gov.br\/eps\/\",\"name\":\"Inicial - Escolas P\u00fablicas\",\"isPartOf\":{\"@id\":\"https:\/\/www.pmpf.rs.gov.br\/eps\/#website\"},\"datePublished\":\"2023-07-31T17:39:04+00:00\",\"dateModified\":\"2026-02-23T19:54:59+00:00\",\"breadcrumb\":{\"@id\":\"https:\/\/www.pmpf.rs.gov.br\/eps\/#breadcrumb\"},\"inLanguage\":\"pt-BR\",\"potentialAction\":[{\"@type\":\"ReadAction\",\"target\":[\"https:\/\/www.pmpf.rs.gov.br\/eps\/\"]}]},{\"@type\":\"BreadcrumbList\",\"@id\":\"https:\/\/www.pmpf.rs.gov.br\/eps\/#breadcrumb\",\"itemListElement\":[{\"@type\":\"ListItem\",\"position\":1,\"name\":\"In\u00edcio\",\"item\":\"https:\/\/www.pmpf.rs.gov.br\/eps\/\"},{\"@type\":\"ListItem\",\"position\":2,\"name\":\"Inicial\"}]},{\"@type\":\"WebSite\",\"@id\":\"https:\/\/www.pmpf.rs.gov.br\/eps\/#website\",\"url\":\"https:\/\/www.pmpf.rs.gov.br\/eps\/\",\"name\":\"Escolas P\u00fablicas\",\"description\":\"\",\"potentialAction\":[{\"@type\":\"SearchAction\",\"target\":{\"@type\":\"EntryPoint\",\"urlTemplate\":\"https:\/\/www.pmpf.rs.gov.br\/eps\/?s={search_term_string}\"},\"query-input\":{\"@type\":\"PropertyValueSpecification\",\"valueRequired\":true,\"valueName\":\"search_term_string\"}}],\"inLanguage\":\"pt-BR\"}]}<\/script>\n<!-- \/ Yoast SEO plugin. -->","yoast_head_json":{"title":"Inicial - Escolas P\u00fablicas","robots":{"index":"index","follow":"follow","max-snippet":"max-snippet:-1","max-image-preview":"max-image-preview:large","max-video-preview":"max-video-preview:-1"},"canonical":"https:\/\/www.pmpf.rs.gov.br\/eps\/","og_locale":"pt_BR","og_type":"article","og_title":"Inicial - Escolas P\u00fablicas","og_description":"A educa\u00e7\u00e3o \u00e9 o caminho para a forma\u00e7\u00e3o e o desenvolvimento pessoal e profissional do cidad\u00e3o. Ela \u00e9 a ferramenta para transforma\u00e7\u00e3o da sociedade e do ambiente em que vivemos. O Munic\u00edpio [&hellip;]","og_url":"https:\/\/www.pmpf.rs.gov.br\/eps\/","og_site_name":"Escolas P\u00fablicas","article_modified_time":"2026-02-23T19:54:59+00:00","twitter_card":"summary_large_image","twitter_misc":{"Est. tempo de leitura":"1 minuto"},"schema":{"@context":"https:\/\/schema.org","@graph":[{"@type":"WebPage","@id":"https:\/\/www.pmpf.rs.gov.br\/eps\/","url":"https:\/\/www.pmpf.rs.gov.br\/eps\/","name":"Inicial - Escolas P\u00fablicas","isPartOf":{"@id":"https:\/\/www.pmpf.rs.gov.br\/eps\/#website"},"datePublished":"2023-07-31T17:39:04+00:00","dateModified":"2026-02-23T19:54:59+00:00","breadcrumb":{"@id":"https:\/\/www.pmpf.rs.gov.br\/eps\/#breadcrumb"},"inLanguage":"pt-BR","potentialAction":[{"@type":"ReadAction","target":["https:\/\/www.pmpf.rs.gov.br\/eps\/"]}]},{"@type":"BreadcrumbList","@id":"https:\/\/www.pmpf.rs.gov.br\/eps\/#breadcrumb","itemListElement":[{"@type":"ListItem","position":1,"name":"In\u00edcio","item":"https:\/\/www.pmpf.rs.gov.br\/eps\/"},{"@type":"ListItem","position":2,"name":"Inicial"}]},{"@type":"WebSite","@id":"https:\/\/www.pmpf.rs.gov.br\/eps\/#website","url":"https:\/\/www.pmpf.rs.gov.br\/eps\/","name":"Escolas P\u00fablicas","description":"","potentialAction":[{"@type":"SearchAction","target":{"@type":"EntryPoint","urlTemplate":"https:\/\/www.pmpf.rs.gov.br\/eps\/?s={search_term_string}"},"query-input":{"@type":"PropertyValueSpecification","valueRequired":true,"valueName":"search_term_string"}}],"inLanguage":"pt-BR"}]}},"_links":{"self":[{"href":"https:\/\/www.pmpf.rs.gov.br\/eps\/wp-json\/wp\/v2\/pages\/5"}],"collection":[{"href":"https:\/\/www.pmpf.rs.gov.br\/eps\/wp-json\/wp\/v2\/pages"}],"about":[{"href":"https:\/\/www.pmpf.rs.gov.br\/eps\/wp-json\/wp\/v2\/types\/page"}],"author":[{"embeddable":true,"href":"https:\/\/www.pmpf.rs.gov.br\/eps\/wp-json\/wp\/v2\/users\/4"}],"replies":[{"embeddable":true,"href":"https:\/\/www.pmpf.rs.gov.br\/eps\/wp-json\/wp\/v2\/comments?post=5"}],"version-history":[{"count":19,"href":"https:\/\/www.pmpf.rs.gov.br\/eps\/wp-json\/wp\/v2\/pages\/5\/revisions"}],"predecessor-version":[{"id":155,"href":"https:\/\/www.pmpf.rs.gov.br\/eps\/wp-json\/wp\/v2\/pages\/5\/revisions\/155"}],"wp:attachment":[{"href":"https:\/\/www.pmpf.rs.gov.br\/eps\/wp-json\/wp\/v2\/media?parent=5"}],"curies":[{"name":"wp","href":"https:\/\/api.w.org\/{rel}","templated":true}]}}