{"id":9356,"date":"2023-08-18T16:04:36","date_gmt":"2023-08-18T19:04:36","guid":{"rendered":"https:\/\/www.pmpf.rs.gov.br\/educacao\/?page_id=9356"},"modified":"2023-08-18T16:15:17","modified_gmt":"2023-08-18T19:15:17","slug":"principiocidadeseducadoras","status":"publish","type":"page","link":"https:\/\/www.pmpf.rs.gov.br\/educacao\/principiocidadeseducadoras\/","title":{"rendered":"Princ\u00edpio das Cidades Educadoras"},"content":{"rendered":"\n<div class=\"wp-block-columns is-layout-flex wp-container-core-columns-is-layout-1 wp-block-columns-is-layout-flex\">\n<div class=\"wp-block-column is-layout-flow wp-block-column-is-layout-flow\" style=\"flex-basis:50%\">\n<p class=\"has-green-color has-text-color\"><strong>O DIREITO \u00c0 CIDADE EDUCADORA<\/strong><\/p>\n\n\n\n<ul class=\"wp-block-list\">\n<li><strong>01 <\/strong>&#8211; Educa\u00e7\u00e3o inclusiva ao longo da vida<\/li>\n\n\n\n<li><strong>02<\/strong> &#8211; Pol\u00edtica educativa ampla<\/li>\n\n\n\n<li><strong>03 <\/strong>&#8211; Diversidade e n\u00e3o discrimina\u00e7\u00e3o<\/li>\n\n\n\n<li><strong>04 <\/strong>&#8211; Acesso \u00e0 cultura Di\u00e1logo intergeracional<\/li>\n<\/ul>\n\n\n\n<div style=\"height:10px\" aria-hidden=\"true\" class=\"wp-block-spacer\"><\/div>\n\n\n\n<p class=\"has-green-color has-text-color\"><strong>O COMPROMISSO DA CIDADE<\/strong><\/p>\n\n\n\n<ul class=\"wp-block-list\">\n<li><strong>05 &#8211; <\/strong>Conhecimento do territ\u00f3rio<\/li>\n\n\n\n<li><strong>06 &#8211; <\/strong>Acesso \u00e0 informa\u00e7\u00e3o<\/li>\n\n\n\n<li><strong>07 &#8211;  <\/strong>Governan\u00e7a e participa\u00e7\u00e3o dos cidad\u00e3os<\/li>\n\n\n\n<li><strong>08 &#8211;  <\/strong>Acompanhamento e melhoria cont\u00ednua<\/li>\n\n\n\n<li><strong>09 &#8211; <\/strong>Identidade da cidade<\/li>\n\n\n\n<li><strong>10 &#8211; <\/strong>Espa\u00e7o p\u00fablico habit\u00e1vel<\/li>\n\n\n\n<li><strong>11 &#8211;  <\/strong>Adequa\u00e7\u00e3o dos equipamentos e servi\u00e7os municipais<\/li>\n\n\n\n<li><strong>12 &#8211; <\/strong>Sustentabilidade<\/li>\n<\/ul>\n<\/div>\n\n\n\n<div class=\"wp-block-column is-layout-flow wp-block-column-is-layout-flow\" style=\"flex-basis:50%\">\n<p class=\"has-green-color has-text-color\"><strong>AO SERVI\u00c7O INTEGRAL DAS PESSOAS<\/strong><\/p>\n\n\n\n<p><strong>13 &#8211; <\/strong>Promo\u00e7\u00e3o da sa\u00fade Forma\u00e7\u00e3o de agentes educativos<\/p>\n\n\n\n<p><strong>14 &#8211; <\/strong>Orienta\u00e7\u00e3o e inser\u00e7\u00e3o laboral inclusiva<\/p>\n\n\n\n<p><strong>15 &#8211; <\/strong>Inclus\u00e3o e coes\u00e3o social<\/p>\n\n\n\n<p><strong>16 &#8211; <\/strong>Corresponsabilidade contra as desigualdades<\/p>\n\n\n\n<p><strong>17 &#8211; <\/strong>Promo\u00e7\u00e3o do associativismo e do voluntariado<\/p>\n\n\n\n<p><strong>18 &#8211; <\/strong>Educa\u00e7\u00e3o para uma cidadania democr\u00e1tica e global<\/p>\n<\/div>\n<\/div>\n\n\n\n<hr class=\"wp-block-separator has-alpha-channel-opacity\"\/>\n","protected":false},"excerpt":{"rendered":"<p>O DIREITO \u00c0 CIDADE EDUCADORA O COMPROMISSO DA CIDADE AO SERVI\u00c7O INTEGRAL DAS PESSOAS 13 &#8211; Promo\u00e7\u00e3o da sa\u00fade Forma\u00e7\u00e3o de agentes educativos 14 &#8211; Orienta\u00e7\u00e3o e inser\u00e7\u00e3o laboral inclusiva 15 &#8211; [&hellip;]<\/p>\n","protected":false},"author":4,"featured_media":0,"parent":0,"menu_order":0,"comment_status":"closed","ping_status":"closed","template":"","meta":{"footnotes":""},"class_list":["post-9356","page","type-page","status-publish","hentry"],"yoast_head":"<!-- This site is optimized with the Yoast SEO plugin v23.8 - https:\/\/yoast.com\/wordpress\/plugins\/seo\/ -->\n<title>Princ\u00edpio das Cidades Educadoras - Secretaria de Educa\u00e7\u00e3o<\/title>\n<meta name=\"robots\" content=\"index, follow, max-snippet:-1, max-image-preview:large, max-video-preview:-1\" \/>\n<link rel=\"canonical\" href=\"https:\/\/www.pmpf.rs.gov.br\/educacao\/principiocidadeseducadoras\/\" \/>\n<meta property=\"og:locale\" content=\"pt_BR\" \/>\n<meta property=\"og:type\" content=\"article\" \/>\n<meta property=\"og:title\" content=\"Princ\u00edpio das Cidades Educadoras - Secretaria de Educa\u00e7\u00e3o\" \/>\n<meta property=\"og:description\" content=\"O DIREITO \u00c0 CIDADE EDUCADORA O COMPROMISSO DA CIDADE AO SERVI\u00c7O INTEGRAL DAS PESSOAS 13 &#8211; Promo\u00e7\u00e3o da sa\u00fade Forma\u00e7\u00e3o de agentes educativos 14 &#8211; Orienta\u00e7\u00e3o e inser\u00e7\u00e3o laboral inclusiva 15 &#8211; [&hellip;]\" \/>\n<meta property=\"og:url\" content=\"https:\/\/www.pmpf.rs.gov.br\/educacao\/principiocidadeseducadoras\/\" \/>\n<meta property=\"og:site_name\" content=\"Secretaria de Educa\u00e7\u00e3o\" \/>\n<meta property=\"article:modified_time\" content=\"2023-08-18T19:15:17+00:00\" \/>\n<meta name=\"twitter:card\" content=\"summary_large_image\" \/>\n<meta name=\"twitter:label1\" content=\"Est. tempo de leitura\" \/>\n\t<meta name=\"twitter:data1\" content=\"1 minuto\" \/>\n<script type=\"application\/ld+json\" class=\"yoast-schema-graph\">{\"@context\":\"https:\/\/schema.org\",\"@graph\":[{\"@type\":\"WebPage\",\"@id\":\"https:\/\/www.pmpf.rs.gov.br\/educacao\/principiocidadeseducadoras\/\",\"url\":\"https:\/\/www.pmpf.rs.gov.br\/educacao\/principiocidadeseducadoras\/\",\"name\":\"Princ\u00edpio das Cidades Educadoras - Secretaria de Educa\u00e7\u00e3o\",\"isPartOf\":{\"@id\":\"https:\/\/www.pmpf.rs.gov.br\/educacao\/#website\"},\"datePublished\":\"2023-08-18T19:04:36+00:00\",\"dateModified\":\"2023-08-18T19:15:17+00:00\",\"inLanguage\":\"pt-BR\",\"potentialAction\":[{\"@type\":\"ReadAction\",\"target\":[\"https:\/\/www.pmpf.rs.gov.br\/educacao\/principiocidadeseducadoras\/\"]}]},{\"@type\":\"WebSite\",\"@id\":\"https:\/\/www.pmpf.rs.gov.br\/educacao\/#website\",\"url\":\"https:\/\/www.pmpf.rs.gov.br\/educacao\/\",\"name\":\"Secretaria de Educa\u00e7\u00e3o\",\"description\":\"Secretaria de Educa\u00e7\u00e3o da cidade de Passo Fundo\",\"potentialAction\":[{\"@type\":\"SearchAction\",\"target\":{\"@type\":\"EntryPoint\",\"urlTemplate\":\"https:\/\/www.pmpf.rs.gov.br\/educacao\/?s={search_term_string}\"},\"query-input\":{\"@type\":\"PropertyValueSpecification\",\"valueRequired\":true,\"valueName\":\"search_term_string\"}}],\"inLanguage\":\"pt-BR\"}]}<\/script>\n<!-- \/ Yoast SEO plugin. -->","yoast_head_json":{"title":"Princ\u00edpio das Cidades Educadoras - Secretaria de Educa\u00e7\u00e3o","robots":{"index":"index","follow":"follow","max-snippet":"max-snippet:-1","max-image-preview":"max-image-preview:large","max-video-preview":"max-video-preview:-1"},"canonical":"https:\/\/www.pmpf.rs.gov.br\/educacao\/principiocidadeseducadoras\/","og_locale":"pt_BR","og_type":"article","og_title":"Princ\u00edpio das Cidades Educadoras - Secretaria de Educa\u00e7\u00e3o","og_description":"O DIREITO \u00c0 CIDADE EDUCADORA O COMPROMISSO DA CIDADE AO SERVI\u00c7O INTEGRAL DAS PESSOAS 13 &#8211; Promo\u00e7\u00e3o da sa\u00fade Forma\u00e7\u00e3o de agentes educativos 14 &#8211; Orienta\u00e7\u00e3o e inser\u00e7\u00e3o laboral inclusiva 15 &#8211; [&hellip;]","og_url":"https:\/\/www.pmpf.rs.gov.br\/educacao\/principiocidadeseducadoras\/","og_site_name":"Secretaria de Educa\u00e7\u00e3o","article_modified_time":"2023-08-18T19:15:17+00:00","twitter_card":"summary_large_image","twitter_misc":{"Est. tempo de leitura":"1 minuto"},"schema":{"@context":"https:\/\/schema.org","@graph":[{"@type":"WebPage","@id":"https:\/\/www.pmpf.rs.gov.br\/educacao\/principiocidadeseducadoras\/","url":"https:\/\/www.pmpf.rs.gov.br\/educacao\/principiocidadeseducadoras\/","name":"Princ\u00edpio das Cidades Educadoras - Secretaria de Educa\u00e7\u00e3o","isPartOf":{"@id":"https:\/\/www.pmpf.rs.gov.br\/educacao\/#website"},"datePublished":"2023-08-18T19:04:36+00:00","dateModified":"2023-08-18T19:15:17+00:00","inLanguage":"pt-BR","potentialAction":[{"@type":"ReadAction","target":["https:\/\/www.pmpf.rs.gov.br\/educacao\/principiocidadeseducadoras\/"]}]},{"@type":"WebSite","@id":"https:\/\/www.pmpf.rs.gov.br\/educacao\/#website","url":"https:\/\/www.pmpf.rs.gov.br\/educacao\/","name":"Secretaria de Educa\u00e7\u00e3o","description":"Secretaria de Educa\u00e7\u00e3o da cidade de Passo Fundo","potentialAction":[{"@type":"SearchAction","target":{"@type":"EntryPoint","urlTemplate":"https:\/\/www.pmpf.rs.gov.br\/educacao\/?s={search_term_string}"},"query-input":{"@type":"PropertyValueSpecification","valueRequired":true,"valueName":"search_term_string"}}],"inLanguage":"pt-BR"}]}},"_links":{"self":[{"href":"https:\/\/www.pmpf.rs.gov.br\/educacao\/wp-json\/wp\/v2\/pages\/9356"}],"collection":[{"href":"https:\/\/www.pmpf.rs.gov.br\/educacao\/wp-json\/wp\/v2\/pages"}],"about":[{"href":"https:\/\/www.pmpf.rs.gov.br\/educacao\/wp-json\/wp\/v2\/types\/page"}],"author":[{"embeddable":true,"href":"https:\/\/www.pmpf.rs.gov.br\/educacao\/wp-json\/wp\/v2\/users\/4"}],"replies":[{"embeddable":true,"href":"https:\/\/www.pmpf.rs.gov.br\/educacao\/wp-json\/wp\/v2\/comments?post=9356"}],"version-history":[{"count":3,"href":"https:\/\/www.pmpf.rs.gov.br\/educacao\/wp-json\/wp\/v2\/pages\/9356\/revisions"}],"predecessor-version":[{"id":9360,"href":"https:\/\/www.pmpf.rs.gov.br\/educacao\/wp-json\/wp\/v2\/pages\/9356\/revisions\/9360"}],"wp:attachment":[{"href":"https:\/\/www.pmpf.rs.gov.br\/educacao\/wp-json\/wp\/v2\/media?parent=9356"}],"curies":[{"name":"wp","href":"https:\/\/api.w.org\/{rel}","templated":true}]}}