{"id":9010,"date":"2023-02-08T17:52:01","date_gmt":"2023-02-08T20:52:01","guid":{"rendered":"https:\/\/www.pmpf.rs.gov.br\/educacao\/?page_id=9010"},"modified":"2025-09-01T16:39:30","modified_gmt":"2025-09-01T19:39:30","slug":"cardapio-escolar-2023","status":"publish","type":"page","link":"https:\/\/www.pmpf.rs.gov.br\/educacao\/cardapio-escolar-2023\/","title":{"rendered":"Card\u00e1pio Escolar"},"content":{"rendered":"\n<p><strong>Escolas Municipais de Educa\u00e7\u00e3o Infantil &#8211; EMEIs<\/strong><\/p>\n\n\n\n<ul class=\"wp-block-list\">\n<li><a href=\"https:\/\/www.pmpf.rs.gov.br\/fecit\/wp-content\/uploads\/sites\/74\/2023\/09\/29-09-cardapio-7-a-12-meses-verao.pdf\" target=\"_blank\" rel=\"noreferrer noopener\">Card\u00e1pio para crian\u00e7as de 7 a 12 meses &#8211; ver\u00e3o<\/a><\/li>\n\n\n\n<li><a href=\"https:\/\/www.pmpf.rs.gov.br\/fecit\/wp-content\/uploads\/sites\/74\/2023\/09\/29-09-cardapio-7-a-12-meses-inverno.pdf\" target=\"_blank\" rel=\"noreferrer noopener\">Card\u00e1pio para crian\u00e7as de 7 a 12 meses &#8211; inverno<\/a><\/li>\n\n\n\n<li><a href=\"https:\/\/www.pmpf.rs.gov.br\/fecit\/wp-content\/uploads\/sites\/74\/2023\/09\/29-09-cardapio-educacao-infantil-1-a-2-anos.pdf\" target=\"_blank\" rel=\"noreferrer noopener\">Card\u00e1pio para Educa\u00e7\u00e3o Infantil &#8211; 1 a 2 anos &#8211; ver\u00e3o<\/a><\/li>\n\n\n\n<li><a href=\"https:\/\/www.pmpf.rs.gov.br\/fecit\/wp-content\/uploads\/sites\/74\/2023\/09\/29-09-cardapio-educacao-infantil-1-a-2-anos-inverno.pdf\" target=\"_blank\" rel=\"noreferrer noopener\">Card\u00e1pio para Educa\u00e7\u00e3o Infantl &#8211; 1 a 2 anos &#8211; inverno<\/a><\/li>\n\n\n\n<li><a href=\"https:\/\/www.pmpf.rs.gov.br\/fecit\/wp-content\/uploads\/sites\/74\/2023\/09\/29-09-educacao-infantil-maiores-3-anos-verao.pdf\" target=\"_blank\" rel=\"noreferrer noopener\">Card\u00e1pio para Educa\u00e7\u00e3o Infantil maiores de 3 anos &#8211; ver\u00e3o<\/a><\/li>\n\n\n\n<li><a href=\"https:\/\/www.pmpf.rs.gov.br\/fecit\/wp-content\/uploads\/sites\/74\/2023\/09\/29-09-educacao-infantil-maiores-3-anos-inverno.pdf\" target=\"_blank\" rel=\"noreferrer noopener\">Card\u00e1pio para Educa\u00e7\u00e3o Infantil maiores de 3 anos &#8211; inverno<\/a><\/li>\n<\/ul>\n\n\n\n<p><strong>Escolas Municipais de Ensino Fundamental &#8211; EMEFs<\/strong><\/p>\n\n\n\n<ul class=\"wp-block-list\">\n<li><a href=\"https:\/\/www.pmpf.rs.gov.br\/fecit\/wp-content\/uploads\/sites\/74\/2023\/09\/29-09-cardapio-ensino-fundamental-verao.pdf\" target=\"_blank\" rel=\"noreferrer noopener\">Card\u00e1pio para Ensino Fundamental turno parcial &#8211; ver\u00e3o<\/a><\/li>\n\n\n\n<li><a href=\"https:\/\/www.pmpf.rs.gov.br\/fecit\/wp-content\/uploads\/sites\/74\/2023\/09\/29-09-cardapio-ensino-fundamental-inverno.pdf\" target=\"_blank\" rel=\"noreferrer noopener\">Card\u00e1pio para Ensino Fundamental turno parcial &#8211; inverno<\/a><\/li>\n\n\n\n<li><a href=\"https:\/\/www.pmpf.rs.gov.br\/fecit\/wp-content\/uploads\/sites\/74\/2023\/09\/29-09-cardapio-ensino-fundamental-integral-verao.pdf\" target=\"_blank\" rel=\"noreferrer noopener\">Card\u00e1pio para Ensino Fundamental turno integral &#8211; ver\u00e3o<\/a><\/li>\n\n\n\n<li><a href=\"https:\/\/www.pmpf.rs.gov.br\/fecit\/wp-content\/uploads\/sites\/74\/2023\/09\/29-09-cardapio-ensino-fundamental-integrado-inverno.pdf\" target=\"_blank\" rel=\"noreferrer noopener\">Card\u00e1pio para Ensino Fundamental turno integral &#8211; inverno<\/a><\/li>\n<\/ul>\n","protected":false},"excerpt":{"rendered":"<p>Escolas Municipais de Educa\u00e7\u00e3o Infantil &#8211; EMEIs Escolas Municipais de Ensino Fundamental &#8211; EMEFs<\/p>\n","protected":false},"author":4,"featured_media":0,"parent":0,"menu_order":0,"comment_status":"closed","ping_status":"closed","template":"","meta":{"footnotes":""},"class_list":["post-9010","page","type-page","status-publish","hentry"],"yoast_head":"<!-- This site is optimized with the Yoast SEO plugin v23.8 - https:\/\/yoast.com\/wordpress\/plugins\/seo\/ -->\n<title>Card\u00e1pio Escolar - Secretaria de Educa\u00e7\u00e3o<\/title>\n<meta name=\"robots\" content=\"index, follow, max-snippet:-1, max-image-preview:large, max-video-preview:-1\" \/>\n<link rel=\"canonical\" href=\"https:\/\/www.pmpf.rs.gov.br\/educacao\/cardapio-escolar-2023\/\" \/>\n<meta property=\"og:locale\" content=\"pt_BR\" \/>\n<meta property=\"og:type\" content=\"article\" \/>\n<meta property=\"og:title\" content=\"Card\u00e1pio Escolar - Secretaria de Educa\u00e7\u00e3o\" \/>\n<meta property=\"og:description\" content=\"Escolas Municipais de Educa\u00e7\u00e3o Infantil &#8211; EMEIs Escolas Municipais de Ensino Fundamental &#8211; EMEFs\" \/>\n<meta property=\"og:url\" content=\"https:\/\/www.pmpf.rs.gov.br\/educacao\/cardapio-escolar-2023\/\" \/>\n<meta property=\"og:site_name\" content=\"Secretaria de Educa\u00e7\u00e3o\" \/>\n<meta property=\"article:modified_time\" content=\"2025-09-01T19:39:30+00:00\" \/>\n<meta name=\"twitter:card\" content=\"summary_large_image\" \/>\n<meta name=\"twitter:label1\" content=\"Est. tempo de leitura\" \/>\n\t<meta name=\"twitter:data1\" content=\"1 minuto\" \/>\n<script type=\"application\/ld+json\" class=\"yoast-schema-graph\">{\"@context\":\"https:\/\/schema.org\",\"@graph\":[{\"@type\":\"WebPage\",\"@id\":\"https:\/\/www.pmpf.rs.gov.br\/educacao\/cardapio-escolar-2023\/\",\"url\":\"https:\/\/www.pmpf.rs.gov.br\/educacao\/cardapio-escolar-2023\/\",\"name\":\"Card\u00e1pio Escolar - Secretaria de Educa\u00e7\u00e3o\",\"isPartOf\":{\"@id\":\"https:\/\/www.pmpf.rs.gov.br\/educacao\/#website\"},\"datePublished\":\"2023-02-08T20:52:01+00:00\",\"dateModified\":\"2025-09-01T19:39:30+00:00\",\"inLanguage\":\"pt-BR\",\"potentialAction\":[{\"@type\":\"ReadAction\",\"target\":[\"https:\/\/www.pmpf.rs.gov.br\/educacao\/cardapio-escolar-2023\/\"]}]},{\"@type\":\"WebSite\",\"@id\":\"https:\/\/www.pmpf.rs.gov.br\/educacao\/#website\",\"url\":\"https:\/\/www.pmpf.rs.gov.br\/educacao\/\",\"name\":\"Secretaria de Educa\u00e7\u00e3o\",\"description\":\"Secretaria de Educa\u00e7\u00e3o da cidade de Passo Fundo\",\"potentialAction\":[{\"@type\":\"SearchAction\",\"target\":{\"@type\":\"EntryPoint\",\"urlTemplate\":\"https:\/\/www.pmpf.rs.gov.br\/educacao\/?s={search_term_string}\"},\"query-input\":{\"@type\":\"PropertyValueSpecification\",\"valueRequired\":true,\"valueName\":\"search_term_string\"}}],\"inLanguage\":\"pt-BR\"}]}<\/script>\n<!-- \/ Yoast SEO plugin. -->","yoast_head_json":{"title":"Card\u00e1pio Escolar - Secretaria de Educa\u00e7\u00e3o","robots":{"index":"index","follow":"follow","max-snippet":"max-snippet:-1","max-image-preview":"max-image-preview:large","max-video-preview":"max-video-preview:-1"},"canonical":"https:\/\/www.pmpf.rs.gov.br\/educacao\/cardapio-escolar-2023\/","og_locale":"pt_BR","og_type":"article","og_title":"Card\u00e1pio Escolar - Secretaria de Educa\u00e7\u00e3o","og_description":"Escolas Municipais de Educa\u00e7\u00e3o Infantil &#8211; EMEIs Escolas Municipais de Ensino Fundamental &#8211; EMEFs","og_url":"https:\/\/www.pmpf.rs.gov.br\/educacao\/cardapio-escolar-2023\/","og_site_name":"Secretaria de Educa\u00e7\u00e3o","article_modified_time":"2025-09-01T19:39:30+00:00","twitter_card":"summary_large_image","twitter_misc":{"Est. tempo de leitura":"1 minuto"},"schema":{"@context":"https:\/\/schema.org","@graph":[{"@type":"WebPage","@id":"https:\/\/www.pmpf.rs.gov.br\/educacao\/cardapio-escolar-2023\/","url":"https:\/\/www.pmpf.rs.gov.br\/educacao\/cardapio-escolar-2023\/","name":"Card\u00e1pio Escolar - Secretaria de Educa\u00e7\u00e3o","isPartOf":{"@id":"https:\/\/www.pmpf.rs.gov.br\/educacao\/#website"},"datePublished":"2023-02-08T20:52:01+00:00","dateModified":"2025-09-01T19:39:30+00:00","inLanguage":"pt-BR","potentialAction":[{"@type":"ReadAction","target":["https:\/\/www.pmpf.rs.gov.br\/educacao\/cardapio-escolar-2023\/"]}]},{"@type":"WebSite","@id":"https:\/\/www.pmpf.rs.gov.br\/educacao\/#website","url":"https:\/\/www.pmpf.rs.gov.br\/educacao\/","name":"Secretaria de Educa\u00e7\u00e3o","description":"Secretaria de Educa\u00e7\u00e3o da cidade de Passo Fundo","potentialAction":[{"@type":"SearchAction","target":{"@type":"EntryPoint","urlTemplate":"https:\/\/www.pmpf.rs.gov.br\/educacao\/?s={search_term_string}"},"query-input":{"@type":"PropertyValueSpecification","valueRequired":true,"valueName":"search_term_string"}}],"inLanguage":"pt-BR"}]}},"_links":{"self":[{"href":"https:\/\/www.pmpf.rs.gov.br\/educacao\/wp-json\/wp\/v2\/pages\/9010"}],"collection":[{"href":"https:\/\/www.pmpf.rs.gov.br\/educacao\/wp-json\/wp\/v2\/pages"}],"about":[{"href":"https:\/\/www.pmpf.rs.gov.br\/educacao\/wp-json\/wp\/v2\/types\/page"}],"author":[{"embeddable":true,"href":"https:\/\/www.pmpf.rs.gov.br\/educacao\/wp-json\/wp\/v2\/users\/4"}],"replies":[{"embeddable":true,"href":"https:\/\/www.pmpf.rs.gov.br\/educacao\/wp-json\/wp\/v2\/comments?post=9010"}],"version-history":[{"count":11,"href":"https:\/\/www.pmpf.rs.gov.br\/educacao\/wp-json\/wp\/v2\/pages\/9010\/revisions"}],"predecessor-version":[{"id":10080,"href":"https:\/\/www.pmpf.rs.gov.br\/educacao\/wp-json\/wp\/v2\/pages\/9010\/revisions\/10080"}],"wp:attachment":[{"href":"https:\/\/www.pmpf.rs.gov.br\/educacao\/wp-json\/wp\/v2\/media?parent=9010"}],"curies":[{"name":"wp","href":"https:\/\/api.w.org\/{rel}","templated":true}]}}